{"id":63005,"date":"2024-10-29T13:25:15","date_gmt":"2024-10-29T16:25:15","guid":{"rendered":"https:\/\/concertacaoamazonia.com.br\/?post_type=estudos&#038;p=63005"},"modified":"2025-01-28T18:22:28","modified_gmt":"2025-01-28T21:22:28","slug":"biodiversidade-compromisso-do-bndes-com-a-natureza","status":"publish","type":"estudos","link":"https:\/\/concertacaoamazonia.com.br\/en\/estudos\/biodiversidade-compromisso-do-bndes-com-a-natureza\/","title":{"rendered":"Biodiversidade: compromisso do BNDES com a natureza"},"content":{"rendered":"\n<p>Lan\u00e7ado no Espa\u00e7o Brasil, na COP16 da Biodiversidade, em Cali (Col\u00f4mbia), este documento evidencia que existem diversas maneiras de financiar a preserva\u00e7\u00e3o da biodiversidade, envolvendo diferentes fontes de recursos p\u00fablicos e privados, variados perfis de clientes e incluindo povos tradicionais e agricultores familiares. Tamb\u00e9m destaca as diferentes oportunidades de atua\u00e7\u00e3o para os governos subnacionais e o importante papel que as institui\u00e7\u00f5es de desenvolvimento podem exercer quando se mobilizam para auxiliar na modelagem e na estrutura\u00e7\u00e3o de projetos para o setor p\u00fablico.<\/p>\n","protected":false},"featured_media":63008,"parent":0,"template":"","veiculo":[1550],"categoria-estudos":[],"ano":[2075],"eixos":[1148,172,174,180,184,598],"class_list":["post-63005","estudos","type-estudos","status-publish","has-post-thumbnail","hentry","veiculo-bndes"],"_links":{"self":[{"href":"https:\/\/concertacaoamazonia.com.br\/en\/wp-json\/wp\/v2\/estudos\/63005","targetHints":{"allow":["GET"]}}],"collection":[{"href":"https:\/\/concertacaoamazonia.com.br\/en\/wp-json\/wp\/v2\/estudos"}],"about":[{"href":"https:\/\/concertacaoamazonia.com.br\/en\/wp-json\/wp\/v2\/types\/estudos"}],"version-history":[{"count":0,"href":"https:\/\/concertacaoamazonia.com.br\/en\/wp-json\/wp\/v2\/estudos\/63005\/revisions"}],"wp:featuredmedia":[{"embeddable":true,"href":"https:\/\/concertacaoamazonia.com.br\/en\/wp-json\/wp\/v2\/media\/63008"}],"wp:attachment":[{"href":"https:\/\/concertacaoamazonia.com.br\/en\/wp-json\/wp\/v2\/media?parent=63005"}],"wp:term":[{"taxonomy":"veiculo","embeddable":true,"href":"https:\/\/concertacaoamazonia.com.br\/en\/wp-json\/wp\/v2\/veiculo?post=63005"},{"taxonomy":"categoria-estudos","embeddable":true,"href":"https:\/\/concertacaoamazonia.com.br\/en\/wp-json\/wp\/v2\/categoria-estudos?post=63005"},{"taxonomy":"ano","embeddable":true,"href":"https:\/\/concertacaoamazonia.com.br\/en\/wp-json\/wp\/v2\/ano?post=63005"},{"taxonomy":"eixos","embeddable":true,"href":"https:\/\/concertacaoamazonia.com.br\/en\/wp-json\/wp\/v2\/eixos?post=63005"}],"curies":[{"name":"wp","href":"https:\/\/api.w.org\/{rel}","templated":true}]}}

<p>Lançado no Espaço Brasil, na COP16 da Biodiversidade, em Cali (Colômbia), este documento evidencia que existem diversas maneiras de financiar a preservação da biodiversidade, envolvendo diferentes fontes de recursos públicos e privados, variados perfis de clientes e incluindo povos tradicionais e agricultores familiares. Também destaca as diferentes oportunidades de atuação para os governos subnacionais e o importante papel que as instituições de desenvolvimento podem exercer quando se mobilizam para auxiliar na modelagem e na estruturação de projetos para o setor público.</p>
