{"id":62750,"date":"2024-10-15T17:08:56","date_gmt":"2024-10-15T20:08:56","guid":{"rendered":"https:\/\/concertacaoamazonia.com.br\/?post_type=estudos&#038;p=62750"},"modified":"2025-01-28T18:22:28","modified_gmt":"2025-01-28T21:22:28","slug":"serie-amazonia-brasileira-vol-6-caminhos-e-desafios-para-a-sustentabilidade-da-pecuaria","status":"publish","type":"estudos","link":"https:\/\/concertacaoamazonia.com.br\/en\/estudos\/serie-amazonia-brasileira-vol-6-caminhos-e-desafios-para-a-sustentabilidade-da-pecuaria\/","title":{"rendered":"S\u00e9rie Amaz\u00f4nia Brasileira Vol. 6: Caminhos e desafios para a sustentabilidade da pecu\u00e1ria"},"content":{"rendered":"\n<p>O Volume 6 da S\u00e9rie Amaz\u00f4nia Brasileira oferece mais uma oportunidade de aprendizado, troca de experi\u00eancias e fomento \u00e0 inova\u00e7\u00e3o socioambiental, abordando os principais desafios, oportunidades e poss\u00edveis caminhos para a constru\u00e7\u00e3o e alcance de uma vis\u00e3o de futuro sustent\u00e1vel para a Amaz\u00f4nia e o Brasil. A conserva\u00e7\u00e3o da Amaz\u00f4nia \u00e9 vista como uma meta poss\u00edvel, mas sua concretiza\u00e7\u00e3o exige a\u00e7\u00f5es que v\u00e3o al\u00e9m dos limites governamentais. O envolvimento da sociedade, da iniciativa privada e de organiza\u00e7\u00f5es n\u00e3o governamentais \u00e9 considerado essencial nesse processo.<\/p>\n\n\n\n<p>Esta edi\u00e7\u00e3o apresenta como a pecu\u00e1ria se tornou uma atividade econ\u00f4mica relevante no pa\u00eds, se espalhando pelo territ\u00f3rio amaz\u00f4nico, gerando impactos e mudan\u00e7as dr\u00e1sticas no uso e ocupa\u00e7\u00e3o do solo, e como o avan\u00e7o do gado sobre a floresta tornou-se o principal fator de perda de biodiversidade e emiss\u00f5es de gases de efeito estufa na maior floresta tropical do planeta.<\/p>\n\n\n\n<p>A partir da publica\u00e7\u00e3o, \u00e9 poss\u00edvel conhecer iniciativas que contribuem para o desenvolvimento da pecu\u00e1ria sustent\u00e1vel na regi\u00e3o e que podem influenciar na evolu\u00e7\u00e3o de pol\u00edticas p\u00fablicas e de estrat\u00e9gias para o cumprimento das metas de elimina\u00e7\u00e3o do desmatamento.<\/p>\n","protected":false},"featured_media":62753,"parent":0,"template":"","veiculo":[2201],"categoria-estudos":[],"ano":[2075],"eixos":[1148,180,176],"class_list":["post-62750","estudos","type-estudos","status-publish","has-post-thumbnail","hentry","veiculo-centro-de-estudos-da-synergia"],"_links":{"self":[{"href":"https:\/\/concertacaoamazonia.com.br\/en\/wp-json\/wp\/v2\/estudos\/62750","targetHints":{"allow":["GET"]}}],"collection":[{"href":"https:\/\/concertacaoamazonia.com.br\/en\/wp-json\/wp\/v2\/estudos"}],"about":[{"href":"https:\/\/concertacaoamazonia.com.br\/en\/wp-json\/wp\/v2\/types\/estudos"}],"version-history":[{"count":0,"href":"https:\/\/concertacaoamazonia.com.br\/en\/wp-json\/wp\/v2\/estudos\/62750\/revisions"}],"wp:featuredmedia":[{"embeddable":true,"href":"https:\/\/concertacaoamazonia.com.br\/en\/wp-json\/wp\/v2\/media\/62753"}],"wp:attachment":[{"href":"https:\/\/concertacaoamazonia.com.br\/en\/wp-json\/wp\/v2\/media?parent=62750"}],"wp:term":[{"taxonomy":"veiculo","embeddable":true,"href":"https:\/\/concertacaoamazonia.com.br\/en\/wp-json\/wp\/v2\/veiculo?post=62750"},{"taxonomy":"categoria-estudos","embeddable":true,"href":"https:\/\/concertacaoamazonia.com.br\/en\/wp-json\/wp\/v2\/categoria-estudos?post=62750"},{"taxonomy":"ano","embeddable":true,"href":"https:\/\/concertacaoamazonia.com.br\/en\/wp-json\/wp\/v2\/ano?post=62750"},{"taxonomy":"eixos","embeddable":true,"href":"https:\/\/concertacaoamazonia.com.br\/en\/wp-json\/wp\/v2\/eixos?post=62750"}],"curies":[{"name":"wp","href":"https:\/\/api.w.org\/{rel}","templated":true}]}}

Série Amazônia Brasileira Vol. 6: Caminhos e desafios para a sustentabilidade da pecuária

<p>O Volume 6 da Série Amazônia Brasileira oferece mais uma oportunidade de aprendizado, troca de experiências e fomento à inovação socioambiental, abordando os principais desafios, oportunidades e possíveis caminhos para a construção e alcance de uma visão de futuro sustentável para a Amazônia e o Brasil. A conservação da Amazônia é vista como uma meta possível, mas sua concretização exige ações que vão além dos limites governamentais. O envolvimento da sociedade, da iniciativa privada e de organizações não governamentais é considerado essencial nesse processo.</p>



<p>Esta edição apresenta como a pecuária se tornou uma atividade econômica relevante no país, se espalhando pelo território amazônico, gerando impactos e mudanças drásticas no uso e ocupação do solo, e como o avanço do gado sobre a floresta tornou-se o principal fator de perda de biodiversidade e emissões de gases de efeito estufa na maior floresta tropical do planeta.</p>



<p>A partir da publicação, é possível conhecer iniciativas que contribuem para o desenvolvimento da pecuária sustentável na região e que podem influenciar na evolução de políticas públicas e de estratégias para o cumprimento das metas de eliminação do desmatamento.</p>
