{"id":59858,"date":"2024-08-19T12:34:40","date_gmt":"2024-08-19T15:34:40","guid":{"rendered":"https:\/\/concertacaoamazonia.com.br\/?post_type=estudos&#038;p=59858"},"modified":"2025-01-28T18:25:15","modified_gmt":"2025-01-28T21:25:15","slug":"oportunidades-e-desafios-para-promover-infraestrutura-sustentavel-resiliente-e-inclusiva-em-regioes-ambientalmente-sensiveis","status":"publish","type":"estudos","link":"https:\/\/concertacaoamazonia.com.br\/en\/estudos\/oportunidades-e-desafios-para-promover-infraestrutura-sustentavel-resiliente-e-inclusiva-em-regioes-ambientalmente-sensiveis\/","title":{"rendered":"Oportunidades e Desafios para Promover Infraestrutura Sustent\u00e1vel, Resiliente e Inclusiva em Regi\u00f5es Ambientalmente Sens\u00edveis"},"content":{"rendered":"\n<p>Nas \u00faltimas d\u00e9cadas, os investimentos em infraestrutura em regi\u00f5es ambientalmente sens\u00edveis \u2013 como o bioma Amaz\u00f4nico, compartilhado por nove pa\u00edses \u2013 t\u00eam frequentemente priorizado megaprojetos, especialmente corredores de transporte para commodities de agroneg\u00f3cio voltadas para exporta\u00e7\u00e3o e minera\u00e7\u00e3o, al\u00e9m de grandes barragens hidrel\u00e9tricas com linhas de transmiss\u00e3o associadas. Tais interven\u00e7\u00f5es t\u00eam contribu\u00eddo para a convers\u00e3o de florestas e outras vegeta\u00e7\u00f5es nativas, emiss\u00f5es associadas de gases de efeito estufa, perda de biodiversidade, conflitos fundi\u00e1rios e migra\u00e7\u00e3o para periferias urbanas que carecem de servi\u00e7os b\u00e1sicos de infraestrutura, falhando em melhorar a qualidade de vida da vasta maioria das popula\u00e7\u00f5es locais. Neste documento \u00e9 argumentado que as institui\u00e7\u00f5es financeiras p\u00fablicas nacionais e multilaterais podem desempenhar pap\u00e9is importantes no apoio ao desenho e implementa\u00e7\u00e3o de caminhos para uma infraestrutura sustent\u00e1vel, resiliente e inclusiva em regi\u00f5es ambientalmente sens\u00edveis, como a Amaz\u00f4nia, incluindo apoio para o planejamento inicial baseado em metodologias inovadoras e participativas.<\/p>\n","protected":false},"featured_media":59863,"parent":0,"template":"","veiculo":[2175,2174],"categoria-estudos":[],"ano":[2075],"eixos":[1148,180,184],"class_list":["post-59858","estudos","type-estudos","status-publish","has-post-thumbnail","hentry","veiculo-g20-brasil","veiculo-t20-brasil"],"_links":{"self":[{"href":"https:\/\/concertacaoamazonia.com.br\/en\/wp-json\/wp\/v2\/estudos\/59858","targetHints":{"allow":["GET"]}}],"collection":[{"href":"https:\/\/concertacaoamazonia.com.br\/en\/wp-json\/wp\/v2\/estudos"}],"about":[{"href":"https:\/\/concertacaoamazonia.com.br\/en\/wp-json\/wp\/v2\/types\/estudos"}],"version-history":[{"count":0,"href":"https:\/\/concertacaoamazonia.com.br\/en\/wp-json\/wp\/v2\/estudos\/59858\/revisions"}],"wp:featuredmedia":[{"embeddable":true,"href":"https:\/\/concertacaoamazonia.com.br\/en\/wp-json\/wp\/v2\/media\/59863"}],"wp:attachment":[{"href":"https:\/\/concertacaoamazonia.com.br\/en\/wp-json\/wp\/v2\/media?parent=59858"}],"wp:term":[{"taxonomy":"veiculo","embeddable":true,"href":"https:\/\/concertacaoamazonia.com.br\/en\/wp-json\/wp\/v2\/veiculo?post=59858"},{"taxonomy":"categoria-estudos","embeddable":true,"href":"https:\/\/concertacaoamazonia.com.br\/en\/wp-json\/wp\/v2\/categoria-estudos?post=59858"},{"taxonomy":"ano","embeddable":true,"href":"https:\/\/concertacaoamazonia.com.br\/en\/wp-json\/wp\/v2\/ano?post=59858"},{"taxonomy":"eixos","embeddable":true,"href":"https:\/\/concertacaoamazonia.com.br\/en\/wp-json\/wp\/v2\/eixos?post=59858"}],"curies":[{"name":"wp","href":"https:\/\/api.w.org\/{rel}","templated":true}]}}

Oportunidades e Desafios para Promover Infraestrutura Sustentável, Resiliente e Inclusiva em Regiões Ambientalmente Sensíveis

<p>Nas últimas décadas, os investimentos em infraestrutura em regiões ambientalmente sensíveis – como o bioma Amazônico, compartilhado por nove países – têm frequentemente priorizado megaprojetos, especialmente corredores de transporte para commodities de agronegócio voltadas para exportação e mineração, além de grandes barragens hidrelétricas com linhas de transmissão associadas. Tais intervenções têm contribuído para a conversão de florestas e outras vegetações nativas, emissões associadas de gases de efeito estufa, perda de biodiversidade, conflitos fundiários e migração para periferias urbanas que carecem de serviços básicos de infraestrutura, falhando em melhorar a qualidade de vida da vasta maioria das populações locais. Neste documento é argumentado que as instituições financeiras públicas nacionais e multilaterais podem desempenhar papéis importantes no apoio ao desenho e implementação de caminhos para uma infraestrutura sustentável, resiliente e inclusiva em regiões ambientalmente sensíveis, como a Amazônia, incluindo apoio para o planejamento inicial baseado em metodologias inovadoras e participativas.</p>
