{"id":58879,"date":"2024-07-18T10:58:03","date_gmt":"2024-07-18T13:58:03","guid":{"rendered":"https:\/\/concertacaoamazonia.com.br\/?post_type=estudos&#038;p=58879"},"modified":"2025-01-28T18:22:28","modified_gmt":"2025-01-28T21:22:28","slug":"serie-amazonia-brasileira-vol-4-perspectivas-territoriais-integradas-e-visao-de-futuro","status":"publish","type":"estudos","link":"https:\/\/concertacaoamazonia.com.br\/en\/estudos\/serie-amazonia-brasileira-vol-4-perspectivas-territoriais-integradas-e-visao-de-futuro\/","title":{"rendered":"S\u00e9rie Amaz\u00f4nia Brasileira Vol. 4: Perspectivas territoriais integradas e vis\u00e3o de futuro"},"content":{"rendered":"\n<p>O objetivo desta iniciativa \u00e9 o aprendizado, a troca de experi\u00eancias e o fomento \u00e0 inova\u00e7\u00e3o socioambiental em torno dos principais desafios, oportunidades e caminhos poss\u00edveis para a constru\u00e7\u00e3o e alcance de uma vis\u00e3o de futuro sustent\u00e1vel para a Amaz\u00f4nia e o Brasil. Seguem a sequ\u00eancia das discuss\u00f5es iniciadas nos tr\u00eas volumes anteriores: &#8220;Panorama 2021, desafios e vis\u00e3o de futuro&#8221;, lan\u00e7ado em outubro de 2021, que posiciona uma vis\u00e3o sobre o territ\u00f3rio amaz\u00f4nico e situa a discuss\u00e3o proposta nos demais volumes da S\u00e9rie; &#8220;Ocupa\u00e7\u00e3o consolidada e arco do desmatamento&#8221;, lan\u00e7ado em fevereiro de 2022, que caracteriza estes territ\u00f3rios amaz\u00f4nicos e debate os vetores centrais no processo hist\u00f3rico de ocupa\u00e7\u00e3o e desmatamento na Amaz\u00f4nia Brasileira; e &#8220;\u00c1rea conservada&#8221;, lan\u00e7ado em junho, que analisa o territ\u00f3rio compreendido pelos munic\u00edpios com baixos \u00edndices de desmatamento somado \u00e0s \u00e1reas protegidas. Neste quarto volume, h\u00e1 discuss\u00e3o de aspectos urbanos das principais cidades do territ\u00f3rio da Amaz\u00f4nia Legal.<\/p>\n","protected":false},"featured_media":58882,"parent":0,"template":"","veiculo":[1472],"categoria-estudos":[],"ano":[2075],"eixos":[1148,178,2013],"class_list":["post-58879","estudos","type-estudos","status-publish","has-post-thumbnail","hentry","veiculo-centro-de-estudos-synergia"],"_links":{"self":[{"href":"https:\/\/concertacaoamazonia.com.br\/en\/wp-json\/wp\/v2\/estudos\/58879","targetHints":{"allow":["GET"]}}],"collection":[{"href":"https:\/\/concertacaoamazonia.com.br\/en\/wp-json\/wp\/v2\/estudos"}],"about":[{"href":"https:\/\/concertacaoamazonia.com.br\/en\/wp-json\/wp\/v2\/types\/estudos"}],"version-history":[{"count":0,"href":"https:\/\/concertacaoamazonia.com.br\/en\/wp-json\/wp\/v2\/estudos\/58879\/revisions"}],"wp:featuredmedia":[{"embeddable":true,"href":"https:\/\/concertacaoamazonia.com.br\/en\/wp-json\/wp\/v2\/media\/58882"}],"wp:attachment":[{"href":"https:\/\/concertacaoamazonia.com.br\/en\/wp-json\/wp\/v2\/media?parent=58879"}],"wp:term":[{"taxonomy":"veiculo","embeddable":true,"href":"https:\/\/concertacaoamazonia.com.br\/en\/wp-json\/wp\/v2\/veiculo?post=58879"},{"taxonomy":"categoria-estudos","embeddable":true,"href":"https:\/\/concertacaoamazonia.com.br\/en\/wp-json\/wp\/v2\/categoria-estudos?post=58879"},{"taxonomy":"ano","embeddable":true,"href":"https:\/\/concertacaoamazonia.com.br\/en\/wp-json\/wp\/v2\/ano?post=58879"},{"taxonomy":"eixos","embeddable":true,"href":"https:\/\/concertacaoamazonia.com.br\/en\/wp-json\/wp\/v2\/eixos?post=58879"}],"curies":[{"name":"wp","href":"https:\/\/api.w.org\/{rel}","templated":true}]}}

Série Amazônia Brasileira Vol. 4: Perspectivas territoriais integradas e visão de futuro

<p>O objetivo desta iniciativa é o aprendizado, a troca de experiências e o fomento à inovação socioambiental em torno dos principais desafios, oportunidades e caminhos possíveis para a construção e alcance de uma visão de futuro sustentável para a Amazônia e o Brasil. Seguem a sequência das discussões iniciadas nos três volumes anteriores: &#8220;Panorama 2021, desafios e visão de futuro&#8221;, lançado em outubro de 2021, que posiciona uma visão sobre o território amazônico e situa a discussão proposta nos demais volumes da Série; &#8220;Ocupação consolidada e arco do desmatamento&#8221;, lançado em fevereiro de 2022, que caracteriza estes territórios amazônicos e debate os vetores centrais no processo histórico de ocupação e desmatamento na Amazônia Brasileira; e &#8220;Área conservada&#8221;, lançado em junho, que analisa o território compreendido pelos municípios com baixos índices de desmatamento somado às áreas protegidas. Neste quarto volume, há discussão de aspectos urbanos das principais cidades do território da Amazônia Legal.</p>
