{"id":58719,"date":"2024-07-12T12:55:28","date_gmt":"2024-07-12T15:55:28","guid":{"rendered":"https:\/\/concertacaoamazonia.com.br\/?post_type=estudos&#038;p=58719"},"modified":"2025-01-28T18:22:28","modified_gmt":"2025-01-28T21:22:28","slug":"coletanea-de-experiencias-de-tecnologia-social-na-amazonia","status":"publish","type":"estudos","link":"https:\/\/concertacaoamazonia.com.br\/en\/estudos\/coletanea-de-experiencias-de-tecnologia-social-na-amazonia\/","title":{"rendered":"Colet\u00e2nea de experi\u00eancias de tecnologia social na Amaz\u00f4nia"},"content":{"rendered":"\n<p>A Colet\u00e2nea de Experi\u00eancias de Tecnologia Social na Amaz\u00f4nia re\u00fane 100 iniciativas que colaboram para dar visibilidade e incentivar di\u00e1logos no campo da Tecnologia Social (TS) na Amaz\u00f4nia. Esta colet\u00e2nea \u00e9 resultado de dois anos de intera\u00e7\u00f5es em torno do Programa de Tecnologias Sociais Sustent\u00e1veis para a Amaz\u00f4nia \u2013 Agenda 2030, lan\u00e7ado pelo Minist\u00e9rio da Ci\u00eancia, Tecnologia e Inova\u00e7\u00e3o (MCTI) para promover a tecnologia social como estrat\u00e9gia de desenvolvimento tecnol\u00f3gico para a regi\u00e3o amaz\u00f4nica, considerando o protagonismo social, a valoriza\u00e7\u00e3o da cultura, o uso sustent\u00e1vel de recursos naturais e as rela\u00e7\u00f5es de solidariedade no ambiente produtivo.&nbsp;<\/p>\n","protected":false},"featured_media":58722,"parent":0,"template":"","veiculo":[2151,2150,2149],"categoria-estudos":[],"ano":[2075],"eixos":[1148,187,178,177],"class_list":["post-58719","estudos","type-estudos","status-publish","has-post-thumbnail","hentry","veiculo-instituto-de-desenvolvimento-sustentavel-mamiraua","veiculo-instituto-nacional-de-pesquisas-da-amazonia","veiculo-museu-goeldi"],"_links":{"self":[{"href":"https:\/\/concertacaoamazonia.com.br\/en\/wp-json\/wp\/v2\/estudos\/58719","targetHints":{"allow":["GET"]}}],"collection":[{"href":"https:\/\/concertacaoamazonia.com.br\/en\/wp-json\/wp\/v2\/estudos"}],"about":[{"href":"https:\/\/concertacaoamazonia.com.br\/en\/wp-json\/wp\/v2\/types\/estudos"}],"version-history":[{"count":0,"href":"https:\/\/concertacaoamazonia.com.br\/en\/wp-json\/wp\/v2\/estudos\/58719\/revisions"}],"wp:featuredmedia":[{"embeddable":true,"href":"https:\/\/concertacaoamazonia.com.br\/en\/wp-json\/wp\/v2\/media\/58722"}],"wp:attachment":[{"href":"https:\/\/concertacaoamazonia.com.br\/en\/wp-json\/wp\/v2\/media?parent=58719"}],"wp:term":[{"taxonomy":"veiculo","embeddable":true,"href":"https:\/\/concertacaoamazonia.com.br\/en\/wp-json\/wp\/v2\/veiculo?post=58719"},{"taxonomy":"categoria-estudos","embeddable":true,"href":"https:\/\/concertacaoamazonia.com.br\/en\/wp-json\/wp\/v2\/categoria-estudos?post=58719"},{"taxonomy":"ano","embeddable":true,"href":"https:\/\/concertacaoamazonia.com.br\/en\/wp-json\/wp\/v2\/ano?post=58719"},{"taxonomy":"eixos","embeddable":true,"href":"https:\/\/concertacaoamazonia.com.br\/en\/wp-json\/wp\/v2\/eixos?post=58719"}],"curies":[{"name":"wp","href":"https:\/\/api.w.org\/{rel}","templated":true}]}}

Coletânea de experiências de tecnologia social na Amazônia

<p>A Coletânea de Experiências de Tecnologia Social na Amazônia reúne 100 iniciativas que colaboram para dar visibilidade e incentivar diálogos no campo da Tecnologia Social (TS) na Amazônia. Esta coletânea é resultado de dois anos de interações em torno do Programa de Tecnologias Sociais Sustentáveis para a Amazônia – Agenda 2030, lançado pelo Ministério da Ciência, Tecnologia e Inovação (MCTI) para promover a tecnologia social como estratégia de desenvolvimento tecnológico para a região amazônica, considerando o protagonismo social, a valorização da cultura, o uso sustentável de recursos naturais e as relações de solidariedade no ambiente produtivo.&nbsp;</p>
