{"id":58193,"date":"2024-06-24T16:29:15","date_gmt":"2024-06-24T19:29:15","guid":{"rendered":"https:\/\/concertacaoamazonia.com.br\/?post_type=estudos&#038;p=58193"},"modified":"2025-01-28T18:25:15","modified_gmt":"2025-01-28T21:25:15","slug":"bioeconomia-para-quem","status":"publish","type":"estudos","link":"https:\/\/concertacaoamazonia.com.br\/en\/estudos\/bioeconomia-para-quem\/","title":{"rendered":"Bioeconomia Para Quem?"},"content":{"rendered":"\n<p>A argumenta\u00e7\u00e3o desta obra j\u00e1 se inicia no t\u00edtulo, com a veemente e bem-vinda pergunta: Bioeconomia Para Quem? As respostas desdobram-se em doze robustos ensaios produzidos por trinta e dois autores de institui\u00e7\u00f5es acad\u00eamicas e de pesquisa sediadas no Norte, Nordeste e Sudeste do Brasil. A publica\u00e7\u00e3o coletiva mostra uma nova pauta de discuss\u00f5es voltadas, em sua maioria, para quest\u00f5es nem sempre adequadamente aprofundadas. O que se observa, na Amaz\u00f4nia contempor\u00e2nea, \u00e9 que o combate ao desmatamento \u00e9 um problema que, aos trancos e barrancos, vem sendo equacionado e levado \u00e0 pr\u00e1tica. Os \u00edndices, alarmantes, come\u00e7am a ser revertidos. Agora, al\u00e9m dos produtos da floresta e seu com\u00e9rcio, que apresentam assimetrias j\u00e1 comentadas, busca-se o restauro florestal, as iniciativas de adapta\u00e7\u00e3o clim\u00e1tica, a regenera\u00e7\u00e3o das terras degradadas e uma extensa pauta reformadora. \u00c9 uma agenda enorme, mas compat\u00edvel com a enormidade da pr\u00f3pria Amaz\u00f4nia.<\/p>\n","protected":false},"featured_media":58196,"parent":0,"template":"","veiculo":[2140,2141,2142,2060],"categoria-estudos":[],"ano":[2075],"eixos":[1148,604,187],"class_list":["post-58193","estudos","type-estudos","status-publish","has-post-thumbnail","hentry","veiculo-fea-usp","veiculo-inpa","veiculo-instituto-peabiru","veiculo-ufpa"],"_links":{"self":[{"href":"https:\/\/concertacaoamazonia.com.br\/en\/wp-json\/wp\/v2\/estudos\/58193","targetHints":{"allow":["GET"]}}],"collection":[{"href":"https:\/\/concertacaoamazonia.com.br\/en\/wp-json\/wp\/v2\/estudos"}],"about":[{"href":"https:\/\/concertacaoamazonia.com.br\/en\/wp-json\/wp\/v2\/types\/estudos"}],"version-history":[{"count":0,"href":"https:\/\/concertacaoamazonia.com.br\/en\/wp-json\/wp\/v2\/estudos\/58193\/revisions"}],"wp:featuredmedia":[{"embeddable":true,"href":"https:\/\/concertacaoamazonia.com.br\/en\/wp-json\/wp\/v2\/media\/58196"}],"wp:attachment":[{"href":"https:\/\/concertacaoamazonia.com.br\/en\/wp-json\/wp\/v2\/media?parent=58193"}],"wp:term":[{"taxonomy":"veiculo","embeddable":true,"href":"https:\/\/concertacaoamazonia.com.br\/en\/wp-json\/wp\/v2\/veiculo?post=58193"},{"taxonomy":"categoria-estudos","embeddable":true,"href":"https:\/\/concertacaoamazonia.com.br\/en\/wp-json\/wp\/v2\/categoria-estudos?post=58193"},{"taxonomy":"ano","embeddable":true,"href":"https:\/\/concertacaoamazonia.com.br\/en\/wp-json\/wp\/v2\/ano?post=58193"},{"taxonomy":"eixos","embeddable":true,"href":"https:\/\/concertacaoamazonia.com.br\/en\/wp-json\/wp\/v2\/eixos?post=58193"}],"curies":[{"name":"wp","href":"https:\/\/api.w.org\/{rel}","templated":true}]}}

<p>A argumentação desta obra já se inicia no título, com a veemente e bem-vinda pergunta: Bioeconomia Para Quem? As respostas desdobram-se em doze robustos ensaios produzidos por trinta e dois autores de instituições acadêmicas e de pesquisa sediadas no Norte, Nordeste e Sudeste do Brasil. A publicação coletiva mostra uma nova pauta de discussões voltadas, em sua maioria, para questões nem sempre adequadamente aprofundadas. O que se observa, na Amazônia contemporânea, é que o combate ao desmatamento é um problema que, aos trancos e barrancos, vem sendo equacionado e levado à prática. Os índices, alarmantes, começam a ser revertidos. Agora, além dos produtos da floresta e seu comércio, que apresentam assimetrias já comentadas, busca-se o restauro florestal, as iniciativas de adaptação climática, a regeneração das terras degradadas e uma extensa pauta reformadora. É uma agenda enorme, mas compatível com a enormidade da própria Amazônia.</p>
