{"id":5596,"date":"2021-11-06T16:34:02","date_gmt":"2021-11-06T19:34:02","guid":{"rendered":"https:\/\/concertacaoamazonia.com.br\/estudos\/beyond-deforestation-carbon-emissions-from-land-grabbing-and-forest-degradation-in-the-brazilian-amazon-2\/"},"modified":"2025-01-28T18:38:54","modified_gmt":"2025-01-28T21:38:54","slug":"beyond-deforestation-carbon-emissions-from-land-grabbing-and-forest-degradation-in-the-brazilian-amazon-2","status":"publish","type":"estudos","link":"https:\/\/concertacaoamazonia.com.br\/en\/estudos\/beyond-deforestation-carbon-emissions-from-land-grabbing-and-forest-degradation-in-the-brazilian-amazon-2\/","title":{"rendered":"Beyond Deforestation: Carbon Emissions From Land Grabbing and Forest Degradation in the Brazilian Amazon"},"content":{"rendered":"<p>O estudo aponta que quest\u00f5es fundi\u00e1rias t\u00eam um papel decisivo nas perdas de carbono. O desmatamento ilegal e a grilagem de terras em Florestas P\u00fablicas n\u00e3o Destinadas s\u00e3o cada vez mais importantes drivers das emiss\u00f5es de carbono florestal da Amaz\u00f4nia.<\/p>\n","protected":false},"featured_media":26367,"parent":0,"template":"","veiculo":[804],"categoria-estudos":[],"ano":[988],"eixos":[1102,1148,185,172,180,184,175,1150,1152,1086,1154,1162],"class_list":["post-5596","estudos","type-estudos","status-publish","has-post-thumbnail","hentry","veiculo-ipam"],"_links":{"self":[{"href":"https:\/\/concertacaoamazonia.com.br\/en\/wp-json\/wp\/v2\/estudos\/5596","targetHints":{"allow":["GET"]}}],"collection":[{"href":"https:\/\/concertacaoamazonia.com.br\/en\/wp-json\/wp\/v2\/estudos"}],"about":[{"href":"https:\/\/concertacaoamazonia.com.br\/en\/wp-json\/wp\/v2\/types\/estudos"}],"version-history":[{"count":0,"href":"https:\/\/concertacaoamazonia.com.br\/en\/wp-json\/wp\/v2\/estudos\/5596\/revisions"}],"wp:featuredmedia":[{"embeddable":true,"href":"https:\/\/concertacaoamazonia.com.br\/en\/wp-json\/wp\/v2\/media\/26367"}],"wp:attachment":[{"href":"https:\/\/concertacaoamazonia.com.br\/en\/wp-json\/wp\/v2\/media?parent=5596"}],"wp:term":[{"taxonomy":"veiculo","embeddable":true,"href":"https:\/\/concertacaoamazonia.com.br\/en\/wp-json\/wp\/v2\/veiculo?post=5596"},{"taxonomy":"categoria-estudos","embeddable":true,"href":"https:\/\/concertacaoamazonia.com.br\/en\/wp-json\/wp\/v2\/categoria-estudos?post=5596"},{"taxonomy":"ano","embeddable":true,"href":"https:\/\/concertacaoamazonia.com.br\/en\/wp-json\/wp\/v2\/ano?post=5596"},{"taxonomy":"eixos","embeddable":true,"href":"https:\/\/concertacaoamazonia.com.br\/en\/wp-json\/wp\/v2\/eixos?post=5596"}],"curies":[{"name":"wp","href":"https:\/\/api.w.org\/{rel}","templated":true}]}}

<p>O estudo aponta que questões fundiárias têm um papel decisivo nas perdas de carbono. O desmatamento ilegal e a grilagem de terras em Florestas Públicas não Destinadas são cada vez mais importantes drivers das emissões de carbono florestal da Amazônia.</p>
