{"id":5594,"date":"2021-11-06T16:34:02","date_gmt":"2021-11-06T19:34:02","guid":{"rendered":"https:\/\/concertacaoamazonia.com.br\/estudos\/oportunidades-para-o-desenvolvimento-de-programa-de-pagamentos-por-servicos-ambientais-em-apui-am-2\/"},"modified":"2025-01-28T18:38:54","modified_gmt":"2025-01-28T21:38:54","slug":"oportunidades-para-o-desenvolvimento-de-programa-de-pagamentos-por-servicos-ambientais-em-apui-am-2","status":"publish","type":"estudos","link":"https:\/\/concertacaoamazonia.com.br\/en\/estudos\/oportunidades-para-o-desenvolvimento-de-programa-de-pagamentos-por-servicos-ambientais-em-apui-am-2\/","title":{"rendered":"Oportunidades para o Desenvolvimento de Programa de Pagamentos por Servi\u00e7os Ambientais em Apu\u00ed\/AM"},"content":{"rendered":"<p>Como parte da proposta de desenvolvimento do Sistema Estadual de REDD+ do Amazonas (SisREDD+ AM), atrelado \u00e0 implementa\u00e7\u00e3o da Lei Estadual de Servi\u00e7os Ambientais (Lei n. 4.266\/2015), este relat\u00f3rio pretende apresentar uma proposta para o desenvolvimento de um Programa de Servi\u00e7os Ambientais (PSA) para Apu\u00ed\/AM, atrelado ao fomento a cadeias produtivas sustent\u00e1veis e visando reduzir o desmatamento e as emiss\u00f5es de Gases de Efeito Estufa associadas.<\/p>\n","protected":false},"featured_media":26361,"parent":0,"template":"","veiculo":[806],"categoria-estudos":[],"ano":[1212],"eixos":[1088,1092,1096,1116,1120,1124,1148,185,604,174,180,184,176,175,1150,1154,1160,1166],"class_list":["post-5594","estudos","type-estudos","status-publish","has-post-thumbnail","hentry","veiculo-idesam"],"_links":{"self":[{"href":"https:\/\/concertacaoamazonia.com.br\/en\/wp-json\/wp\/v2\/estudos\/5594","targetHints":{"allow":["GET"]}}],"collection":[{"href":"https:\/\/concertacaoamazonia.com.br\/en\/wp-json\/wp\/v2\/estudos"}],"about":[{"href":"https:\/\/concertacaoamazonia.com.br\/en\/wp-json\/wp\/v2\/types\/estudos"}],"version-history":[{"count":0,"href":"https:\/\/concertacaoamazonia.com.br\/en\/wp-json\/wp\/v2\/estudos\/5594\/revisions"}],"wp:featuredmedia":[{"embeddable":true,"href":"https:\/\/concertacaoamazonia.com.br\/en\/wp-json\/wp\/v2\/media\/26361"}],"wp:attachment":[{"href":"https:\/\/concertacaoamazonia.com.br\/en\/wp-json\/wp\/v2\/media?parent=5594"}],"wp:term":[{"taxonomy":"veiculo","embeddable":true,"href":"https:\/\/concertacaoamazonia.com.br\/en\/wp-json\/wp\/v2\/veiculo?post=5594"},{"taxonomy":"categoria-estudos","embeddable":true,"href":"https:\/\/concertacaoamazonia.com.br\/en\/wp-json\/wp\/v2\/categoria-estudos?post=5594"},{"taxonomy":"ano","embeddable":true,"href":"https:\/\/concertacaoamazonia.com.br\/en\/wp-json\/wp\/v2\/ano?post=5594"},{"taxonomy":"eixos","embeddable":true,"href":"https:\/\/concertacaoamazonia.com.br\/en\/wp-json\/wp\/v2\/eixos?post=5594"}],"curies":[{"name":"wp","href":"https:\/\/api.w.org\/{rel}","templated":true}]}}

Oportunidades para o Desenvolvimento de Programa de Pagamentos por Serviços Ambientais em Apuí/AM

<p>Como parte da proposta de desenvolvimento do Sistema Estadual de REDD+ do Amazonas (SisREDD+ AM), atrelado à implementação da Lei Estadual de Serviços Ambientais (Lei n. 4.266/2015), este relatório pretende apresentar uma proposta para o desenvolvimento de um Programa de Serviços Ambientais (PSA) para Apuí/AM, atrelado ao fomento a cadeias produtivas sustentáveis e visando reduzir o desmatamento e as emissões de Gases de Efeito Estufa associadas.</p>
