{"id":5590,"date":"2021-11-06T16:34:02","date_gmt":"2021-11-06T19:34:02","guid":{"rendered":"https:\/\/concertacaoamazonia.com.br\/estudos\/br-319-como-propulsora-de-desmatamento-simulando-o-impacto-da-rodovia-2\/"},"modified":"2025-01-28T18:38:54","modified_gmt":"2025-01-28T21:38:54","slug":"br-319-como-propulsora-de-desmatamento-simulando-o-impacto-da-rodovia-2","status":"publish","type":"estudos","link":"https:\/\/concertacaoamazonia.com.br\/en\/estudos\/br-319-como-propulsora-de-desmatamento-simulando-o-impacto-da-rodovia-2\/","title":{"rendered":"BR-319 como propulsora de desmatamento: simulando o impacto da rodovia"},"content":{"rendered":"<p>A rodovia BR-319, que liga Rond\u00f4nia \u00e0 Amaz\u00f4nia central, d\u00e1 aos desmatadores acesso a vastas \u00e1reas da floresta amaz\u00f4nica. At\u00e9 agora, o desmatamento da amaz\u00f4nia brasileira esteve quase inteiramente confinado \u00e0 faixa nas bordas sul e leste da floresta, conhecida como o \u201carco do desmatamento\u201d. O presente estudo representa uma parte do impacto esperado da BR-319 e simula o desmatamento ao longo da rota da rodovia na \u00e1rea entre os rios Madeira e Purus e no bloco de floresta ao oeste do rio Purus que seria aberto por estradas estaduais planejadas.<\/p>\n","protected":false},"featured_media":26355,"parent":0,"template":"","veiculo":[806],"categoria-estudos":[],"ano":[1209],"eixos":[1116,1122,1148,172,182,175,598,177,1086,1172],"class_list":["post-5590","estudos","type-estudos","status-publish","has-post-thumbnail","hentry","veiculo-idesam"],"_links":{"self":[{"href":"https:\/\/concertacaoamazonia.com.br\/en\/wp-json\/wp\/v2\/estudos\/5590","targetHints":{"allow":["GET"]}}],"collection":[{"href":"https:\/\/concertacaoamazonia.com.br\/en\/wp-json\/wp\/v2\/estudos"}],"about":[{"href":"https:\/\/concertacaoamazonia.com.br\/en\/wp-json\/wp\/v2\/types\/estudos"}],"version-history":[{"count":0,"href":"https:\/\/concertacaoamazonia.com.br\/en\/wp-json\/wp\/v2\/estudos\/5590\/revisions"}],"wp:featuredmedia":[{"embeddable":true,"href":"https:\/\/concertacaoamazonia.com.br\/en\/wp-json\/wp\/v2\/media\/26355"}],"wp:attachment":[{"href":"https:\/\/concertacaoamazonia.com.br\/en\/wp-json\/wp\/v2\/media?parent=5590"}],"wp:term":[{"taxonomy":"veiculo","embeddable":true,"href":"https:\/\/concertacaoamazonia.com.br\/en\/wp-json\/wp\/v2\/veiculo?post=5590"},{"taxonomy":"categoria-estudos","embeddable":true,"href":"https:\/\/concertacaoamazonia.com.br\/en\/wp-json\/wp\/v2\/categoria-estudos?post=5590"},{"taxonomy":"ano","embeddable":true,"href":"https:\/\/concertacaoamazonia.com.br\/en\/wp-json\/wp\/v2\/ano?post=5590"},{"taxonomy":"eixos","embeddable":true,"href":"https:\/\/concertacaoamazonia.com.br\/en\/wp-json\/wp\/v2\/eixos?post=5590"}],"curies":[{"name":"wp","href":"https:\/\/api.w.org\/{rel}","templated":true}]}}

<p>A rodovia BR-319, que liga Rondônia à Amazônia central, dá aos desmatadores acesso a vastas áreas da floresta amazônica. Até agora, o desmatamento da amazônia brasileira esteve quase inteiramente confinado à faixa nas bordas sul e leste da floresta, conhecida como o “arco do desmatamento”. O presente estudo representa uma parte do impacto esperado da BR-319 e simula o desmatamento ao longo da rota da rodovia na área entre os rios Madeira e Purus e no bloco de floresta ao oeste do rio Purus que seria aberto por estradas estaduais planejadas.</p>
