{"id":5589,"date":"2021-11-06T16:34:02","date_gmt":"2021-11-06T19:34:02","guid":{"rendered":"https:\/\/concertacaoamazonia.com.br\/estudos\/analise-de-implementacao-de-ucs-sob-influencia-da-rodovia-br-319-2\/"},"modified":"2025-01-28T18:38:54","modified_gmt":"2025-01-28T21:38:54","slug":"analise-de-implementacao-de-ucs-sob-influencia-da-rodovia-br-319-2","status":"publish","type":"estudos","link":"https:\/\/concertacaoamazonia.com.br\/en\/estudos\/analise-de-implementacao-de-ucs-sob-influencia-da-rodovia-br-319-2\/","title":{"rendered":"An\u00e1lise de Implementa\u00e7\u00e3o de UCs sob Influ\u00eancia da Rodovia BR-319"},"content":{"rendered":"<p>O estudo \u2013 que traz um hist\u00f3rico da constru\u00e7\u00e3o da rodovia e o status de implementa\u00e7\u00e3o das unidades de conserva\u00e7\u00e3o em sua \u00e1rea de influ\u00eancia \u2013 tem como objetivos sistematizar informa\u00e7\u00f5es sobre a situa\u00e7\u00e3o de gest\u00e3o e governan\u00e7a das UCs e apoiar o processo decis\u00f3rio de investimentos financeiros, fortalecimento de gest\u00e3o e de mitiga\u00e7\u00e3o das UCs diante do processo de licenciamento ambiental da BR-319.<\/p>\n","protected":false},"featured_media":26353,"parent":0,"template":"","veiculo":[806],"categoria-estudos":[],"ano":[1209],"eixos":[1088,1094,1098,1148,172,182,180,175,177,1154,1172,1162],"class_list":["post-5589","estudos","type-estudos","status-publish","has-post-thumbnail","hentry","veiculo-idesam"],"_links":{"self":[{"href":"https:\/\/concertacaoamazonia.com.br\/en\/wp-json\/wp\/v2\/estudos\/5589","targetHints":{"allow":["GET"]}}],"collection":[{"href":"https:\/\/concertacaoamazonia.com.br\/en\/wp-json\/wp\/v2\/estudos"}],"about":[{"href":"https:\/\/concertacaoamazonia.com.br\/en\/wp-json\/wp\/v2\/types\/estudos"}],"version-history":[{"count":0,"href":"https:\/\/concertacaoamazonia.com.br\/en\/wp-json\/wp\/v2\/estudos\/5589\/revisions"}],"wp:featuredmedia":[{"embeddable":true,"href":"https:\/\/concertacaoamazonia.com.br\/en\/wp-json\/wp\/v2\/media\/26353"}],"wp:attachment":[{"href":"https:\/\/concertacaoamazonia.com.br\/en\/wp-json\/wp\/v2\/media?parent=5589"}],"wp:term":[{"taxonomy":"veiculo","embeddable":true,"href":"https:\/\/concertacaoamazonia.com.br\/en\/wp-json\/wp\/v2\/veiculo?post=5589"},{"taxonomy":"categoria-estudos","embeddable":true,"href":"https:\/\/concertacaoamazonia.com.br\/en\/wp-json\/wp\/v2\/categoria-estudos?post=5589"},{"taxonomy":"ano","embeddable":true,"href":"https:\/\/concertacaoamazonia.com.br\/en\/wp-json\/wp\/v2\/ano?post=5589"},{"taxonomy":"eixos","embeddable":true,"href":"https:\/\/concertacaoamazonia.com.br\/en\/wp-json\/wp\/v2\/eixos?post=5589"}],"curies":[{"name":"wp","href":"https:\/\/api.w.org\/{rel}","templated":true}]}}

Análise de Implementação de UCs sob Influência da Rodovia BR-319

<p>O estudo – que traz um histórico da construção da rodovia e o status de implementação das unidades de conservação em sua área de influência – tem como objetivos sistematizar informações sobre a situação de gestão e governança das UCs e apoiar o processo decisório de investimentos financeiros, fortalecimento de gestão e de mitigação das UCs diante do processo de licenciamento ambiental da BR-319.</p>
