{"id":5586,"date":"2021-11-06T16:34:02","date_gmt":"2021-11-06T19:34:02","guid":{"rendered":"https:\/\/concertacaoamazonia.com.br\/estudos\/conservacao-na-amazonia-a-percepcao-dos-brasileiros-3\/"},"modified":"2025-01-28T18:38:54","modified_gmt":"2025-01-28T21:38:54","slug":"conservacao-na-amazonia-a-percepcao-dos-brasileiros-3","status":"publish","type":"estudos","link":"https:\/\/concertacaoamazonia.com.br\/en\/estudos\/conservacao-na-amazonia-a-percepcao-dos-brasileiros-3\/","title":{"rendered":"Conserva\u00e7\u00e3o na Amaz\u00f4nia: a percep\u00e7\u00e3o dos brasileiros"},"content":{"rendered":"<p>O estudo levanta dados sobre a percep\u00e7\u00e3o da popula\u00e7\u00e3o acerca de quest\u00f5es ambientais como desmatamento e a import\u00e2ncia da Amaz\u00f4nia para o Brasil e o planeta.<\/p>\n","protected":false},"featured_media":26349,"parent":0,"template":"","veiculo":[804],"categoria-estudos":[],"ano":[988],"eixos":[1148,183,178,180,184,177,1150,1086,1154,1156,1170],"class_list":["post-5586","estudos","type-estudos","status-publish","has-post-thumbnail","hentry","veiculo-ipam"],"_links":{"self":[{"href":"https:\/\/concertacaoamazonia.com.br\/en\/wp-json\/wp\/v2\/estudos\/5586","targetHints":{"allow":["GET"]}}],"collection":[{"href":"https:\/\/concertacaoamazonia.com.br\/en\/wp-json\/wp\/v2\/estudos"}],"about":[{"href":"https:\/\/concertacaoamazonia.com.br\/en\/wp-json\/wp\/v2\/types\/estudos"}],"version-history":[{"count":0,"href":"https:\/\/concertacaoamazonia.com.br\/en\/wp-json\/wp\/v2\/estudos\/5586\/revisions"}],"wp:featuredmedia":[{"embeddable":true,"href":"https:\/\/concertacaoamazonia.com.br\/en\/wp-json\/wp\/v2\/media\/26349"}],"wp:attachment":[{"href":"https:\/\/concertacaoamazonia.com.br\/en\/wp-json\/wp\/v2\/media?parent=5586"}],"wp:term":[{"taxonomy":"veiculo","embeddable":true,"href":"https:\/\/concertacaoamazonia.com.br\/en\/wp-json\/wp\/v2\/veiculo?post=5586"},{"taxonomy":"categoria-estudos","embeddable":true,"href":"https:\/\/concertacaoamazonia.com.br\/en\/wp-json\/wp\/v2\/categoria-estudos?post=5586"},{"taxonomy":"ano","embeddable":true,"href":"https:\/\/concertacaoamazonia.com.br\/en\/wp-json\/wp\/v2\/ano?post=5586"},{"taxonomy":"eixos","embeddable":true,"href":"https:\/\/concertacaoamazonia.com.br\/en\/wp-json\/wp\/v2\/eixos?post=5586"}],"curies":[{"name":"wp","href":"https:\/\/api.w.org\/{rel}","templated":true}]}}

Conservação na Amazônia: a percepção dos brasileiros

<p>O estudo levanta dados sobre a percepção da população acerca de questões ambientais como desmatamento e a importância da Amazônia para o Brasil e o planeta.</p>
