{"id":5585,"date":"2021-11-06T16:34:02","date_gmt":"2021-11-06T19:34:02","guid":{"rendered":"https:\/\/concertacaoamazonia.com.br\/estudos\/oportunidades-dos-servicos-ambientais-para-as-cadeias-produtivas-florestais-do-amazonas-2\/"},"modified":"2025-01-28T18:38:54","modified_gmt":"2025-01-28T21:38:54","slug":"oportunidades-dos-servicos-ambientais-para-as-cadeias-produtivas-florestais-do-amazonas-2","status":"publish","type":"estudos","link":"https:\/\/concertacaoamazonia.com.br\/en\/estudos\/oportunidades-dos-servicos-ambientais-para-as-cadeias-produtivas-florestais-do-amazonas-2\/","title":{"rendered":"Oportunidades dos Servi\u00e7os Ambientais para as cadeias produtivas florestais do Amazonas"},"content":{"rendered":"<p>O objetivo deste estudo \u00e9 explorar oportunidades e mecanismos de financiamento complementares que possibilitem a continuidade das atividades desenvolvidas pelo Projeto Cidades Florestais a m\u00e9dio e longo prazo, consolidando as cadeias florestais junto as comunidades apoiadas pelo projeto. Para tanto, o IDESAM buscou desenvolver um modelo de monitoramento que possibilite estimar o potencial da gera\u00e7\u00e3o de servi\u00e7os ambientais atrav\u00e9s das redu\u00e7\u00f5es de emiss\u00f5es de Gases de Efeito Estufa (GEEs), geradas pelas atividades do projeto.<\/p>\n","protected":false},"featured_media":26347,"parent":0,"template":"","veiculo":[806],"categoria-estudos":[],"ano":[988],"eixos":[1088,1092,1096,1116,1120,1124,1130,1134,1138,1148,185,604,180,184,177,1150,1086,1154,1160,1166],"class_list":["post-5585","estudos","type-estudos","status-publish","has-post-thumbnail","hentry","veiculo-idesam"],"_links":{"self":[{"href":"https:\/\/concertacaoamazonia.com.br\/en\/wp-json\/wp\/v2\/estudos\/5585","targetHints":{"allow":["GET"]}}],"collection":[{"href":"https:\/\/concertacaoamazonia.com.br\/en\/wp-json\/wp\/v2\/estudos"}],"about":[{"href":"https:\/\/concertacaoamazonia.com.br\/en\/wp-json\/wp\/v2\/types\/estudos"}],"version-history":[{"count":0,"href":"https:\/\/concertacaoamazonia.com.br\/en\/wp-json\/wp\/v2\/estudos\/5585\/revisions"}],"wp:featuredmedia":[{"embeddable":true,"href":"https:\/\/concertacaoamazonia.com.br\/en\/wp-json\/wp\/v2\/media\/26347"}],"wp:attachment":[{"href":"https:\/\/concertacaoamazonia.com.br\/en\/wp-json\/wp\/v2\/media?parent=5585"}],"wp:term":[{"taxonomy":"veiculo","embeddable":true,"href":"https:\/\/concertacaoamazonia.com.br\/en\/wp-json\/wp\/v2\/veiculo?post=5585"},{"taxonomy":"categoria-estudos","embeddable":true,"href":"https:\/\/concertacaoamazonia.com.br\/en\/wp-json\/wp\/v2\/categoria-estudos?post=5585"},{"taxonomy":"ano","embeddable":true,"href":"https:\/\/concertacaoamazonia.com.br\/en\/wp-json\/wp\/v2\/ano?post=5585"},{"taxonomy":"eixos","embeddable":true,"href":"https:\/\/concertacaoamazonia.com.br\/en\/wp-json\/wp\/v2\/eixos?post=5585"}],"curies":[{"name":"wp","href":"https:\/\/api.w.org\/{rel}","templated":true}]}}

Oportunidades dos Serviços Ambientais para as cadeias produtivas florestais do Amazonas

<p>O objetivo deste estudo é explorar oportunidades e mecanismos de financiamento complementares que possibilitem a continuidade das atividades desenvolvidas pelo Projeto Cidades Florestais a médio e longo prazo, consolidando as cadeias florestais junto as comunidades apoiadas pelo projeto. Para tanto, o IDESAM buscou desenvolver um modelo de monitoramento que possibilite estimar o potencial da geração de serviços ambientais através das reduções de emissões de Gases de Efeito Estufa (GEEs), geradas pelas atividades do projeto.</p>
