{"id":5582,"date":"2021-11-06T16:34:02","date_gmt":"2021-11-06T19:34:02","guid":{"rendered":"https:\/\/concertacaoamazonia.com.br\/estudos\/plano-municipal-de-mitigacao-e-adaptacao-as-mudancas-do-clima-de-rio-branco-3\/"},"modified":"2025-01-28T18:38:54","modified_gmt":"2025-01-28T21:38:54","slug":"plano-municipal-de-mitigacao-e-adaptacao-as-mudancas-do-clima-de-rio-branco-3","status":"publish","type":"estudos","link":"https:\/\/concertacaoamazonia.com.br\/en\/estudos\/plano-municipal-de-mitigacao-e-adaptacao-as-mudancas-do-clima-de-rio-branco-3\/","title":{"rendered":"Plano Municipal de Mitiga\u00e7\u00e3o e Adapta\u00e7\u00e3o \u00e0s Mudan\u00e7as do Clima de Rio Branco"},"content":{"rendered":"<p>O Plano Municipal de Mitiga\u00e7\u00e3o e Adapta\u00e7\u00e3o \u00e0s Mudan\u00e7as do Clima (PMMC) foi elaborado em parceria com o Instituto de Pesquisa Ambiental da Amaz\u00f4nia (IPAM), a Empresa Brasileira de Pesquisa Agropecu\u00e1ria (Embrapa) e da iniciativa Governos Locais Pela Sustentabilidade para Am\u00e9rica do Sul (ICLEI), ouvindo v\u00e1rios segmentos da sociedade e nortear\u00e1 o munic\u00edpio de Rio Branco na defini\u00e7\u00e3o de pol\u00edticas e projetos voltados \u00e0 mitiga\u00e7\u00e3o e adapta\u00e7\u00e3o \u00e0s mudan\u00e7as clim\u00e1ticas. Este Plano re\u00fane as a\u00e7\u00f5es priorit\u00e1rias a serem implementadas, para o enfrentamento dos desafios prementes, constituindo-se em um pacto de esperan\u00e7a e compromisso com os moradores de Rio Branco.<\/p>\n","protected":false},"featured_media":26341,"parent":0,"template":"","veiculo":[804],"categoria-estudos":[],"ano":[1212],"eixos":[1088,1102,1116,1130,184,175,177,1150,1086],"class_list":["post-5582","estudos","type-estudos","status-publish","has-post-thumbnail","hentry","veiculo-ipam"],"_links":{"self":[{"href":"https:\/\/concertacaoamazonia.com.br\/en\/wp-json\/wp\/v2\/estudos\/5582","targetHints":{"allow":["GET"]}}],"collection":[{"href":"https:\/\/concertacaoamazonia.com.br\/en\/wp-json\/wp\/v2\/estudos"}],"about":[{"href":"https:\/\/concertacaoamazonia.com.br\/en\/wp-json\/wp\/v2\/types\/estudos"}],"version-history":[{"count":0,"href":"https:\/\/concertacaoamazonia.com.br\/en\/wp-json\/wp\/v2\/estudos\/5582\/revisions"}],"wp:featuredmedia":[{"embeddable":true,"href":"https:\/\/concertacaoamazonia.com.br\/en\/wp-json\/wp\/v2\/media\/26341"}],"wp:attachment":[{"href":"https:\/\/concertacaoamazonia.com.br\/en\/wp-json\/wp\/v2\/media?parent=5582"}],"wp:term":[{"taxonomy":"veiculo","embeddable":true,"href":"https:\/\/concertacaoamazonia.com.br\/en\/wp-json\/wp\/v2\/veiculo?post=5582"},{"taxonomy":"categoria-estudos","embeddable":true,"href":"https:\/\/concertacaoamazonia.com.br\/en\/wp-json\/wp\/v2\/categoria-estudos?post=5582"},{"taxonomy":"ano","embeddable":true,"href":"https:\/\/concertacaoamazonia.com.br\/en\/wp-json\/wp\/v2\/ano?post=5582"},{"taxonomy":"eixos","embeddable":true,"href":"https:\/\/concertacaoamazonia.com.br\/en\/wp-json\/wp\/v2\/eixos?post=5582"}],"curies":[{"name":"wp","href":"https:\/\/api.w.org\/{rel}","templated":true}]}}

Plano Municipal de Mitigação e Adaptação às Mudanças do Clima de Rio Branco

<p>O Plano Municipal de Mitigação e Adaptação às Mudanças do Clima (PMMC) foi elaborado em parceria com o Instituto de Pesquisa Ambiental da Amazônia (IPAM), a Empresa Brasileira de Pesquisa Agropecuária (Embrapa) e da iniciativa Governos Locais Pela Sustentabilidade para América do Sul (ICLEI), ouvindo vários segmentos da sociedade e norteará o município de Rio Branco na definição de políticas e projetos voltados à mitigação e adaptação às mudanças climáticas. Este Plano reúne as ações prioritárias a serem implementadas, para o enfrentamento dos desafios prementes, constituindo-se em um pacto de esperança e compromisso com os moradores de Rio Branco.</p>
