{"id":5574,"date":"2021-11-06T16:34:24","date_gmt":"2021-11-06T19:34:24","guid":{"rendered":"https:\/\/concertacaoamazonia.com.br\/estudos\/o-ouro-ilegal-que-mina-florestas-e-vidas-na-amazonia-uma-visao-geral-da-mineracao-irregular-e-seus-impactos-nas-populacoes-indigenas-2\/"},"modified":"2025-01-28T18:38:41","modified_gmt":"2025-01-28T21:38:41","slug":"o-ouro-ilegal-que-mina-florestas-e-vidas-na-amazonia-uma-visao-geral-da-mineracao-irregular-e-seus-impactos-nas-populacoes-indigenas-2","status":"publish","type":"estudos","link":"https:\/\/concertacaoamazonia.com.br\/en\/estudos\/o-ouro-ilegal-que-mina-florestas-e-vidas-na-amazonia-uma-visao-geral-da-mineracao-irregular-e-seus-impactos-nas-populacoes-indigenas-2\/","title":{"rendered":"O ouro ilegal que mina florestas e vidas na Amaz\u00f4nia: uma vis\u00e3o geral da minera\u00e7\u00e3o irregular e seus impactos nas popula\u00e7\u00f5es ind\u00edgenas"},"content":{"rendered":"<p>O relat\u00f3rio apresenta um panorama abrangente da minera\u00e7\u00e3o ilegal de ouro na Amaz\u00f4nia brasileira e seus impactos sobre as popula\u00e7\u00f5es Yanomami e Munduruku.<\/p>\n","protected":false},"featured_media":26331,"parent":0,"template":"","veiculo":[810],"categoria-estudos":[],"ano":[988],"eixos":[1102,1106,180,176,1150,1166],"class_list":["post-5574","estudos","type-estudos","status-publish","has-post-thumbnail","hentry","veiculo-instituto-igarape"],"_links":{"self":[{"href":"https:\/\/concertacaoamazonia.com.br\/en\/wp-json\/wp\/v2\/estudos\/5574","targetHints":{"allow":["GET"]}}],"collection":[{"href":"https:\/\/concertacaoamazonia.com.br\/en\/wp-json\/wp\/v2\/estudos"}],"about":[{"href":"https:\/\/concertacaoamazonia.com.br\/en\/wp-json\/wp\/v2\/types\/estudos"}],"version-history":[{"count":0,"href":"https:\/\/concertacaoamazonia.com.br\/en\/wp-json\/wp\/v2\/estudos\/5574\/revisions"}],"wp:featuredmedia":[{"embeddable":true,"href":"https:\/\/concertacaoamazonia.com.br\/en\/wp-json\/wp\/v2\/media\/26331"}],"wp:attachment":[{"href":"https:\/\/concertacaoamazonia.com.br\/en\/wp-json\/wp\/v2\/media?parent=5574"}],"wp:term":[{"taxonomy":"veiculo","embeddable":true,"href":"https:\/\/concertacaoamazonia.com.br\/en\/wp-json\/wp\/v2\/veiculo?post=5574"},{"taxonomy":"categoria-estudos","embeddable":true,"href":"https:\/\/concertacaoamazonia.com.br\/en\/wp-json\/wp\/v2\/categoria-estudos?post=5574"},{"taxonomy":"ano","embeddable":true,"href":"https:\/\/concertacaoamazonia.com.br\/en\/wp-json\/wp\/v2\/ano?post=5574"},{"taxonomy":"eixos","embeddable":true,"href":"https:\/\/concertacaoamazonia.com.br\/en\/wp-json\/wp\/v2\/eixos?post=5574"}],"curies":[{"name":"wp","href":"https:\/\/api.w.org\/{rel}","templated":true}]}}

O ouro ilegal que mina florestas e vidas na Amazônia: uma visão geral da mineração irregular e seus impactos nas populações indígenas

<p>O relatório apresenta um panorama abrangente da mineração ilegal de ouro na Amazônia brasileira e seus impactos sobre as populações Yanomami e Munduruku.</p>
