{"id":5571,"date":"2021-11-06T16:34:24","date_gmt":"2021-11-06T19:34:24","guid":{"rendered":"https:\/\/concertacaoamazonia.com.br\/estudos\/do-projeto-a-empresa-de-impacto-a-experiencia-do-cafe-apui-agroflorestal-2\/"},"modified":"2025-01-28T18:38:41","modified_gmt":"2025-01-28T21:38:41","slug":"do-projeto-a-empresa-de-impacto-a-experiencia-do-cafe-apui-agroflorestal-2","status":"publish","type":"estudos","link":"https:\/\/concertacaoamazonia.com.br\/en\/estudos\/do-projeto-a-empresa-de-impacto-a-experiencia-do-cafe-apui-agroflorestal-2\/","title":{"rendered":"Do Projeto \u00e0 Empresa de Impacto: a Experi\u00eancia do Caf\u00e9 Apu\u00ed Agroflorestal"},"content":{"rendered":"<p>\u00c9 preciso inovar para promover o desenvolvimento de cadeias produtivas da sociobiodiversidade ao mesmo tempo em que cuidamos das pessoas e da biodiversidade amaz\u00f4nica. O Projeto Caf\u00e9 Apu\u00ed Agroflorestal faz parte dessa trajet\u00f3ria de inova\u00e7\u00f5es do Idesam, que em 2020 completou 16 anos de atua\u00e7\u00e3o na Amaz\u00f4nia. Esta publica\u00e7\u00e3o tem como objetivo compartilhar as principais li\u00e7\u00f5es aprendidas ao longo de uma empreitada persistente de transformar o \u201cprojeto em um neg\u00f3cio de impacto\u201d nas fronteiras do desmatamento na Amaz\u00f4nia.<\/p>\n","protected":false},"featured_media":26286,"parent":0,"template":"","veiculo":[806],"categoria-estudos":[],"ano":[988],"eixos":[1116,1120,1148,604,176,1150,1154,1160],"class_list":["post-5571","estudos","type-estudos","status-publish","has-post-thumbnail","hentry","veiculo-idesam"],"_links":{"self":[{"href":"https:\/\/concertacaoamazonia.com.br\/en\/wp-json\/wp\/v2\/estudos\/5571","targetHints":{"allow":["GET"]}}],"collection":[{"href":"https:\/\/concertacaoamazonia.com.br\/en\/wp-json\/wp\/v2\/estudos"}],"about":[{"href":"https:\/\/concertacaoamazonia.com.br\/en\/wp-json\/wp\/v2\/types\/estudos"}],"version-history":[{"count":0,"href":"https:\/\/concertacaoamazonia.com.br\/en\/wp-json\/wp\/v2\/estudos\/5571\/revisions"}],"wp:featuredmedia":[{"embeddable":true,"href":"https:\/\/concertacaoamazonia.com.br\/en\/wp-json\/wp\/v2\/media\/26286"}],"wp:attachment":[{"href":"https:\/\/concertacaoamazonia.com.br\/en\/wp-json\/wp\/v2\/media?parent=5571"}],"wp:term":[{"taxonomy":"veiculo","embeddable":true,"href":"https:\/\/concertacaoamazonia.com.br\/en\/wp-json\/wp\/v2\/veiculo?post=5571"},{"taxonomy":"categoria-estudos","embeddable":true,"href":"https:\/\/concertacaoamazonia.com.br\/en\/wp-json\/wp\/v2\/categoria-estudos?post=5571"},{"taxonomy":"ano","embeddable":true,"href":"https:\/\/concertacaoamazonia.com.br\/en\/wp-json\/wp\/v2\/ano?post=5571"},{"taxonomy":"eixos","embeddable":true,"href":"https:\/\/concertacaoamazonia.com.br\/en\/wp-json\/wp\/v2\/eixos?post=5571"}],"curies":[{"name":"wp","href":"https:\/\/api.w.org\/{rel}","templated":true}]}}

Do Projeto à Empresa de Impacto: a Experiência do Café Apuí Agroflorestal

<p>É preciso inovar para promover o desenvolvimento de cadeias produtivas da sociobiodiversidade ao mesmo tempo em que cuidamos das pessoas e da biodiversidade amazônica. O Projeto Café Apuí Agroflorestal faz parte dessa trajetória de inovações do Idesam, que em 2020 completou 16 anos de atuação na Amazônia. Esta publicação tem como objetivo compartilhar as principais lições aprendidas ao longo de uma empreitada persistente de transformar o “projeto em um negócio de impacto” nas fronteiras do desmatamento na Amazônia.</p>
