{"id":5570,"date":"2021-11-06T16:34:24","date_gmt":"2021-11-06T19:34:24","guid":{"rendered":"https:\/\/concertacaoamazonia.com.br\/estudos\/caminhos-para-o-investimento-sustentavel-na-amazonia-2\/"},"modified":"2025-01-28T18:38:41","modified_gmt":"2025-01-28T21:38:41","slug":"caminhos-para-o-investimento-sustentavel-na-amazonia-2","status":"publish","type":"estudos","link":"https:\/\/concertacaoamazonia.com.br\/en\/estudos\/caminhos-para-o-investimento-sustentavel-na-amazonia-2\/","title":{"rendered":"Caminhos para o Investimento Sustent\u00e1vel na Amaz\u00f4nia"},"content":{"rendered":"<p>A obra busca ampliar o impacto que as empresas benefici\u00e1rias da Zona Franca de Manaus tem com a utiliza\u00e7\u00e3o da ampla gama de incentivos fiscais e financeiros dispon\u00edveis na regi\u00e3o. Com foco na nova lei de inform\u00e1tica, sancionada em junho de 2018, o estudo deixa claras novas oportunidades que podem movimentar diferentes aspectos da economia regional.<\/p>\n","protected":false},"featured_media":26284,"parent":0,"template":"","veiculo":[806],"categoria-estudos":[],"ano":[1209],"eixos":[1148,187,176,175,1154,1166],"class_list":["post-5570","estudos","type-estudos","status-publish","has-post-thumbnail","hentry","veiculo-idesam"],"_links":{"self":[{"href":"https:\/\/concertacaoamazonia.com.br\/en\/wp-json\/wp\/v2\/estudos\/5570","targetHints":{"allow":["GET"]}}],"collection":[{"href":"https:\/\/concertacaoamazonia.com.br\/en\/wp-json\/wp\/v2\/estudos"}],"about":[{"href":"https:\/\/concertacaoamazonia.com.br\/en\/wp-json\/wp\/v2\/types\/estudos"}],"version-history":[{"count":0,"href":"https:\/\/concertacaoamazonia.com.br\/en\/wp-json\/wp\/v2\/estudos\/5570\/revisions"}],"wp:featuredmedia":[{"embeddable":true,"href":"https:\/\/concertacaoamazonia.com.br\/en\/wp-json\/wp\/v2\/media\/26284"}],"wp:attachment":[{"href":"https:\/\/concertacaoamazonia.com.br\/en\/wp-json\/wp\/v2\/media?parent=5570"}],"wp:term":[{"taxonomy":"veiculo","embeddable":true,"href":"https:\/\/concertacaoamazonia.com.br\/en\/wp-json\/wp\/v2\/veiculo?post=5570"},{"taxonomy":"categoria-estudos","embeddable":true,"href":"https:\/\/concertacaoamazonia.com.br\/en\/wp-json\/wp\/v2\/categoria-estudos?post=5570"},{"taxonomy":"ano","embeddable":true,"href":"https:\/\/concertacaoamazonia.com.br\/en\/wp-json\/wp\/v2\/ano?post=5570"},{"taxonomy":"eixos","embeddable":true,"href":"https:\/\/concertacaoamazonia.com.br\/en\/wp-json\/wp\/v2\/eixos?post=5570"}],"curies":[{"name":"wp","href":"https:\/\/api.w.org\/{rel}","templated":true}]}}

Caminhos para o Investimento Sustentável na Amazônia

<p>A obra busca ampliar o impacto que as empresas beneficiárias da Zona Franca de Manaus tem com a utilização da ampla gama de incentivos fiscais e financeiros disponíveis na região. Com foco na nova lei de informática, sancionada em junho de 2018, o estudo deixa claras novas oportunidades que podem movimentar diferentes aspectos da economia regional.</p>
