{"id":5568,"date":"2021-11-06T16:34:24","date_gmt":"2021-11-06T19:34:24","guid":{"rendered":"https:\/\/concertacaoamazonia.com.br\/estudos\/evolucao-do-manejo-florestal-para-pequenos-produtores-no-am-2\/"},"modified":"2025-01-28T18:38:54","modified_gmt":"2025-01-28T21:38:54","slug":"evolucao-do-manejo-florestal-para-pequenos-produtores-no-am-2","status":"publish","type":"estudos","link":"https:\/\/concertacaoamazonia.com.br\/en\/estudos\/evolucao-do-manejo-florestal-para-pequenos-produtores-no-am-2\/","title":{"rendered":"Evolu\u00e7\u00e3o do Manejo Florestal para Pequenos Produtores no AM"},"content":{"rendered":"<p>A publica\u00e7\u00e3o faz uma an\u00e1lise das atividades de manejo florestal de pequena escala no Amazonas, com base em dados de licenciamento e comercializa\u00e7\u00e3o de madeira no Amazonas, entre os anos de 2010 e 2015. Para isso, foram solicitadas informa\u00e7\u00f5es dos \u00f3rg\u00e3os de governan\u00e7a e de assist\u00eancia t\u00e9cnica no estado.<\/p>\n","protected":false},"featured_media":26280,"parent":0,"template":"","veiculo":[806],"categoria-estudos":[],"ano":[1259],"eixos":[1088,1092,1116,1120,1148,604,180,176,175,1150,1086,1154,1160],"class_list":["post-5568","estudos","type-estudos","status-publish","has-post-thumbnail","hentry","veiculo-idesam"],"_links":{"self":[{"href":"https:\/\/concertacaoamazonia.com.br\/en\/wp-json\/wp\/v2\/estudos\/5568","targetHints":{"allow":["GET"]}}],"collection":[{"href":"https:\/\/concertacaoamazonia.com.br\/en\/wp-json\/wp\/v2\/estudos"}],"about":[{"href":"https:\/\/concertacaoamazonia.com.br\/en\/wp-json\/wp\/v2\/types\/estudos"}],"version-history":[{"count":0,"href":"https:\/\/concertacaoamazonia.com.br\/en\/wp-json\/wp\/v2\/estudos\/5568\/revisions"}],"wp:featuredmedia":[{"embeddable":true,"href":"https:\/\/concertacaoamazonia.com.br\/en\/wp-json\/wp\/v2\/media\/26280"}],"wp:attachment":[{"href":"https:\/\/concertacaoamazonia.com.br\/en\/wp-json\/wp\/v2\/media?parent=5568"}],"wp:term":[{"taxonomy":"veiculo","embeddable":true,"href":"https:\/\/concertacaoamazonia.com.br\/en\/wp-json\/wp\/v2\/veiculo?post=5568"},{"taxonomy":"categoria-estudos","embeddable":true,"href":"https:\/\/concertacaoamazonia.com.br\/en\/wp-json\/wp\/v2\/categoria-estudos?post=5568"},{"taxonomy":"ano","embeddable":true,"href":"https:\/\/concertacaoamazonia.com.br\/en\/wp-json\/wp\/v2\/ano?post=5568"},{"taxonomy":"eixos","embeddable":true,"href":"https:\/\/concertacaoamazonia.com.br\/en\/wp-json\/wp\/v2\/eixos?post=5568"}],"curies":[{"name":"wp","href":"https:\/\/api.w.org\/{rel}","templated":true}]}}

Evolução do Manejo Florestal para Pequenos Produtores no AM

<p>A publicação faz uma análise das atividades de manejo florestal de pequena escala no Amazonas, com base em dados de licenciamento e comercialização de madeira no Amazonas, entre os anos de 2010 e 2015. Para isso, foram solicitadas informações dos órgãos de governança e de assistência técnica no estado.</p>
