{"id":54597,"date":"2024-05-10T15:32:05","date_gmt":"2024-05-10T18:32:05","guid":{"rendered":"https:\/\/concertacaoamazonia.com.br\/?post_type=estudos&#038;p=54597"},"modified":"2025-01-28T18:22:28","modified_gmt":"2025-01-28T21:22:28","slug":"potencia-amazonica-a-pluralidade-da-inovacao-na-amazonia","status":"publish","type":"estudos","link":"https:\/\/concertacaoamazonia.com.br\/en\/estudos\/potencia-amazonica-a-pluralidade-da-inovacao-na-amazonia\/","title":{"rendered":"Pot\u00eancia Amaz\u00f4nica: A pluralidade da inova\u00e7\u00e3o na Amaz\u00f4nia"},"content":{"rendered":"\n<p>A Amaz\u00f4nia \u00e9 famosa por abrigar cerca de um ter\u00e7o das florestas tropicais do planeta, al\u00e9m de atuar na manuten\u00e7\u00e3o de servi\u00e7os ecol\u00f3gicos. Assim, cabe a n\u00f3s construir formas sustent\u00e1veis de economia, visando o desenvolvimento a partir de uma floresta com \u00e1rvores em p\u00e9 e rios limpos. Para mostrar as pot\u00eancias da inova\u00e7\u00e3o na regi\u00e3o, a Wylinka se uniu \u00e0 Invest Amaz\u00f4nia para este ebook que busca dar voz \u00e0s lideran\u00e7as locais que j\u00e1 est\u00e3o gerando impacto no ecossistema de inova\u00e7\u00e3o a partir do empreendedorismo e da ci\u00eancia, trazendo uma vis\u00e3o local da economia amaz\u00f4nica, assim como dar visibilidade \u00e0s iniciativas e \u00e0s demandas da regi\u00e3o, compreendendo as voca\u00e7\u00f5es desse ecossistema muito relacionado \u00e0 bioeconomia.<\/p>\n","protected":false},"featured_media":54600,"parent":0,"template":"","veiculo":[2110,2109],"categoria-estudos":[],"ano":[2075],"eixos":[1148,604,187,176],"class_list":["post-54597","estudos","type-estudos","status-publish","has-post-thumbnail","hentry","veiculo-invest-amazonia","veiculo-wylinka"],"_links":{"self":[{"href":"https:\/\/concertacaoamazonia.com.br\/en\/wp-json\/wp\/v2\/estudos\/54597","targetHints":{"allow":["GET"]}}],"collection":[{"href":"https:\/\/concertacaoamazonia.com.br\/en\/wp-json\/wp\/v2\/estudos"}],"about":[{"href":"https:\/\/concertacaoamazonia.com.br\/en\/wp-json\/wp\/v2\/types\/estudos"}],"version-history":[{"count":0,"href":"https:\/\/concertacaoamazonia.com.br\/en\/wp-json\/wp\/v2\/estudos\/54597\/revisions"}],"wp:featuredmedia":[{"embeddable":true,"href":"https:\/\/concertacaoamazonia.com.br\/en\/wp-json\/wp\/v2\/media\/54600"}],"wp:attachment":[{"href":"https:\/\/concertacaoamazonia.com.br\/en\/wp-json\/wp\/v2\/media?parent=54597"}],"wp:term":[{"taxonomy":"veiculo","embeddable":true,"href":"https:\/\/concertacaoamazonia.com.br\/en\/wp-json\/wp\/v2\/veiculo?post=54597"},{"taxonomy":"categoria-estudos","embeddable":true,"href":"https:\/\/concertacaoamazonia.com.br\/en\/wp-json\/wp\/v2\/categoria-estudos?post=54597"},{"taxonomy":"ano","embeddable":true,"href":"https:\/\/concertacaoamazonia.com.br\/en\/wp-json\/wp\/v2\/ano?post=54597"},{"taxonomy":"eixos","embeddable":true,"href":"https:\/\/concertacaoamazonia.com.br\/en\/wp-json\/wp\/v2\/eixos?post=54597"}],"curies":[{"name":"wp","href":"https:\/\/api.w.org\/{rel}","templated":true}]}}

Potência Amazônica: A pluralidade da inovação na Amazônia

<p>A Amazônia é famosa por abrigar cerca de um terço das florestas tropicais do planeta, além de atuar na manutenção de serviços ecológicos. Assim, cabe a nós construir formas sustentáveis de economia, visando o desenvolvimento a partir de uma floresta com árvores em pé e rios limpos. Para mostrar as potências da inovação na região, a Wylinka se uniu à Invest Amazônia para este ebook que busca dar voz às lideranças locais que já estão gerando impacto no ecossistema de inovação a partir do empreendedorismo e da ciência, trazendo uma visão local da economia amazônica, assim como dar visibilidade às iniciativas e às demandas da região, compreendendo as vocações desse ecossistema muito relacionado à bioeconomia.</p>
