{"id":54453,"date":"2024-05-08T17:26:56","date_gmt":"2024-05-08T20:26:56","guid":{"rendered":"https:\/\/concertacaoamazonia.com.br\/?post_type=estudos&#038;p=54453"},"modified":"2025-01-28T18:22:28","modified_gmt":"2025-01-28T21:22:28","slug":"por-uma-politica-de-minerais-criticos-e-estrategicos-para-o-brasil-e-para-o-futuro","status":"publish","type":"estudos","link":"https:\/\/concertacaoamazonia.com.br\/en\/estudos\/por-uma-politica-de-minerais-criticos-e-estrategicos-para-o-brasil-e-para-o-futuro\/","title":{"rendered":"Por uma pol\u00edtica de minerais cr\u00edticos e estrat\u00e9gicos para o Brasil e para o futuro"},"content":{"rendered":"\n<p>Rico em minerais da transi\u00e7\u00e3o energ\u00e9tica e dotado de uma matriz el\u00e9trica majoritariamente limpa, o Brasil pode ser tanto um importante provedor de commodities como de solu\u00e7\u00f5es industriais para a descarboniza\u00e7\u00e3o da economia mundial. Em meio \u00e0 transi\u00e7\u00e3o, o Brasil dever\u00e1 planejar estrategicamente seu desenvolvimento industrial conectado \u00e0 promo\u00e7\u00e3o social para a constru\u00e7\u00e3o de um Pa\u00eds mais sustent\u00e1vel e menos desigual. Para tanto, uma Pol\u00edtica Nacional de Minerais Cr\u00edticos e Estrat\u00e9gicos (PNMCE) que oriente de forma sist\u00eamica o lugar e o caminho do setor mineral numa transforma\u00e7\u00e3o ecol\u00f3gica mais ampla e justa, respons\u00e1vel e ambiciosa, \u00e9 o que se mostra absolutamente imprescind\u00edvel. O presente documento representa uma contribui\u00e7\u00e3o do IBRAM, a ser debatida com o Estado e com a Sociedade, para a formula\u00e7\u00e3o dessa Pol\u00edtica.<\/p>\n","protected":false},"featured_media":54454,"parent":0,"template":"","veiculo":[1965],"categoria-estudos":[],"ano":[2075],"eixos":[1148,180],"class_list":["post-54453","estudos","type-estudos","status-publish","has-post-thumbnail","hentry","veiculo-ibram"],"_links":{"self":[{"href":"https:\/\/concertacaoamazonia.com.br\/en\/wp-json\/wp\/v2\/estudos\/54453","targetHints":{"allow":["GET"]}}],"collection":[{"href":"https:\/\/concertacaoamazonia.com.br\/en\/wp-json\/wp\/v2\/estudos"}],"about":[{"href":"https:\/\/concertacaoamazonia.com.br\/en\/wp-json\/wp\/v2\/types\/estudos"}],"version-history":[{"count":0,"href":"https:\/\/concertacaoamazonia.com.br\/en\/wp-json\/wp\/v2\/estudos\/54453\/revisions"}],"wp:featuredmedia":[{"embeddable":true,"href":"https:\/\/concertacaoamazonia.com.br\/en\/wp-json\/wp\/v2\/media\/54454"}],"wp:attachment":[{"href":"https:\/\/concertacaoamazonia.com.br\/en\/wp-json\/wp\/v2\/media?parent=54453"}],"wp:term":[{"taxonomy":"veiculo","embeddable":true,"href":"https:\/\/concertacaoamazonia.com.br\/en\/wp-json\/wp\/v2\/veiculo?post=54453"},{"taxonomy":"categoria-estudos","embeddable":true,"href":"https:\/\/concertacaoamazonia.com.br\/en\/wp-json\/wp\/v2\/categoria-estudos?post=54453"},{"taxonomy":"ano","embeddable":true,"href":"https:\/\/concertacaoamazonia.com.br\/en\/wp-json\/wp\/v2\/ano?post=54453"},{"taxonomy":"eixos","embeddable":true,"href":"https:\/\/concertacaoamazonia.com.br\/en\/wp-json\/wp\/v2\/eixos?post=54453"}],"curies":[{"name":"wp","href":"https:\/\/api.w.org\/{rel}","templated":true}]}}

Por uma política de minerais críticos e estratégicos para o Brasil e para o futuro

<p>Rico em minerais da transição energética e dotado de uma matriz elétrica majoritariamente limpa, o Brasil pode ser tanto um importante provedor de commodities como de soluções industriais para a descarbonização da economia mundial. Em meio à transição, o Brasil deverá planejar estrategicamente seu desenvolvimento industrial conectado à promoção social para a construção de um País mais sustentável e menos desigual. Para tanto, uma Política Nacional de Minerais Críticos e Estratégicos (PNMCE) que oriente de forma sistêmica o lugar e o caminho do setor mineral numa transformação ecológica mais ampla e justa, responsável e ambiciosa, é o que se mostra absolutamente imprescindível. O presente documento representa uma contribuição do IBRAM, a ser debatida com o Estado e com a Sociedade, para a formulação dessa Política.</p>
