{"id":5444,"date":"2021-11-06T15:31:57","date_gmt":"2021-11-06T18:31:57","guid":{"rendered":"https:\/\/concertacaoamazonia.com.br\/?post_type=estudos&#038;p=5443"},"modified":"2025-01-28T18:39:05","modified_gmt":"2025-01-28T21:39:05","slug":"icms-verde-incentivo-para-producao-sustentavel-e-reducao-do-desmatamento-nos-municipios-do-amazonas","status":"publish","type":"estudos","link":"https:\/\/concertacaoamazonia.com.br\/en\/estudos\/icms-verde-incentivo-para-producao-sustentavel-e-reducao-do-desmatamento-nos-municipios-do-amazonas\/","title":{"rendered":"ICMS Verde: Incentivo para produ\u00e7\u00e3o sustent\u00e1vel e redu\u00e7\u00e3o do desmatamento nos munic\u00edpios do Amazonas"},"content":{"rendered":"\n<p>A publica\u00e7\u00e3o apresenta uma proposta para a implanta\u00e7\u00e3o do ICMS Verde no Amazonas, com o objetivo de promover o desenvolvimento da economia e a cria\u00e7\u00e3o de pol\u00edticas p\u00fablicas e programas de ordenamento territorial, produ\u00e7\u00e3o sustent\u00e1vel e conserva\u00e7\u00e3o do meio ambiente nos munic\u00edpios do Amazonas. Em paralelo, o estudo tamb\u00e9m objetiva estimular os gestores municipais a trabalhar na melhoria dos seus sistemas de gest\u00e3o.<\/p>\n","protected":false},"featured_media":26391,"parent":0,"template":"","veiculo":[806],"categoria-estudos":[],"ano":[1211],"eixos":[1088,1092,1096,1098,1102,1106,1110,1112,1116,1120,1124,1126,1130,1134,1138,1140,1148,604,174,180,175,1150,1086,1154,1160],"class_list":["post-5444","estudos","type-estudos","status-publish","has-post-thumbnail","hentry","veiculo-idesam"],"_links":{"self":[{"href":"https:\/\/concertacaoamazonia.com.br\/en\/wp-json\/wp\/v2\/estudos\/5444","targetHints":{"allow":["GET"]}}],"collection":[{"href":"https:\/\/concertacaoamazonia.com.br\/en\/wp-json\/wp\/v2\/estudos"}],"about":[{"href":"https:\/\/concertacaoamazonia.com.br\/en\/wp-json\/wp\/v2\/types\/estudos"}],"version-history":[{"count":0,"href":"https:\/\/concertacaoamazonia.com.br\/en\/wp-json\/wp\/v2\/estudos\/5444\/revisions"}],"wp:featuredmedia":[{"embeddable":true,"href":"https:\/\/concertacaoamazonia.com.br\/en\/wp-json\/wp\/v2\/media\/26391"}],"wp:attachment":[{"href":"https:\/\/concertacaoamazonia.com.br\/en\/wp-json\/wp\/v2\/media?parent=5444"}],"wp:term":[{"taxonomy":"veiculo","embeddable":true,"href":"https:\/\/concertacaoamazonia.com.br\/en\/wp-json\/wp\/v2\/veiculo?post=5444"},{"taxonomy":"categoria-estudos","embeddable":true,"href":"https:\/\/concertacaoamazonia.com.br\/en\/wp-json\/wp\/v2\/categoria-estudos?post=5444"},{"taxonomy":"ano","embeddable":true,"href":"https:\/\/concertacaoamazonia.com.br\/en\/wp-json\/wp\/v2\/ano?post=5444"},{"taxonomy":"eixos","embeddable":true,"href":"https:\/\/concertacaoamazonia.com.br\/en\/wp-json\/wp\/v2\/eixos?post=5444"}],"curies":[{"name":"wp","href":"https:\/\/api.w.org\/{rel}","templated":true}]}}

ICMS Verde: Incentivo para produção sustentável e redução do desmatamento nos municípios do Amazonas

<p>A publicação apresenta uma proposta para a implantação do ICMS Verde no Amazonas, com o objetivo de promover o desenvolvimento da economia e a criação de políticas públicas e programas de ordenamento territorial, produção sustentável e conservação do meio ambiente nos municípios do Amazonas. Em paralelo, o estudo também objetiva estimular os gestores municipais a trabalhar na melhoria dos seus sistemas de gestão.</p>
