{"id":5442,"date":"2021-11-06T15:18:21","date_gmt":"2021-11-06T18:18:21","guid":{"rendered":"https:\/\/concertacaoamazonia.com.br\/?post_type=estudos&#038;p=5441"},"modified":"2025-01-28T18:39:05","modified_gmt":"2025-01-28T21:39:05","slug":"politicas-publicas-desmatamento-conservacao-amazonia-2030","status":"publish","type":"estudos","link":"https:\/\/concertacaoamazonia.com.br\/en\/estudos\/politicas-publicas-desmatamento-conservacao-amazonia-2030\/","title":{"rendered":"Lei de Gest\u00e3o Florestal do Amazonas: avan\u00e7os e entraves"},"content":{"rendered":"\n<p>O artigo se prop\u00f5e a analisar as altera\u00e7\u00f5es sofridas pela Lei de Gest\u00e3o de Florestas a partir de sua mais recente atualiza\u00e7\u00e3o, publicada em dezembro de 2016. Ainda que traga avan\u00e7os se comparada \u00e0 legisla\u00e7\u00e3o anterior, o novo dispositivo ainda necessita de ajustes para promover efetivamente o uso das florestas do Amazonas para gera\u00e7\u00e3o de renda de maneira sustent\u00e1vel.<\/p>\n","protected":false},"featured_media":26381,"parent":0,"template":"","veiculo":[806],"categoria-estudos":[],"ano":[1259],"eixos":[1088,1092,1098,1116,1120,1126,1148,604,172,180,175,1150,1086,1154,1160,1162],"class_list":["post-5442","estudos","type-estudos","status-publish","has-post-thumbnail","hentry","veiculo-idesam"],"_links":{"self":[{"href":"https:\/\/concertacaoamazonia.com.br\/en\/wp-json\/wp\/v2\/estudos\/5442","targetHints":{"allow":["GET"]}}],"collection":[{"href":"https:\/\/concertacaoamazonia.com.br\/en\/wp-json\/wp\/v2\/estudos"}],"about":[{"href":"https:\/\/concertacaoamazonia.com.br\/en\/wp-json\/wp\/v2\/types\/estudos"}],"version-history":[{"count":0,"href":"https:\/\/concertacaoamazonia.com.br\/en\/wp-json\/wp\/v2\/estudos\/5442\/revisions"}],"wp:featuredmedia":[{"embeddable":true,"href":"https:\/\/concertacaoamazonia.com.br\/en\/wp-json\/wp\/v2\/media\/26381"}],"wp:attachment":[{"href":"https:\/\/concertacaoamazonia.com.br\/en\/wp-json\/wp\/v2\/media?parent=5442"}],"wp:term":[{"taxonomy":"veiculo","embeddable":true,"href":"https:\/\/concertacaoamazonia.com.br\/en\/wp-json\/wp\/v2\/veiculo?post=5442"},{"taxonomy":"categoria-estudos","embeddable":true,"href":"https:\/\/concertacaoamazonia.com.br\/en\/wp-json\/wp\/v2\/categoria-estudos?post=5442"},{"taxonomy":"ano","embeddable":true,"href":"https:\/\/concertacaoamazonia.com.br\/en\/wp-json\/wp\/v2\/ano?post=5442"},{"taxonomy":"eixos","embeddable":true,"href":"https:\/\/concertacaoamazonia.com.br\/en\/wp-json\/wp\/v2\/eixos?post=5442"}],"curies":[{"name":"wp","href":"https:\/\/api.w.org\/{rel}","templated":true}]}}

Lei de Gestão Florestal do Amazonas: avanços e entraves

<p>O artigo se propõe a analisar as alterações sofridas pela Lei de Gestão de Florestas a partir de sua mais recente atualização, publicada em dezembro de 2016. Ainda que traga avanços se comparada à legislação anterior, o novo dispositivo ainda necessita de ajustes para promover efetivamente o uso das florestas do Amazonas para geração de renda de maneira sustentável.</p>
