{"id":5440,"date":"2021-11-06T15:06:07","date_gmt":"2021-11-06T18:06:07","guid":{"rendered":"https:\/\/concertacaoamazonia.com.br\/?post_type=estudos&#038;p=5439"},"modified":"2025-01-28T18:39:05","modified_gmt":"2025-01-28T21:39:05","slug":"o-valor-da-sustentabilidade-no-amazonas","status":"publish","type":"estudos","link":"https:\/\/concertacaoamazonia.com.br\/en\/estudos\/o-valor-da-sustentabilidade-no-amazonas\/","title":{"rendered":"O Valor da Sustentabilidade no Amazonas"},"content":{"rendered":"\n<p>A publica\u00e7\u00e3o \u00e9 resultado de um estudo que analisou os gastos p\u00fablicos do governo estadual do Amazonas entre 2008 e 2015. O objetivo principal do projeto \u00e9 promover a transpar\u00eancia e o envolvimento da sociedade e aumentar o reconhecimento e a valoriza\u00e7\u00e3o das pol\u00edticas e programas destinados ao meio ambiente e ao desenvolvimento sustent\u00e1vel. O estudo teve participa\u00e7\u00e3o da Comiss\u00e3o de Meio Ambiente da Assembleia Legislativa do Amazonas (CAAMA\/Aleam), o Movimento Ficha Verde (MoFV) e o Instituto Transpar\u00eancia, e contou com o apoio financeiro da Funda\u00e7\u00e3o Gordon and Betty Moore.<\/p>\n","protected":false},"featured_media":26377,"parent":0,"template":"","veiculo":[806],"categoria-estudos":[],"ano":[1259],"eixos":[1088,1096,1102,1110,1116,1124,1130,1138,1148,172,175,177,1150,1086,179,1154,1164],"class_list":["post-5440","estudos","type-estudos","status-publish","has-post-thumbnail","hentry","veiculo-idesam"],"_links":{"self":[{"href":"https:\/\/concertacaoamazonia.com.br\/en\/wp-json\/wp\/v2\/estudos\/5440","targetHints":{"allow":["GET"]}}],"collection":[{"href":"https:\/\/concertacaoamazonia.com.br\/en\/wp-json\/wp\/v2\/estudos"}],"about":[{"href":"https:\/\/concertacaoamazonia.com.br\/en\/wp-json\/wp\/v2\/types\/estudos"}],"version-history":[{"count":0,"href":"https:\/\/concertacaoamazonia.com.br\/en\/wp-json\/wp\/v2\/estudos\/5440\/revisions"}],"wp:featuredmedia":[{"embeddable":true,"href":"https:\/\/concertacaoamazonia.com.br\/en\/wp-json\/wp\/v2\/media\/26377"}],"wp:attachment":[{"href":"https:\/\/concertacaoamazonia.com.br\/en\/wp-json\/wp\/v2\/media?parent=5440"}],"wp:term":[{"taxonomy":"veiculo","embeddable":true,"href":"https:\/\/concertacaoamazonia.com.br\/en\/wp-json\/wp\/v2\/veiculo?post=5440"},{"taxonomy":"categoria-estudos","embeddable":true,"href":"https:\/\/concertacaoamazonia.com.br\/en\/wp-json\/wp\/v2\/categoria-estudos?post=5440"},{"taxonomy":"ano","embeddable":true,"href":"https:\/\/concertacaoamazonia.com.br\/en\/wp-json\/wp\/v2\/ano?post=5440"},{"taxonomy":"eixos","embeddable":true,"href":"https:\/\/concertacaoamazonia.com.br\/en\/wp-json\/wp\/v2\/eixos?post=5440"}],"curies":[{"name":"wp","href":"https:\/\/api.w.org\/{rel}","templated":true}]}}

<p>A publicação é resultado de um estudo que analisou os gastos públicos do governo estadual do Amazonas entre 2008 e 2015. O objetivo principal do projeto é promover a transparência e o envolvimento da sociedade e aumentar o reconhecimento e a valorização das políticas e programas destinados ao meio ambiente e ao desenvolvimento sustentável. O estudo teve participação da Comissão de Meio Ambiente da Assembleia Legislativa do Amazonas (CAAMA/Aleam), o Movimento Ficha Verde (MoFV) e o Instituto Transparência, e contou com o apoio financeiro da Fundação Gordon and Betty Moore.</p>
