{"id":5345,"date":"2021-11-05T23:07:41","date_gmt":"2021-11-06T02:07:41","guid":{"rendered":"https:\/\/concertacaoamazonia.com.br\/?post_type=estudos&#038;p=5344"},"modified":"2025-01-28T18:39:20","modified_gmt":"2025-01-28T21:39:20","slug":"estudo-e-diagnostico-sobre-aspectos-fiscais-dos-estados-da-amazonia-legal-condicoes-fiscais-e-endividamento","status":"publish","type":"estudos","link":"https:\/\/concertacaoamazonia.com.br\/en\/estudos\/estudo-e-diagnostico-sobre-aspectos-fiscais-dos-estados-da-amazonia-legal-condicoes-fiscais-e-endividamento\/","title":{"rendered":"Estudo e diagn\u00f3stico sobre aspectos fiscais dos estados da Amaz\u00f4nia Legal: Condi\u00e7\u00f5es fiscais e endividamento"},"content":{"rendered":"","protected":false},"featured_media":26405,"parent":0,"template":"","veiculo":[1474],"categoria-estudos":[],"ano":[],"eixos":[174],"class_list":["post-5345","estudos","type-estudos","status-publish","has-post-thumbnail","hentry","veiculo-instituto-arapyau"],"_links":{"self":[{"href":"https:\/\/concertacaoamazonia.com.br\/en\/wp-json\/wp\/v2\/estudos\/5345","targetHints":{"allow":["GET"]}}],"collection":[{"href":"https:\/\/concertacaoamazonia.com.br\/en\/wp-json\/wp\/v2\/estudos"}],"about":[{"href":"https:\/\/concertacaoamazonia.com.br\/en\/wp-json\/wp\/v2\/types\/estudos"}],"version-history":[{"count":0,"href":"https:\/\/concertacaoamazonia.com.br\/en\/wp-json\/wp\/v2\/estudos\/5345\/revisions"}],"wp:featuredmedia":[{"embeddable":true,"href":"https:\/\/concertacaoamazonia.com.br\/en\/wp-json\/wp\/v2\/media\/26405"}],"wp:attachment":[{"href":"https:\/\/concertacaoamazonia.com.br\/en\/wp-json\/wp\/v2\/media?parent=5345"}],"wp:term":[{"taxonomy":"veiculo","embeddable":true,"href":"https:\/\/concertacaoamazonia.com.br\/en\/wp-json\/wp\/v2\/veiculo?post=5345"},{"taxonomy":"categoria-estudos","embeddable":true,"href":"https:\/\/concertacaoamazonia.com.br\/en\/wp-json\/wp\/v2\/categoria-estudos?post=5345"},{"taxonomy":"ano","embeddable":true,"href":"https:\/\/concertacaoamazonia.com.br\/en\/wp-json\/wp\/v2\/ano?post=5345"},{"taxonomy":"eixos","embeddable":true,"href":"https:\/\/concertacaoamazonia.com.br\/en\/wp-json\/wp\/v2\/eixos?post=5345"}],"curies":[{"name":"wp","href":"https:\/\/api.w.org\/{rel}","templated":true}]}}

Estudo e diagnóstico sobre aspectos fiscais dos estados da Amazônia Legal: Condições fiscais e endividamento
