{"id":52003,"date":"2024-03-25T14:31:17","date_gmt":"2024-03-25T17:31:17","guid":{"rendered":"https:\/\/concertacaoamazonia.com.br\/?post_type=estudos&#038;p=52003"},"modified":"2025-01-28T18:22:28","modified_gmt":"2025-01-28T21:22:28","slug":"mapeamento-de-negocios-da-bioeconomia-na-amazonia-2","status":"publish","type":"estudos","link":"https:\/\/concertacaoamazonia.com.br\/en\/estudos\/mapeamento-de-negocios-da-bioeconomia-na-amazonia-2\/","title":{"rendered":"Mapeamento de neg\u00f3cios da bioeconomia na Amaz\u00f4nia\u00a0"},"content":{"rendered":"\n<p>Estudo pioneiro realizado pelo governo federal em parceria com o Programa das Na\u00e7\u00f5es Unidas para o Desenvolvimento (PNUD), que serve como ponto de partida para compreens\u00e3o das potencialidades de novos empreendimentos na regi\u00e3o amaz\u00f4nica baseados na bioeconomia. Trata-se de um passo conceitual importante, que contribuir\u00e1 para aproximar governo, academia e setor produtivo, transformando pesquisas cient\u00edficas em gera\u00e7\u00e3o de emprego e renda, que estar\u00e3o na base da preserva\u00e7\u00e3o da maior floresta tropical do mundo.<\/p>\n","protected":false},"featured_media":52008,"parent":0,"template":"","veiculo":[716],"categoria-estudos":[],"ano":[],"eixos":[1148,604],"class_list":["post-52003","estudos","type-estudos","status-publish","has-post-thumbnail","hentry","veiculo-governo-federal"],"_links":{"self":[{"href":"https:\/\/concertacaoamazonia.com.br\/en\/wp-json\/wp\/v2\/estudos\/52003","targetHints":{"allow":["GET"]}}],"collection":[{"href":"https:\/\/concertacaoamazonia.com.br\/en\/wp-json\/wp\/v2\/estudos"}],"about":[{"href":"https:\/\/concertacaoamazonia.com.br\/en\/wp-json\/wp\/v2\/types\/estudos"}],"version-history":[{"count":0,"href":"https:\/\/concertacaoamazonia.com.br\/en\/wp-json\/wp\/v2\/estudos\/52003\/revisions"}],"wp:featuredmedia":[{"embeddable":true,"href":"https:\/\/concertacaoamazonia.com.br\/en\/wp-json\/wp\/v2\/media\/52008"}],"wp:attachment":[{"href":"https:\/\/concertacaoamazonia.com.br\/en\/wp-json\/wp\/v2\/media?parent=52003"}],"wp:term":[{"taxonomy":"veiculo","embeddable":true,"href":"https:\/\/concertacaoamazonia.com.br\/en\/wp-json\/wp\/v2\/veiculo?post=52003"},{"taxonomy":"categoria-estudos","embeddable":true,"href":"https:\/\/concertacaoamazonia.com.br\/en\/wp-json\/wp\/v2\/categoria-estudos?post=52003"},{"taxonomy":"ano","embeddable":true,"href":"https:\/\/concertacaoamazonia.com.br\/en\/wp-json\/wp\/v2\/ano?post=52003"},{"taxonomy":"eixos","embeddable":true,"href":"https:\/\/concertacaoamazonia.com.br\/en\/wp-json\/wp\/v2\/eixos?post=52003"}],"curies":[{"name":"wp","href":"https:\/\/api.w.org\/{rel}","templated":true}]}}

Mapeamento de negócios da bioeconomia na Amazônia

<p>Estudo pioneiro realizado pelo governo federal em parceria com o Programa das Nações Unidas para o Desenvolvimento (PNUD), que serve como ponto de partida para compreensão das potencialidades de novos empreendimentos na região amazônica baseados na bioeconomia. Trata-se de um passo conceitual importante, que contribuirá para aproximar governo, academia e setor produtivo, transformando pesquisas científicas em geração de emprego e renda, que estarão na base da preservação da maior floresta tropical do mundo.</p>
