{"id":47488,"date":"2023-11-21T16:56:14","date_gmt":"2023-11-21T19:56:14","guid":{"rendered":"https:\/\/concertacaoamazonia.com.br\/?post_type=estudos&#038;p=47488"},"modified":"2025-01-28T18:28:18","modified_gmt":"2025-01-28T21:28:18","slug":"relatorio-de-avaliacao-de-meio-termo-da-efetividade-do-fundo-amazonia","status":"publish","type":"estudos","link":"https:\/\/concertacaoamazonia.com.br\/en\/estudos\/relatorio-de-avaliacao-de-meio-termo-da-efetividade-do-fundo-amazonia\/","title":{"rendered":"Relat\u00f3rio de avalia\u00e7\u00e3o de meio termo da efetividade do Fundo Amaz\u00f4nia"},"content":{"rendered":"\n<p>O objetivo da presente avalia\u00e7\u00e3o \u00e9 analisar em que medida os objetivos do Fundo Amaz\u00f4nia est\u00e3o sendo alcan\u00e7ados a partir dos resultados atingidos no per\u00edodo de 2008 a 2018. Nesse sentido, a an\u00e1lise busca evidenciar as a\u00e7\u00f5es e estrat\u00e9gias que t\u00eam contribu\u00eddo para o alcance dos objetivos e, portanto, devem ser fortalecidas e estendidas como identificar gargalos e desafios que devem ser enfrentados, gerando recomenda\u00e7\u00f5es para subsidiar a implementa\u00e7\u00e3o futura do Fundo Amaz\u00f4nia. Esta avalia\u00e7\u00e3o n\u00e3o entra no m\u00e9rito dos resultados de cada um dos 103 projetos apoiados individualmente, mas busca analisar a efetividade do funcionamento do Fundo Amaz\u00f4nia no conjunto do seu sistema de governan\u00e7a, dos objetivos gerais e da implementa\u00e7\u00e3o do conjunto dos projetos. Adicionalmente, foram realizados dois estudos complementares que subsidiaram esta avalia\u00e7\u00e3o \u2013 Distribui\u00e7\u00e3o de Benef\u00edcios em Projetos do Fundo Amaz\u00f4nia e Cadastro Ambiental Rural \u2013, no qual um conjunto de projetos relacionados foi selecionado e analisado com mais profundidade.<\/p>\n","protected":false},"featured_media":47491,"parent":0,"template":"","veiculo":[2064],"categoria-estudos":[1885],"ano":[1902],"eixos":[1174,1148,174],"class_list":["post-47488","estudos","type-estudos","status-publish","has-post-thumbnail","hentry","veiculo-cepal"],"_links":{"self":[{"href":"https:\/\/concertacaoamazonia.com.br\/en\/wp-json\/wp\/v2\/estudos\/47488","targetHints":{"allow":["GET"]}}],"collection":[{"href":"https:\/\/concertacaoamazonia.com.br\/en\/wp-json\/wp\/v2\/estudos"}],"about":[{"href":"https:\/\/concertacaoamazonia.com.br\/en\/wp-json\/wp\/v2\/types\/estudos"}],"version-history":[{"count":0,"href":"https:\/\/concertacaoamazonia.com.br\/en\/wp-json\/wp\/v2\/estudos\/47488\/revisions"}],"wp:featuredmedia":[{"embeddable":true,"href":"https:\/\/concertacaoamazonia.com.br\/en\/wp-json\/wp\/v2\/media\/47491"}],"wp:attachment":[{"href":"https:\/\/concertacaoamazonia.com.br\/en\/wp-json\/wp\/v2\/media?parent=47488"}],"wp:term":[{"taxonomy":"veiculo","embeddable":true,"href":"https:\/\/concertacaoamazonia.com.br\/en\/wp-json\/wp\/v2\/veiculo?post=47488"},{"taxonomy":"categoria-estudos","embeddable":true,"href":"https:\/\/concertacaoamazonia.com.br\/en\/wp-json\/wp\/v2\/categoria-estudos?post=47488"},{"taxonomy":"ano","embeddable":true,"href":"https:\/\/concertacaoamazonia.com.br\/en\/wp-json\/wp\/v2\/ano?post=47488"},{"taxonomy":"eixos","embeddable":true,"href":"https:\/\/concertacaoamazonia.com.br\/en\/wp-json\/wp\/v2\/eixos?post=47488"}],"curies":[{"name":"wp","href":"https:\/\/api.w.org\/{rel}","templated":true}]}}

Relatório de avaliação de meio termo da efetividade do Fundo Amazônia

<p>O objetivo da presente avaliação é analisar em que medida os objetivos do Fundo Amazônia estão sendo alcançados a partir dos resultados atingidos no período de 2008 a 2018. Nesse sentido, a análise busca evidenciar as ações e estratégias que têm contribuído para o alcance dos objetivos e, portanto, devem ser fortalecidas e estendidas como identificar gargalos e desafios que devem ser enfrentados, gerando recomendações para subsidiar a implementação futura do Fundo Amazônia. Esta avaliação não entra no mérito dos resultados de cada um dos 103 projetos apoiados individualmente, mas busca analisar a efetividade do funcionamento do Fundo Amazônia no conjunto do seu sistema de governança, dos objetivos gerais e da implementação do conjunto dos projetos. Adicionalmente, foram realizados dois estudos complementares que subsidiaram esta avaliação – Distribuição de Benefícios em Projetos do Fundo Amazônia e Cadastro Ambiental Rural –, no qual um conjunto de projetos relacionados foi selecionado e analisado com mais profundidade.</p>
