{"id":47178,"date":"2023-10-25T15:09:50","date_gmt":"2023-10-25T18:09:50","guid":{"rendered":"https:\/\/concertacaoamazonia.com.br\/?post_type=estudos&#038;p=47178"},"modified":"2025-01-28T18:28:18","modified_gmt":"2025-01-28T21:28:18","slug":"mapeamento-de-negocios-da-bioeconomia-na-amazonia","status":"publish","type":"estudos","link":"https:\/\/concertacaoamazonia.com.br\/en\/estudos\/mapeamento-de-negocios-da-bioeconomia-na-amazonia\/","title":{"rendered":"Mapeamento de Neg\u00f3cios da Bioeconomia na Amaz\u00f4nia"},"content":{"rendered":"\n<p>Considerado o pa\u00eds mais mega diverso do planeta, o Brasil est\u00e1 em posi\u00e7\u00e3o privilegiada para liderar a agenda de desenvolvimento sustent\u00e1vel, que tem como premissas a inclus\u00e3o social e a preserva\u00e7\u00e3o dos recursos presentes em benef\u00edcio das gera\u00e7\u00f5es futuras. Para isso, contudo, o&nbsp;governo brasileiro&nbsp;dever\u00e1 cumprir os pap\u00e9is de definidor de agendas e articulador de atores p\u00fablicos, privados e do terceiro setor, mobilizando os conhecimentos e recursos necess\u00e1rios para traduzir seus ativos ambientais em um ciclo de prosperidade.\u00c9 nesse contexto que&nbsp;o Minist\u00e9rio do Desenvolvimento, Ind\u00fastria, Com\u00e9rcio e Servi\u00e7os e o PNUD lan\u00e7am&nbsp;o&nbsp;<\/p>\n\n\n\n<p><em>Mapeamento&nbsp;de Neg\u00f3cios da Bioeconomia na Amaz\u00f4nia<\/em>, um estudo pioneiro que serve como ponto de partida para compreens\u00e3o das potencialidades de novos empreendimentos na regi\u00e3o amaz\u00f4nica baseados na bioeconomia. Trata-se de um passo conceitual importante,&nbsp;o qual&nbsp;contribuir\u00e1 para aproximar governo, academia e setor produtivo, transformando pesquisas cient\u00edficas em gera\u00e7\u00e3o de emprego e renda, que&nbsp;estar\u00e3o na base da preserva\u00e7\u00e3o da maior floresta tropical do mundo.<\/p>\n","protected":false},"featured_media":47181,"parent":0,"template":"","veiculo":[2062],"categoria-estudos":[1881],"ano":[1902],"eixos":[1148,604],"class_list":["post-47178","estudos","type-estudos","status-publish","has-post-thumbnail","hentry","veiculo-pnud"],"_links":{"self":[{"href":"https:\/\/concertacaoamazonia.com.br\/en\/wp-json\/wp\/v2\/estudos\/47178","targetHints":{"allow":["GET"]}}],"collection":[{"href":"https:\/\/concertacaoamazonia.com.br\/en\/wp-json\/wp\/v2\/estudos"}],"about":[{"href":"https:\/\/concertacaoamazonia.com.br\/en\/wp-json\/wp\/v2\/types\/estudos"}],"version-history":[{"count":0,"href":"https:\/\/concertacaoamazonia.com.br\/en\/wp-json\/wp\/v2\/estudos\/47178\/revisions"}],"wp:featuredmedia":[{"embeddable":true,"href":"https:\/\/concertacaoamazonia.com.br\/en\/wp-json\/wp\/v2\/media\/47181"}],"wp:attachment":[{"href":"https:\/\/concertacaoamazonia.com.br\/en\/wp-json\/wp\/v2\/media?parent=47178"}],"wp:term":[{"taxonomy":"veiculo","embeddable":true,"href":"https:\/\/concertacaoamazonia.com.br\/en\/wp-json\/wp\/v2\/veiculo?post=47178"},{"taxonomy":"categoria-estudos","embeddable":true,"href":"https:\/\/concertacaoamazonia.com.br\/en\/wp-json\/wp\/v2\/categoria-estudos?post=47178"},{"taxonomy":"ano","embeddable":true,"href":"https:\/\/concertacaoamazonia.com.br\/en\/wp-json\/wp\/v2\/ano?post=47178"},{"taxonomy":"eixos","embeddable":true,"href":"https:\/\/concertacaoamazonia.com.br\/en\/wp-json\/wp\/v2\/eixos?post=47178"}],"curies":[{"name":"wp","href":"https:\/\/api.w.org\/{rel}","templated":true}]}}

Mapeamento de Negócios da Bioeconomia na Amazônia

<p>Considerado o país mais mega diverso do planeta, o Brasil está em posição privilegiada para liderar a agenda de desenvolvimento sustentável, que tem como premissas a inclusão social e a preservação dos recursos presentes em benefício das gerações futuras. Para isso, contudo, o&nbsp;governo brasileiro&nbsp;deverá cumprir os papéis de definidor de agendas e articulador de atores públicos, privados e do terceiro setor, mobilizando os conhecimentos e recursos necessários para traduzir seus ativos ambientais em um ciclo de prosperidade.É nesse contexto que&nbsp;o Ministério do Desenvolvimento, Indústria, Comércio e Serviços e o PNUD lançam&nbsp;o&nbsp;</p>



<p><em>Mapeamento&nbsp;de Negócios da Bioeconomia na Amazônia</em>, um estudo pioneiro que serve como ponto de partida para compreensão das potencialidades de novos empreendimentos na região amazônica baseados na bioeconomia. Trata-se de um passo conceitual importante,&nbsp;o qual&nbsp;contribuirá para aproximar governo, academia e setor produtivo, transformando pesquisas científicas em geração de emprego e renda, que&nbsp;estarão na base da preservação da maior floresta tropical do mundo.</p>
