{"id":44956,"date":"2023-07-25T18:39:30","date_gmt":"2023-07-25T21:39:30","guid":{"rendered":"https:\/\/concertacaoamazonia.com.br\/?post_type=estudos&#038;p=44956"},"modified":"2025-01-28T18:28:18","modified_gmt":"2025-01-28T21:28:18","slug":"relatorio-tecnico-no8-2023saude-e-meio-ambiente","status":"publish","type":"estudos","link":"https:\/\/concertacaoamazonia.com.br\/en\/estudos\/relatorio-tecnico-no8-2023saude-e-meio-ambiente\/","title":{"rendered":"Relat\u00f3rio T\u00e9cnico n\u00ba8\/2023Sa\u00fade e Meio Ambiente"},"content":{"rendered":"\n<p>O Relat\u00f3rio T\u00e9cnico da Agenda Mais SUS \u00e9 uma iniciativa do Instituto de Estudos para Pol\u00edticas de Sa\u00fade<br>(IEPS), da Umane e do Instituto Veredas, que integram as a\u00e7\u00f5es da \u201cAgenda Mais SUS: Evid\u00eancias e<br>Caminhos para Fortalecer a Sa\u00fade P\u00fablica no Brasil\u201d. A Agenda tem o objetivo de contribuir com o debate p\u00fablico subsidiando os poderes Executivo e Legislativo a partir de documentos para o aprimoramento do Sistema \u00danico de Sa\u00fade (SUS).<\/p>\n","protected":false},"featured_media":44957,"parent":0,"template":"","veiculo":[2050],"categoria-estudos":[1885],"ano":[1902],"eixos":[1148,179],"class_list":["post-44956","estudos","type-estudos","status-publish","has-post-thumbnail","hentry","veiculo-ieps"],"_links":{"self":[{"href":"https:\/\/concertacaoamazonia.com.br\/en\/wp-json\/wp\/v2\/estudos\/44956","targetHints":{"allow":["GET"]}}],"collection":[{"href":"https:\/\/concertacaoamazonia.com.br\/en\/wp-json\/wp\/v2\/estudos"}],"about":[{"href":"https:\/\/concertacaoamazonia.com.br\/en\/wp-json\/wp\/v2\/types\/estudos"}],"version-history":[{"count":0,"href":"https:\/\/concertacaoamazonia.com.br\/en\/wp-json\/wp\/v2\/estudos\/44956\/revisions"}],"wp:featuredmedia":[{"embeddable":true,"href":"https:\/\/concertacaoamazonia.com.br\/en\/wp-json\/wp\/v2\/media\/44957"}],"wp:attachment":[{"href":"https:\/\/concertacaoamazonia.com.br\/en\/wp-json\/wp\/v2\/media?parent=44956"}],"wp:term":[{"taxonomy":"veiculo","embeddable":true,"href":"https:\/\/concertacaoamazonia.com.br\/en\/wp-json\/wp\/v2\/veiculo?post=44956"},{"taxonomy":"categoria-estudos","embeddable":true,"href":"https:\/\/concertacaoamazonia.com.br\/en\/wp-json\/wp\/v2\/categoria-estudos?post=44956"},{"taxonomy":"ano","embeddable":true,"href":"https:\/\/concertacaoamazonia.com.br\/en\/wp-json\/wp\/v2\/ano?post=44956"},{"taxonomy":"eixos","embeddable":true,"href":"https:\/\/concertacaoamazonia.com.br\/en\/wp-json\/wp\/v2\/eixos?post=44956"}],"curies":[{"name":"wp","href":"https:\/\/api.w.org\/{rel}","templated":true}]}}

Relatório Técnico nº8/2023Saúde e Meio Ambiente

<p>O Relatório Técnico da Agenda Mais SUS é uma iniciativa do Instituto de Estudos para Políticas de Saúde<br>(IEPS), da Umane e do Instituto Veredas, que integram as ações da “Agenda Mais SUS: Evidências e<br>Caminhos para Fortalecer a Saúde Pública no Brasil”. A Agenda tem o objetivo de contribuir com o debate público subsidiando os poderes Executivo e Legislativo a partir de documentos para o aprimoramento do Sistema Único de Saúde (SUS).</p>
