{"id":44418,"date":"2023-07-04T14:53:17","date_gmt":"2023-07-04T17:53:17","guid":{"rendered":"https:\/\/concertacaoamazonia.com.br\/?post_type=estudos&#038;p=44418"},"modified":"2025-01-28T18:28:18","modified_gmt":"2025-01-28T21:28:18","slug":"fundo-amazonia-relatorio-de-atividades-2022","status":"publish","type":"estudos","link":"https:\/\/concertacaoamazonia.com.br\/en\/estudos\/fundo-amazonia-relatorio-de-atividades-2022\/","title":{"rendered":"Fundo Amaz\u00f4nia &#8211; RELAT\u00d3RIO DE ATIVIDADES 2022"},"content":{"rendered":"\n<p>O Fundo Amaz\u00f4nia \u00e9 um instrumento de financiamento de a\u00e7\u00f5es para Redu\u00e7\u00e3o de<br>Emiss\u00f5es Provenientes do Desmatamento e da Degrada\u00e7\u00e3o Florestal (REDD+).1<br>Foi proposto pelo Brasil em 2007, na 13\u00aa Confer\u00eancia das Partes da Conven\u00e7\u00e3o-<br>Quadro das Na\u00e7\u00f5es Unidas sobre Mudan\u00e7a Clim\u00e1tica (UNFCCC), e teve sua cria\u00e7\u00e3o<br>autorizada ao BNDES em 2008, por meio do Decreto Presidencial 6.527. Foi<br>constitu\u00eddo para receber doa\u00e7\u00f5es volunt\u00e1rias para aplica\u00e7\u00e3o n\u00e3o reembols\u00e1vel em<br>a\u00e7\u00f5es de preven\u00e7\u00e3o, monitoramento e combate ao desmatamento, de conserva\u00e7\u00e3o e<br>de uso sustent\u00e1vel da Amaz\u00f4nia Legal<\/p>\n","protected":false},"featured_media":44419,"parent":0,"template":"","veiculo":[1550],"categoria-estudos":[1881],"ano":[1902],"eixos":[1148,604,174],"class_list":["post-44418","estudos","type-estudos","status-publish","has-post-thumbnail","hentry","veiculo-bndes"],"_links":{"self":[{"href":"https:\/\/concertacaoamazonia.com.br\/en\/wp-json\/wp\/v2\/estudos\/44418","targetHints":{"allow":["GET"]}}],"collection":[{"href":"https:\/\/concertacaoamazonia.com.br\/en\/wp-json\/wp\/v2\/estudos"}],"about":[{"href":"https:\/\/concertacaoamazonia.com.br\/en\/wp-json\/wp\/v2\/types\/estudos"}],"version-history":[{"count":0,"href":"https:\/\/concertacaoamazonia.com.br\/en\/wp-json\/wp\/v2\/estudos\/44418\/revisions"}],"wp:featuredmedia":[{"embeddable":true,"href":"https:\/\/concertacaoamazonia.com.br\/en\/wp-json\/wp\/v2\/media\/44419"}],"wp:attachment":[{"href":"https:\/\/concertacaoamazonia.com.br\/en\/wp-json\/wp\/v2\/media?parent=44418"}],"wp:term":[{"taxonomy":"veiculo","embeddable":true,"href":"https:\/\/concertacaoamazonia.com.br\/en\/wp-json\/wp\/v2\/veiculo?post=44418"},{"taxonomy":"categoria-estudos","embeddable":true,"href":"https:\/\/concertacaoamazonia.com.br\/en\/wp-json\/wp\/v2\/categoria-estudos?post=44418"},{"taxonomy":"ano","embeddable":true,"href":"https:\/\/concertacaoamazonia.com.br\/en\/wp-json\/wp\/v2\/ano?post=44418"},{"taxonomy":"eixos","embeddable":true,"href":"https:\/\/concertacaoamazonia.com.br\/en\/wp-json\/wp\/v2\/eixos?post=44418"}],"curies":[{"name":"wp","href":"https:\/\/api.w.org\/{rel}","templated":true}]}}

Fundo Amazônia &#8211; RELATÓRIO DE ATIVIDADES 2022

<p>O Fundo Amazônia é um instrumento de financiamento de ações para Redução de<br>Emissões Provenientes do Desmatamento e da Degradação Florestal (REDD+).1<br>Foi proposto pelo Brasil em 2007, na 13ª Conferência das Partes da Convenção-<br>Quadro das Nações Unidas sobre Mudança Climática (UNFCCC), e teve sua criação<br>autorizada ao BNDES em 2008, por meio do Decreto Presidencial 6.527. Foi<br>constituído para receber doações voluntárias para aplicação não reembolsável em<br>ações de prevenção, monitoramento e combate ao desmatamento, de conservação e<br>de uso sustentável da Amazônia Legal</p>
