{"id":36374,"date":"2022-12-07T20:51:19","date_gmt":"2022-12-07T23:51:19","guid":{"rendered":"https:\/\/concertacaoamazonia.com.br\/?post_type=estudos&#038;p=36374"},"modified":"2025-01-28T18:29:08","modified_gmt":"2025-01-28T21:29:08","slug":"educacao-ja-2022-contribuicoes-para-a-construcao-de-uma-agenda-sistemica-na-educacao-basica-brasileira","status":"publish","type":"estudos","link":"https:\/\/concertacaoamazonia.com.br\/en\/estudos\/educacao-ja-2022-contribuicoes-para-a-construcao-de-uma-agenda-sistemica-na-educacao-basica-brasileira\/","title":{"rendered":"Educa\u00e7\u00e3o J\u00e1 2022: contribui\u00e7\u00f5es para a constru\u00e7\u00e3o de uma agenda sist\u00eamica na Educa\u00e7\u00e3o B\u00e1sica Brasileira"},"content":{"rendered":"","protected":false},"featured_media":36375,"parent":0,"template":"","veiculo":[1897],"categoria-estudos":[1881],"ano":[1074],"eixos":[1819,175],"class_list":["post-36374","estudos","type-estudos","status-publish","has-post-thumbnail","hentry","veiculo-todos-pela-educacao"],"_links":{"self":[{"href":"https:\/\/concertacaoamazonia.com.br\/en\/wp-json\/wp\/v2\/estudos\/36374","targetHints":{"allow":["GET"]}}],"collection":[{"href":"https:\/\/concertacaoamazonia.com.br\/en\/wp-json\/wp\/v2\/estudos"}],"about":[{"href":"https:\/\/concertacaoamazonia.com.br\/en\/wp-json\/wp\/v2\/types\/estudos"}],"version-history":[{"count":0,"href":"https:\/\/concertacaoamazonia.com.br\/en\/wp-json\/wp\/v2\/estudos\/36374\/revisions"}],"wp:featuredmedia":[{"embeddable":true,"href":"https:\/\/concertacaoamazonia.com.br\/en\/wp-json\/wp\/v2\/media\/36375"}],"wp:attachment":[{"href":"https:\/\/concertacaoamazonia.com.br\/en\/wp-json\/wp\/v2\/media?parent=36374"}],"wp:term":[{"taxonomy":"veiculo","embeddable":true,"href":"https:\/\/concertacaoamazonia.com.br\/en\/wp-json\/wp\/v2\/veiculo?post=36374"},{"taxonomy":"categoria-estudos","embeddable":true,"href":"https:\/\/concertacaoamazonia.com.br\/en\/wp-json\/wp\/v2\/categoria-estudos?post=36374"},{"taxonomy":"ano","embeddable":true,"href":"https:\/\/concertacaoamazonia.com.br\/en\/wp-json\/wp\/v2\/ano?post=36374"},{"taxonomy":"eixos","embeddable":true,"href":"https:\/\/concertacaoamazonia.com.br\/en\/wp-json\/wp\/v2\/eixos?post=36374"}],"curies":[{"name":"wp","href":"https:\/\/api.w.org\/{rel}","templated":true}]}}

Educação Já 2022: contribuições para a construção de uma agenda sistêmica na Educação Básica Brasileira
