{"id":36341,"date":"2022-12-07T20:38:30","date_gmt":"2022-12-07T23:38:30","guid":{"rendered":"https:\/\/concertacaoamazonia.com.br\/?post_type=estudos&#038;p=36341"},"modified":"2025-01-28T18:29:08","modified_gmt":"2025-01-28T21:29:08","slug":"governar-para-nao-entregar-uma-agenda-de-seguranca-multidimensional-para-a-amazonia-brasileira","status":"publish","type":"estudos","link":"https:\/\/concertacaoamazonia.com.br\/en\/estudos\/governar-para-nao-entregar-uma-agenda-de-seguranca-multidimensional-para-a-amazonia-brasileira\/","title":{"rendered":"Governar para n\u00e3o entregar: uma agenda de Seguran\u00e7a Multidimensional para a Amaz\u00f4nia brasileira"},"content":{"rendered":"","protected":false},"featured_media":36343,"parent":0,"template":"","veiculo":[810],"categoria-estudos":[1881],"ano":[1074],"eixos":[172,175,598],"class_list":["post-36341","estudos","type-estudos","status-publish","has-post-thumbnail","hentry","veiculo-instituto-igarape"],"_links":{"self":[{"href":"https:\/\/concertacaoamazonia.com.br\/en\/wp-json\/wp\/v2\/estudos\/36341","targetHints":{"allow":["GET"]}}],"collection":[{"href":"https:\/\/concertacaoamazonia.com.br\/en\/wp-json\/wp\/v2\/estudos"}],"about":[{"href":"https:\/\/concertacaoamazonia.com.br\/en\/wp-json\/wp\/v2\/types\/estudos"}],"version-history":[{"count":0,"href":"https:\/\/concertacaoamazonia.com.br\/en\/wp-json\/wp\/v2\/estudos\/36341\/revisions"}],"wp:featuredmedia":[{"embeddable":true,"href":"https:\/\/concertacaoamazonia.com.br\/en\/wp-json\/wp\/v2\/media\/36343"}],"wp:attachment":[{"href":"https:\/\/concertacaoamazonia.com.br\/en\/wp-json\/wp\/v2\/media?parent=36341"}],"wp:term":[{"taxonomy":"veiculo","embeddable":true,"href":"https:\/\/concertacaoamazonia.com.br\/en\/wp-json\/wp\/v2\/veiculo?post=36341"},{"taxonomy":"categoria-estudos","embeddable":true,"href":"https:\/\/concertacaoamazonia.com.br\/en\/wp-json\/wp\/v2\/categoria-estudos?post=36341"},{"taxonomy":"ano","embeddable":true,"href":"https:\/\/concertacaoamazonia.com.br\/en\/wp-json\/wp\/v2\/ano?post=36341"},{"taxonomy":"eixos","embeddable":true,"href":"https:\/\/concertacaoamazonia.com.br\/en\/wp-json\/wp\/v2\/eixos?post=36341"}],"curies":[{"name":"wp","href":"https:\/\/api.w.org\/{rel}","templated":true}]}}

Governar para não entregar: uma agenda de Segurança Multidimensional para a Amazônia brasileira
