{"id":36324,"date":"2022-12-07T20:32:02","date_gmt":"2022-12-07T23:32:02","guid":{"rendered":"https:\/\/concertacaoamazonia.com.br\/?post_type=estudos&#038;p=36324"},"modified":"2025-01-28T18:29:08","modified_gmt":"2025-01-28T21:29:08","slug":"uma-agenda-inadiavel-politicas-publicas-para-um-brasil-democratico-com-justica-prosperidade-e-esperanca","status":"publish","type":"estudos","link":"https:\/\/concertacaoamazonia.com.br\/en\/estudos\/uma-agenda-inadiavel-politicas-publicas-para-um-brasil-democratico-com-justica-prosperidade-e-esperanca\/","title":{"rendered":"Uma agenda inadi\u00e1vel: pol\u00edticas p\u00fablicas para um Brasil democr\u00e1tico com justi\u00e7a, prosperidade e esperan\u00e7a"},"content":{"rendered":"","protected":false},"featured_media":36327,"parent":0,"template":"","veiculo":[1894],"categoria-estudos":[1881],"ano":[1074],"eixos":[172,176,175],"class_list":["post-36324","estudos","type-estudos","status-publish","has-post-thumbnail","hentry","veiculo-derrubando-muros"],"_links":{"self":[{"href":"https:\/\/concertacaoamazonia.com.br\/en\/wp-json\/wp\/v2\/estudos\/36324","targetHints":{"allow":["GET"]}}],"collection":[{"href":"https:\/\/concertacaoamazonia.com.br\/en\/wp-json\/wp\/v2\/estudos"}],"about":[{"href":"https:\/\/concertacaoamazonia.com.br\/en\/wp-json\/wp\/v2\/types\/estudos"}],"version-history":[{"count":0,"href":"https:\/\/concertacaoamazonia.com.br\/en\/wp-json\/wp\/v2\/estudos\/36324\/revisions"}],"wp:featuredmedia":[{"embeddable":true,"href":"https:\/\/concertacaoamazonia.com.br\/en\/wp-json\/wp\/v2\/media\/36327"}],"wp:attachment":[{"href":"https:\/\/concertacaoamazonia.com.br\/en\/wp-json\/wp\/v2\/media?parent=36324"}],"wp:term":[{"taxonomy":"veiculo","embeddable":true,"href":"https:\/\/concertacaoamazonia.com.br\/en\/wp-json\/wp\/v2\/veiculo?post=36324"},{"taxonomy":"categoria-estudos","embeddable":true,"href":"https:\/\/concertacaoamazonia.com.br\/en\/wp-json\/wp\/v2\/categoria-estudos?post=36324"},{"taxonomy":"ano","embeddable":true,"href":"https:\/\/concertacaoamazonia.com.br\/en\/wp-json\/wp\/v2\/ano?post=36324"},{"taxonomy":"eixos","embeddable":true,"href":"https:\/\/concertacaoamazonia.com.br\/en\/wp-json\/wp\/v2\/eixos?post=36324"}],"curies":[{"name":"wp","href":"https:\/\/api.w.org\/{rel}","templated":true}]}}

Uma agenda inadiável: políticas públicas para um Brasil democrático com justiça, prosperidade e esperança
