{"id":36308,"date":"2022-12-07T20:18:12","date_gmt":"2022-12-07T23:18:12","guid":{"rendered":"https:\/\/concertacaoamazonia.com.br\/?post_type=estudos&#038;p=36308"},"modified":"2026-05-01T00:44:18","modified_gmt":"2026-05-01T03:44:18","slug":"propostas-da-coalizao-aos-candidatos-as-eleicoes-de-2022","status":"publish","type":"estudos","link":"https:\/\/concertacaoamazonia.com.br\/en\/estudos\/propostas-da-coalizao-aos-candidatos-as-eleicoes-de-2022\/","title":{"rendered":"Propostas da Coaliz\u00e3o aos candidatos \u00e0s elei\u00e7\u00f5es de 2022"},"content":{"rendered":"","protected":false},"featured_media":36311,"parent":0,"template":"","veiculo":[1892],"categoria-estudos":[1881],"ano":[1074],"eixos":[185,604,172,174,180,184,176,2013,175],"class_list":["post-36308","estudos","type-estudos","status-publish","has-post-thumbnail","hentry","veiculo-coalizao-brasil-clima-florestas-e-agricultura"],"_links":{"self":[{"href":"https:\/\/concertacaoamazonia.com.br\/en\/wp-json\/wp\/v2\/estudos\/36308","targetHints":{"allow":["GET"]}}],"collection":[{"href":"https:\/\/concertacaoamazonia.com.br\/en\/wp-json\/wp\/v2\/estudos"}],"about":[{"href":"https:\/\/concertacaoamazonia.com.br\/en\/wp-json\/wp\/v2\/types\/estudos"}],"version-history":[{"count":0,"href":"https:\/\/concertacaoamazonia.com.br\/en\/wp-json\/wp\/v2\/estudos\/36308\/revisions"}],"wp:featuredmedia":[{"embeddable":true,"href":"https:\/\/concertacaoamazonia.com.br\/en\/wp-json\/wp\/v2\/media\/36311"}],"wp:attachment":[{"href":"https:\/\/concertacaoamazonia.com.br\/en\/wp-json\/wp\/v2\/media?parent=36308"}],"wp:term":[{"taxonomy":"veiculo","embeddable":true,"href":"https:\/\/concertacaoamazonia.com.br\/en\/wp-json\/wp\/v2\/veiculo?post=36308"},{"taxonomy":"categoria-estudos","embeddable":true,"href":"https:\/\/concertacaoamazonia.com.br\/en\/wp-json\/wp\/v2\/categoria-estudos?post=36308"},{"taxonomy":"ano","embeddable":true,"href":"https:\/\/concertacaoamazonia.com.br\/en\/wp-json\/wp\/v2\/ano?post=36308"},{"taxonomy":"eixos","embeddable":true,"href":"https:\/\/concertacaoamazonia.com.br\/en\/wp-json\/wp\/v2\/eixos?post=36308"}],"curies":[{"name":"wp","href":"https:\/\/api.w.org\/{rel}","templated":true}]}}

Propostas da Coalizão aos candidatos às eleições de 2022
