{"id":36077,"date":"2022-12-05T09:46:09","date_gmt":"2022-12-05T12:46:09","guid":{"rendered":"https:\/\/concertacaoamazonia.com.br\/?post_type=estudos&#038;p=36077"},"modified":"2025-01-28T18:37:24","modified_gmt":"2025-01-28T21:37:24","slug":"politicas-publicas-e-governanca-territorial-em-contextos-de-grandes-obras-de-infraestrutura-na-amazonia","status":"publish","type":"estudos","link":"https:\/\/concertacaoamazonia.com.br\/en\/estudos\/politicas-publicas-e-governanca-territorial-em-contextos-de-grandes-obras-de-infraestrutura-na-amazonia\/","title":{"rendered":"Pol\u00edticas P\u00fablicas e Governan\u00e7a Territorial em Contextos de Grandes Obras de Infraestrutura na Amaz\u00f4nia"},"content":{"rendered":"","protected":false},"featured_media":36080,"parent":0,"template":"","veiculo":[817],"categoria-estudos":[],"ano":[1074],"eixos":[1148,172,182,176,175,177],"class_list":["post-36077","estudos","type-estudos","status-publish","has-post-thumbnail","hentry","veiculo-fgvces"],"_links":{"self":[{"href":"https:\/\/concertacaoamazonia.com.br\/en\/wp-json\/wp\/v2\/estudos\/36077","targetHints":{"allow":["GET"]}}],"collection":[{"href":"https:\/\/concertacaoamazonia.com.br\/en\/wp-json\/wp\/v2\/estudos"}],"about":[{"href":"https:\/\/concertacaoamazonia.com.br\/en\/wp-json\/wp\/v2\/types\/estudos"}],"version-history":[{"count":0,"href":"https:\/\/concertacaoamazonia.com.br\/en\/wp-json\/wp\/v2\/estudos\/36077\/revisions"}],"wp:featuredmedia":[{"embeddable":true,"href":"https:\/\/concertacaoamazonia.com.br\/en\/wp-json\/wp\/v2\/media\/36080"}],"wp:attachment":[{"href":"https:\/\/concertacaoamazonia.com.br\/en\/wp-json\/wp\/v2\/media?parent=36077"}],"wp:term":[{"taxonomy":"veiculo","embeddable":true,"href":"https:\/\/concertacaoamazonia.com.br\/en\/wp-json\/wp\/v2\/veiculo?post=36077"},{"taxonomy":"categoria-estudos","embeddable":true,"href":"https:\/\/concertacaoamazonia.com.br\/en\/wp-json\/wp\/v2\/categoria-estudos?post=36077"},{"taxonomy":"ano","embeddable":true,"href":"https:\/\/concertacaoamazonia.com.br\/en\/wp-json\/wp\/v2\/ano?post=36077"},{"taxonomy":"eixos","embeddable":true,"href":"https:\/\/concertacaoamazonia.com.br\/en\/wp-json\/wp\/v2\/eixos?post=36077"}],"curies":[{"name":"wp","href":"https:\/\/api.w.org\/{rel}","templated":true}]}}

Políticas Públicas e Governança Territorial em Contextos de Grandes Obras de Infraestrutura na Amazônia
