{"id":19248,"date":"2022-08-17T22:11:15","date_gmt":"2022-08-18T01:11:15","guid":{"rendered":"https:\/\/concertacaoamazonia.com.br\/?post_type=estudos&#038;p=19023"},"modified":"2025-01-28T18:37:24","modified_gmt":"2025-01-28T21:37:24","slug":"a-educacao-profissional-na-amazonia-legal","status":"publish","type":"estudos","link":"https:\/\/concertacaoamazonia.com.br\/en\/estudos\/a-educacao-profissional-na-amazonia-legal\/","title":{"rendered":"A Educa\u00e7\u00e3o Profissional na Amaz\u00f4nia Legal"},"content":{"rendered":"<p>O estudo avalia a situa\u00e7\u00e3o na Educa\u00e7\u00e3o Profissional na Amaz\u00f4nia Legal, considerando o funcionamento do mercado de trabalho da regi\u00e3o, bem como apontam li\u00e7\u00f5es para o desenvolvimento e para a gera\u00e7\u00e3o de empregos locais a partir de experi\u00eancias de zonas francas e empresariais internacionais.<\/p>\n","protected":false},"featured_media":19181,"parent":0,"template":"","veiculo":[803],"categoria-estudos":[],"ano":[988],"eixos":[1148,1819,176,175,179],"class_list":["post-19248","estudos","type-estudos","status-publish","has-post-thumbnail","hentry","veiculo-amazonia-2030"],"_links":{"self":[{"href":"https:\/\/concertacaoamazonia.com.br\/en\/wp-json\/wp\/v2\/estudos\/19248","targetHints":{"allow":["GET"]}}],"collection":[{"href":"https:\/\/concertacaoamazonia.com.br\/en\/wp-json\/wp\/v2\/estudos"}],"about":[{"href":"https:\/\/concertacaoamazonia.com.br\/en\/wp-json\/wp\/v2\/types\/estudos"}],"version-history":[{"count":0,"href":"https:\/\/concertacaoamazonia.com.br\/en\/wp-json\/wp\/v2\/estudos\/19248\/revisions"}],"wp:featuredmedia":[{"embeddable":true,"href":"https:\/\/concertacaoamazonia.com.br\/en\/wp-json\/wp\/v2\/media\/19181"}],"wp:attachment":[{"href":"https:\/\/concertacaoamazonia.com.br\/en\/wp-json\/wp\/v2\/media?parent=19248"}],"wp:term":[{"taxonomy":"veiculo","embeddable":true,"href":"https:\/\/concertacaoamazonia.com.br\/en\/wp-json\/wp\/v2\/veiculo?post=19248"},{"taxonomy":"categoria-estudos","embeddable":true,"href":"https:\/\/concertacaoamazonia.com.br\/en\/wp-json\/wp\/v2\/categoria-estudos?post=19248"},{"taxonomy":"ano","embeddable":true,"href":"https:\/\/concertacaoamazonia.com.br\/en\/wp-json\/wp\/v2\/ano?post=19248"},{"taxonomy":"eixos","embeddable":true,"href":"https:\/\/concertacaoamazonia.com.br\/en\/wp-json\/wp\/v2\/eixos?post=19248"}],"curies":[{"name":"wp","href":"https:\/\/api.w.org\/{rel}","templated":true}]}}

A Educação Profissional na Amazônia Legal

<p>O estudo avalia a situação na Educação Profissional na Amazônia Legal, considerando o funcionamento do mercado de trabalho da região, bem como apontam lições para o desenvolvimento e para a geração de empregos locais a partir de experiências de zonas francas e empresariais internacionais.</p>
