{"id":19216,"date":"2022-08-17T21:51:38","date_gmt":"2022-08-18T00:51:38","guid":{"rendered":"https:\/\/concertacaoamazonia.com.br\/?post_type=estudos&#038;p=19041"},"modified":"2025-01-28T18:37:49","modified_gmt":"2025-01-28T21:37:49","slug":"desigualdades-no-mercado-de-trabalho-por-raca-evidencias-para-a-amazonia-legal","status":"publish","type":"estudos","link":"https:\/\/concertacaoamazonia.com.br\/en\/estudos\/desigualdades-no-mercado-de-trabalho-por-raca-evidencias-para-a-amazonia-legal\/","title":{"rendered":"Desigualdades no Mercado de Trabalho por Ra\u00e7a \u2013 Evid\u00eancias para a Amaz\u00f4nia Legal"},"content":{"rendered":"<p>O estudo aponta que mesmo sendo a maioria da popula\u00e7\u00e3o na regi\u00e3o, pretos e pardos s\u00e3o menos escolarizados, t\u00eam menos emprego, participam menos do mercado de trabalho e possuem maiores probabilidades de estarem na informalidade. Al\u00e9m disso, ganham 30% a menos do que pessoas brancas na Amaz\u00f4nia Legal. Embora parte dessa diferen\u00e7a seja explicada por caracter\u00edsticas relacionadas \u00e0 produtividade, como escolaridade, idade, e localidade de moradia, fazendo as compara\u00e7\u00f5es adequadas, o estudo identificou grandes diferen\u00e7as de rendimentos por ra\u00e7a que apontam que a principal explica\u00e7\u00e3o \u00e9 a discrimina\u00e7\u00e3o.<\/p>\n","protected":false},"featured_media":19142,"parent":0,"template":"","veiculo":[803],"categoria-estudos":[],"ano":[1074],"eixos":[1148,178,1819,175],"class_list":["post-19216","estudos","type-estudos","status-publish","has-post-thumbnail","hentry","veiculo-amazonia-2030"],"_links":{"self":[{"href":"https:\/\/concertacaoamazonia.com.br\/en\/wp-json\/wp\/v2\/estudos\/19216","targetHints":{"allow":["GET"]}}],"collection":[{"href":"https:\/\/concertacaoamazonia.com.br\/en\/wp-json\/wp\/v2\/estudos"}],"about":[{"href":"https:\/\/concertacaoamazonia.com.br\/en\/wp-json\/wp\/v2\/types\/estudos"}],"version-history":[{"count":0,"href":"https:\/\/concertacaoamazonia.com.br\/en\/wp-json\/wp\/v2\/estudos\/19216\/revisions"}],"wp:featuredmedia":[{"embeddable":true,"href":"https:\/\/concertacaoamazonia.com.br\/en\/wp-json\/wp\/v2\/media\/19142"}],"wp:attachment":[{"href":"https:\/\/concertacaoamazonia.com.br\/en\/wp-json\/wp\/v2\/media?parent=19216"}],"wp:term":[{"taxonomy":"veiculo","embeddable":true,"href":"https:\/\/concertacaoamazonia.com.br\/en\/wp-json\/wp\/v2\/veiculo?post=19216"},{"taxonomy":"categoria-estudos","embeddable":true,"href":"https:\/\/concertacaoamazonia.com.br\/en\/wp-json\/wp\/v2\/categoria-estudos?post=19216"},{"taxonomy":"ano","embeddable":true,"href":"https:\/\/concertacaoamazonia.com.br\/en\/wp-json\/wp\/v2\/ano?post=19216"},{"taxonomy":"eixos","embeddable":true,"href":"https:\/\/concertacaoamazonia.com.br\/en\/wp-json\/wp\/v2\/eixos?post=19216"}],"curies":[{"name":"wp","href":"https:\/\/api.w.org\/{rel}","templated":true}]}}

Desigualdades no Mercado de Trabalho por Raça – Evidências para a Amazônia Legal

<p>O estudo aponta que mesmo sendo a maioria da população na região, pretos e pardos são menos escolarizados, têm menos emprego, participam menos do mercado de trabalho e possuem maiores probabilidades de estarem na informalidade. Além disso, ganham 30% a menos do que pessoas brancas na Amazônia Legal. Embora parte dessa diferença seja explicada por características relacionadas à produtividade, como escolaridade, idade, e localidade de moradia, fazendo as comparações adequadas, o estudo identificou grandes diferenças de rendimentos por raça que apontam que a principal explicação é a discriminação.</p>
