{"id":19032,"date":"2022-08-17T22:00:53","date_gmt":"2022-08-18T01:00:53","guid":{"rendered":"https:\/\/concertacaoamazonia.com.br\/?post_type=estudos&#038;p=19032"},"modified":"2025-01-28T18:37:49","modified_gmt":"2025-01-28T21:37:49","slug":"a-saude-na-amazonia-legal-uma-agenda-para-acao","status":"publish","type":"estudos","link":"https:\/\/concertacaoamazonia.com.br\/en\/estudos\/a-saude-na-amazonia-legal-uma-agenda-para-acao\/","title":{"rendered":"A Sa\u00fade na Amaz\u00f4nia Legal: Uma Agenda para A\u00e7\u00e3o"},"content":{"rendered":"<p>Neste terceiro relat\u00f3rio sobre sa\u00fade do projeto Amaz\u00f4nia 2030, os autores se baseiam em um diagn\u00f3stico a partir das informa\u00e7\u00f5es coletadas e analisadas ao longo deste projeto para mapear recomenda\u00e7\u00f5es para pol\u00edticas de sa\u00fade e prioridades para a\u00e7\u00e3o na Amaz\u00f4nia.<\/p>\n","protected":false},"featured_media":19163,"parent":0,"template":"","veiculo":[803],"categoria-estudos":[],"ano":[1074],"eixos":[1148,172,182,175,179],"class_list":["post-19032","estudos","type-estudos","status-publish","has-post-thumbnail","hentry","veiculo-amazonia-2030"],"_links":{"self":[{"href":"https:\/\/concertacaoamazonia.com.br\/en\/wp-json\/wp\/v2\/estudos\/19032","targetHints":{"allow":["GET"]}}],"collection":[{"href":"https:\/\/concertacaoamazonia.com.br\/en\/wp-json\/wp\/v2\/estudos"}],"about":[{"href":"https:\/\/concertacaoamazonia.com.br\/en\/wp-json\/wp\/v2\/types\/estudos"}],"version-history":[{"count":0,"href":"https:\/\/concertacaoamazonia.com.br\/en\/wp-json\/wp\/v2\/estudos\/19032\/revisions"}],"wp:featuredmedia":[{"embeddable":true,"href":"https:\/\/concertacaoamazonia.com.br\/en\/wp-json\/wp\/v2\/media\/19163"}],"wp:attachment":[{"href":"https:\/\/concertacaoamazonia.com.br\/en\/wp-json\/wp\/v2\/media?parent=19032"}],"wp:term":[{"taxonomy":"veiculo","embeddable":true,"href":"https:\/\/concertacaoamazonia.com.br\/en\/wp-json\/wp\/v2\/veiculo?post=19032"},{"taxonomy":"categoria-estudos","embeddable":true,"href":"https:\/\/concertacaoamazonia.com.br\/en\/wp-json\/wp\/v2\/categoria-estudos?post=19032"},{"taxonomy":"ano","embeddable":true,"href":"https:\/\/concertacaoamazonia.com.br\/en\/wp-json\/wp\/v2\/ano?post=19032"},{"taxonomy":"eixos","embeddable":true,"href":"https:\/\/concertacaoamazonia.com.br\/en\/wp-json\/wp\/v2\/eixos?post=19032"}],"curies":[{"name":"wp","href":"https:\/\/api.w.org\/{rel}","templated":true}]}}

A Saúde na Amazônia Legal: Uma Agenda para Ação

<p>Neste terceiro relatório sobre saúde do projeto Amazônia 2030, os autores se baseiam em um diagnóstico a partir das informações coletadas e analisadas ao longo deste projeto para mapear recomendações para políticas de saúde e prioridades para ação na Amazônia.</p>
