{"id":13960,"date":"2022-05-08T22:44:26","date_gmt":"2022-05-09T01:44:26","guid":{"rendered":"https:\/\/concertacaoamazonia.com.br\/?post_type=objetos&#038;p=10732"},"modified":"2025-01-28T18:38:41","modified_gmt":"2025-01-28T21:38:41","slug":"fronteiras-da-atuacao-empresarial-em-clima","status":"publish","type":"estudos","link":"https:\/\/concertacaoamazonia.com.br\/en\/estudos\/fronteiras-da-atuacao-empresarial-em-clima\/","title":{"rendered":"Fronteiras da atua\u00e7\u00e3o empresarial em clima"},"content":{"rendered":"<p>O framework apresentado nesta publica\u00e7\u00e3o consolida conte\u00fados e reflex\u00f5es emergentes de um processo que envolveu empresas, pesquisadores e espacialistas, relacionados<br \/>\n\u00e0s pr\u00e1ticas e fronteiras que precisam ser alcan\u00e7adas e ultrapassadas para o avan\u00e7o da agenda empresarial em clima e suas interfaces com os temas de justi\u00e7a social ebiodiversidade.<\/p>\n","protected":false},"featured_media":19336,"parent":0,"template":"","veiculo":[817],"categoria-estudos":[],"ano":[988],"eixos":[1148,604,184,176,1150,1154,1166],"class_list":["post-13960","estudos","type-estudos","status-publish","has-post-thumbnail","hentry","veiculo-fgvces"],"_links":{"self":[{"href":"https:\/\/concertacaoamazonia.com.br\/en\/wp-json\/wp\/v2\/estudos\/13960","targetHints":{"allow":["GET"]}}],"collection":[{"href":"https:\/\/concertacaoamazonia.com.br\/en\/wp-json\/wp\/v2\/estudos"}],"about":[{"href":"https:\/\/concertacaoamazonia.com.br\/en\/wp-json\/wp\/v2\/types\/estudos"}],"version-history":[{"count":0,"href":"https:\/\/concertacaoamazonia.com.br\/en\/wp-json\/wp\/v2\/estudos\/13960\/revisions"}],"wp:featuredmedia":[{"embeddable":true,"href":"https:\/\/concertacaoamazonia.com.br\/en\/wp-json\/wp\/v2\/media\/19336"}],"wp:attachment":[{"href":"https:\/\/concertacaoamazonia.com.br\/en\/wp-json\/wp\/v2\/media?parent=13960"}],"wp:term":[{"taxonomy":"veiculo","embeddable":true,"href":"https:\/\/concertacaoamazonia.com.br\/en\/wp-json\/wp\/v2\/veiculo?post=13960"},{"taxonomy":"categoria-estudos","embeddable":true,"href":"https:\/\/concertacaoamazonia.com.br\/en\/wp-json\/wp\/v2\/categoria-estudos?post=13960"},{"taxonomy":"ano","embeddable":true,"href":"https:\/\/concertacaoamazonia.com.br\/en\/wp-json\/wp\/v2\/ano?post=13960"},{"taxonomy":"eixos","embeddable":true,"href":"https:\/\/concertacaoamazonia.com.br\/en\/wp-json\/wp\/v2\/eixos?post=13960"}],"curies":[{"name":"wp","href":"https:\/\/api.w.org\/{rel}","templated":true}]}}

Fronteiras da atuação empresarial em clima

<p>O framework apresentado nesta publicação consolida conteúdos e reflexões emergentes de um processo que envolveu empresas, pesquisadores e espacialistas, relacionados<br />
às práticas e fronteiras que precisam ser alcançadas e ultrapassadas para o avanço da agenda empresarial em clima e suas interfaces com os temas de justiça social ebiodiversidade.</p>
