{"id":60802,"date":"2024-09-16T16:18:50","date_gmt":"2024-09-16T19:18:50","guid":{"rendered":"https:\/\/concertacaoamazonia.com.br\/?page_id=60802"},"modified":"2024-09-16T16:18:50","modified_gmt":"2024-09-16T19:18:50","slug":"urgencia-e-cumplicidade","status":"publish","type":"page","link":"https:\/\/concertacaoamazonia.com.br\/cultura\/porosidades\/urgencia-e-cumplicidade\/","title":{"rendered":"Urg\u00eancia e cumplicidade"},"content":{"rendered":"\t\t<div data-elementor-type=\"wp-page\" data-elementor-id=\"60802\" class=\"elementor elementor-60802\" data-elementor-post-type=\"page\">\n\t\t\t\t<div class=\"elementor-element elementor-element-da4051d e-flex e-con-boxed e-con e-parent\" data-id=\"da4051d\" data-element_type=\"container\" data-e-type=\"container\" data-settings=\"{&quot;jet_parallax_layout_list&quot;:[]}\">\n\t\t\t\t\t<div class=\"e-con-inner\">\n\t\t<div class=\"elementor-element elementor-element-3adb228 e-con-full e-flex e-con e-child\" data-id=\"3adb228\" data-element_type=\"container\" data-e-type=\"container\" data-settings=\"{&quot;jet_parallax_layout_list&quot;:[]}\">\n\t\t\t\t<div class=\"elementor-element elementor-element-77aac52 elementor-invisible elementor-widget elementor-widget-heading\" data-id=\"77aac52\" data-element_type=\"widget\" data-e-type=\"widget\" data-settings=\"{&quot;_animation&quot;:&quot;fadeInLeft&quot;}\" data-widget_type=\"heading.default\">\n\t\t\t\t\t<h2 class=\"elementor-heading-title elementor-size-default\">Urg\u00eancia e cumplicidade<\/h2>\t\t\t\t<\/div>\n\t\t\t\t<div class=\"elementor-element elementor-element-f5bf3ae elementor-widget-divider--view-line elementor-invisible elementor-widget elementor-widget-divider\" data-id=\"f5bf3ae\" data-element_type=\"widget\" data-e-type=\"widget\" data-settings=\"{&quot;_animation&quot;:&quot;fadeInLeft&quot;}\" data-widget_type=\"divider.default\">\n\t\t\t\t\t\t\t<div class=\"elementor-divider\">\n\t\t\t<span class=\"elementor-divider-separator\">\n\t\t\t\t\t\t<\/span>\n\t\t<\/div>\n\t\t\t\t\t\t<\/div>\n\t\t\t\t<div class=\"elementor-element elementor-element-2b7e30c elementor-widget__width-initial animated-slow elementor-invisible elementor-widget elementor-widget-text-editor\" data-id=\"2b7e30c\" data-element_type=\"widget\" data-e-type=\"widget\" data-settings=\"{&quot;_animation&quot;:&quot;fadeInLeft&quot;}\" data-widget_type=\"text-editor.default\">\n\t\t\t\t\t\t\t\t\t<p style=\"text-align: center;\">N\u00e3o \u00e9 sobre criticar e apontar. \u00c9 sobre apoiar e construir junto em todos os momentos, at\u00e9 os mais dif\u00edceis. O cacique Raoni em grafites ou lambe-lambes invadindo o Brasil e as discuss\u00f5es na tentativa de cuidado. Rog\u00e9rio Assis com seus duos juntando pe\u00e7as para mostrar o que a racionalidade sozinha n\u00e3o d\u00e1 conta. Ant\u00f4nio com seus 14 anos de idade nos indica caminhos seguros e educados. E as sementes de Hadna Abreu, que a partir de uma muvuca apresentou atos normativos para os 100 primeiros dias do atual governo.<\/p>\t\t\t\t\t\t\t\t<\/div>\n\t\t\t\t<\/div>\n\t\t<div class=\"elementor-element elementor-element-364b8ad e-con-full e-flex e-con e-child\" data-id=\"364b8ad\" data-element_type=\"container\" data-e-type=\"container\" data-settings=\"{&quot;jet_parallax_layout_list&quot;:[]}\">\n\t\t\t\t<div class=\"elementor-element elementor-element-7638c6d elementor-skin-coverflow elementor-arrows-yes elementor-pagination-type-bullets elementor-pagination-position-outside elementor-widget elementor-widget-media-carousel\" data-id=\"7638c6d\" data-element_type=\"widget\" data-e-type=\"widget\" data-settings=\"{&quot;skin&quot;:&quot;coverflow&quot;,&quot;slides_per_view&quot;:&quot;3&quot;,&quot;autoplay_speed&quot;:2000,&quot;space_between&quot;:{&quot;unit&quot;:&quot;px&quot;,&quot;size&quot;:30,&quot;sizes&quot;:[]},&quot;slides_to_scroll&quot;:&quot;1&quot;,&quot;show_arrows&quot;:&quot;yes&quot;,&quot;pagination&quot;:&quot;bullets&quot;,&quot;speed&quot;:500,&quot;autoplay&quot;:&quot;yes&quot;,&quot;loop&quot;:&quot;yes&quot;,&quot;pause_on_hover&quot;:&quot;yes&quot;,&quot;pause_on_interaction&quot;:&quot;yes&quot;,&quot;space_between_tablet&quot;:{&quot;unit&quot;:&quot;px&quot;,&quot;size&quot;:10,&quot;sizes&quot;:[]},&quot;space_between_mobile&quot;:{&quot;unit&quot;:&quot;px&quot;,&quot;size&quot;:10,&quot;sizes&quot;:[]}}\" data-widget_type=\"media-carousel.default\">\n\t\t\t\t\t\t\t\t\t\t<div class=\"elementor-main-swiper swiper\" role=\"region\" aria-roledescription=\"carousel\" aria-label=\"Slides\">\n\t\t\t\t<div class=\"swiper-wrapper\">\n\t\t\t\t\t\t\t\t\t\t\t<div class=\"swiper-slide\" role=\"group\" aria-roledescription=\"slide\">\n\t\t\t\t\t\t\t<a href=\"https:\/\/concertacaoamazonia.com.br\/wp-content\/uploads\/sites\/2\/2024\/09\/Fevereiro-2022-scaled.jpg\" data-elementor-open-lightbox=\"yes\" data-elementor-lightbox-slideshow=\"7638c6d\" data-elementor-lightbox-title=\"Fevereiro 2022 - Raiz Campos\" data-e-action-hash=\"#elementor-action%3Aaction%3Dlightbox%26settings%3DeyJpZCI6NjE0NjMsInVybCI6Imh0dHBzOlwvXC9jb25jZXJ0YWNhb2FtYXpvbmlhLmNvbS5iclwvY3VsdHVyYVwvd3AtY29udGVudFwvdXBsb2Fkc1wvMjAyNFwvMDlcL0ZldmVyZWlyby0yMDIyLXNjYWxlZC5qcGciLCJzbGlkZXNob3ciOiI3NjM4YzZkIn0%3D\">\t\t<div class=\"elementor-carousel-image\" role=\"img\" aria-label=\"Fevereiro 2022 - Raiz Campos\" style=\"background-image: url(&#039;https:\/\/concertacaoamazonia.com.br\/cultura\/wp-content\/uploads\/2024\/09\/Fevereiro-2022-scaled.jpg&#039;)\">\n\n\t\t\t\n\t\t\t\t\t<\/div>\n\t\t<\/a>\t\t\t\t\t\t<\/div>\n\t\t\t\t\t\t\t\t\t\t\t<div class=\"swiper-slide\" role=\"group\" aria-roledescription=\"slide\">\n\t\t\t\t\t\t\t<a href=\"https:\/\/concertacaoamazonia.com.br\/wp-content\/uploads\/sites\/2\/2024\/09\/nov-2022.jpeg\" data-elementor-open-lightbox=\"yes\" data-elementor-lightbox-slideshow=\"7638c6d\" data-elementor-lightbox-title=\"Novembro 2022 - Adna Abreu\" data-e-action-hash=\"#elementor-action%3Aaction%3Dlightbox%26settings%3DeyJpZCI6NjA4OTAsInVybCI6Imh0dHBzOlwvXC9jb25jZXJ0YWNhb2FtYXpvbmlhLmNvbS5iclwvY3VsdHVyYVwvd3AtY29udGVudFwvdXBsb2Fkc1wvMjAyNFwvMDlcL25vdi0yMDIyLmpwZWciLCJzbGlkZXNob3ciOiI3NjM4YzZkIn0%3D\">\t\t<div class=\"elementor-carousel-image\" role=\"img\" aria-label=\"Novembro 2022 - Adna Abreu\" style=\"background-image: url(&#039;https:\/\/concertacaoamazonia.com.br\/cultura\/wp-content\/uploads\/2024\/09\/nov-2022.jpeg&#039;)\">\n\n\t\t\t\n\t\t\t\t\t<\/div>\n\t\t<\/a>\t\t\t\t\t\t<\/div>\n\t\t\t\t\t\t\t\t\t\t\t<div class=\"swiper-slide\" role=\"group\" aria-roledescription=\"slide\">\n\t\t\t\t\t\t\t<a href=\"https:\/\/concertacaoamazonia.com.br\/wp-content\/uploads\/sites\/2\/2024\/09\/Julho-2022-scaled.jpg\" data-elementor-open-lightbox=\"yes\" data-elementor-lightbox-slideshow=\"7638c6d\" data-elementor-lightbox-title=\"Julho 2022\" data-e-action-hash=\"#elementor-action%3Aaction%3Dlightbox%26settings%3DeyJpZCI6NjE0NjUsInVybCI6Imh0dHBzOlwvXC9jb25jZXJ0YWNhb2FtYXpvbmlhLmNvbS5iclwvY3VsdHVyYVwvd3AtY29udGVudFwvdXBsb2Fkc1wvMjAyNFwvMDlcL0p1bGhvLTIwMjItc2NhbGVkLmpwZyIsInNsaWRlc2hvdyI6Ijc2MzhjNmQifQ%3D%3D\">\t\t<div class=\"elementor-carousel-image\" role=\"img\" aria-label=\"Julho 2022\" style=\"background-image: url(&#039;https:\/\/concertacaoamazonia.com.br\/cultura\/wp-content\/uploads\/2024\/09\/Julho-2022-scaled.jpg&#039;)\">\n\n\t\t\t\n\t\t\t\t\t<\/div>\n\t\t<\/a>\t\t\t\t\t\t<\/div>\n\t\t\t\t\t\t\t\t\t\t\t<div class=\"swiper-slide\" role=\"group\" aria-roledescription=\"slide\">\n\t\t\t\t\t\t\t<a href=\"https:\/\/concertacaoamazonia.com.br\/wp-content\/uploads\/sites\/2\/2024\/09\/Marco-2022-scaled.jpg\" data-elementor-open-lightbox=\"yes\" data-elementor-lightbox-slideshow=\"7638c6d\" data-elementor-lightbox-title=\"Marc\u0327o 2022\" data-e-action-hash=\"#elementor-action%3Aaction%3Dlightbox%26settings%3DeyJpZCI6NjE0NjcsInVybCI6Imh0dHBzOlwvXC9jb25jZXJ0YWNhb2FtYXpvbmlhLmNvbS5iclwvY3VsdHVyYVwvd3AtY29udGVudFwvdXBsb2Fkc1wvMjAyNFwvMDlcL01hcmNvLTIwMjItc2NhbGVkLmpwZyIsInNsaWRlc2hvdyI6Ijc2MzhjNmQifQ%3D%3D\">\t\t<div class=\"elementor-carousel-image\" role=\"img\" aria-label=\"Marc\u0327o 2022\" style=\"background-image: url(&#039;https:\/\/concertacaoamazonia.com.br\/cultura\/wp-content\/uploads\/2024\/09\/Marco-2022-scaled.jpg&#039;)\">\n\n\t\t\t\n\t\t\t\t\t<\/div>\n\t\t<\/a>\t\t\t\t\t\t<\/div>\n\t\t\t\t\t\t\t\t\t\t\t<div class=\"swiper-slide\" role=\"group\" aria-roledescription=\"slide\">\n\t\t\t\t\t\t\t<a href=\"https:\/\/concertacaoamazonia.com.br\/wp-content\/uploads\/sites\/2\/2024\/09\/Agosto-2022-scaled.jpg\" data-elementor-open-lightbox=\"yes\" data-elementor-lightbox-slideshow=\"7638c6d\" data-elementor-lightbox-title=\"Agosto 2022 - Rog\u00e9rio Assis\" data-e-action-hash=\"#elementor-action%3Aaction%3Dlightbox%26settings%3DeyJpZCI6NjE0NTksInVybCI6Imh0dHBzOlwvXC9jb25jZXJ0YWNhb2FtYXpvbmlhLmNvbS5iclwvY3VsdHVyYVwvd3AtY29udGVudFwvdXBsb2Fkc1wvMjAyNFwvMDlcL0Fnb3N0by0yMDIyLXNjYWxlZC5qcGciLCJzbGlkZXNob3ciOiI3NjM4YzZkIn0%3D\">\t\t<div class=\"elementor-carousel-image\" role=\"img\" aria-label=\"Agosto 2022 - Rog\u00e9rio Assis\" style=\"background-image: url(&#039;https:\/\/concertacaoamazonia.com.br\/cultura\/wp-content\/uploads\/2024\/09\/Agosto-2022-scaled.jpg&#039;)\">\n\n\t\t\t\n\t\t\t\t\t<\/div>\n\t\t<\/a>\t\t\t\t\t\t<\/div>\n\t\t\t\t\t\t\t\t\t<\/div>\n\t\t\t\t\t\t\t\t\t\t\t\t\t\t\t<div class=\"elementor-swiper-button elementor-swiper-button-prev\" role=\"button\" tabindex=\"0\" aria-label=\"Anterior\">\n\t\t\t\t\t\t\t<svg aria-hidden=\"true\" class=\"e-font-icon-svg e-eicon-chevron-left\" viewBox=\"0 0 1000 1000\" xmlns=\"http:\/\/www.w3.org\/2000\/svg\"><path d=\"M646 125C629 125 613 133 604 142L308 442C296 454 292 471 292 487 292 504 296 521 308 533L604 854C617 867 629 875 646 875 663 875 679 871 692 858 704 846 713 829 713 812 713 796 708 779 692 767L438 487 692 225C700 217 708 204 708 187 708 171 704 154 692 142 675 129 663 125 646 125Z\"><\/path><\/svg>\t\t\t\t\t\t<\/div>\n\t\t\t\t\t\t<div class=\"elementor-swiper-button elementor-swiper-button-next\" role=\"button\" tabindex=\"0\" aria-label=\"Pr\u00f3ximo\">\n\t\t\t\t\t\t\t<svg aria-hidden=\"true\" class=\"e-font-icon-svg e-eicon-chevron-right\" viewBox=\"0 0 1000 1000\" xmlns=\"http:\/\/www.w3.org\/2000\/svg\"><path d=\"M696 533C708 521 713 504 713 487 713 471 708 454 696 446L400 146C388 133 375 125 354 125 338 125 325 129 313 142 300 154 292 171 292 187 292 204 296 221 308 233L563 492 304 771C292 783 288 800 288 817 288 833 296 850 308 863 321 871 338 875 354 875 371 875 388 867 400 854L696 533Z\"><\/path><\/svg>\t\t\t\t\t\t<\/div>\n\t\t\t\t\t\t\t\t\t\t\t\t\t\t\t\t<div class=\"swiper-pagination\"><\/div>\n\t\t\t\t\t\t\t\t\t\t\t\t<\/div>\n\t\t\t\t\t\t\t\t<\/div>\n\t\t\t\t<div class=\"elementor-element elementor-element-d6a91f7 elementor-widget elementor-widget-spacer\" data-id=\"d6a91f7\" data-element_type=\"widget\" data-e-type=\"widget\" data-widget_type=\"spacer.default\">\n\t\t\t\t\t\t\t<div class=\"elementor-spacer\">\n\t\t\t<div class=\"elementor-spacer-inner\"><\/div>\n\t\t<\/div>\n\t\t\t\t\t\t<\/div>\n\t\t\t\t<div class=\"elementor-element elementor-element-916b8da fechar-pagina elementor-widget elementor-widget-html\" data-id=\"916b8da\" data-element_type=\"widget\" data-e-type=\"widget\" data-widget_type=\"html.default\">\n\t\t\t\t\t\r\n\r\n<style>\r\n    .meu-botao {\r\n        color: var(--e-global-color-e978a34) !important; \/* Cor da fonte *\/\r\n        background-color: var(--e-global-color-5376d26) !important; \/* Cor do fundo *\/\r\n        border: 2px solid var(--e-global-color-e978a34) !important; \/* Cor da borda *\/\r\n        padding: 10px 20px;\r\n        cursor: pointer;\r\n        text-align: center;\r\n        display: inline-block;\r\n        font-size: 16px;\r\n    }\r\n\r\n    .meu-botao:hover {\r\n        color:  var(--e-global-color-5376d26) !important; \/* Cor da fonte no hover *\/\r\n        background-color: var(--e-global-color-e978a34) !important; \/* Cor do fundo no hover *\/\r\n        border-color: var(--e-global-color-e978a34 !important; \/* Cor da borda no hover *\/\r\n    }\r\n<\/style>\r\n\r\n<button class=\"meu-botao\">Fechar P\u00e1gina<\/button>\r\n\r\n\r\n<script type=\"text\/javascript\">\r\n    document.addEventListener('DOMContentLoaded', function () {\r\n        document.querySelector('.fechar-pagina').onclick = function () {\r\n            window.close();\r\n        };\r\n    });\r\n<\/script>\r\n\r\n\t\t\t\t<\/div>\n\t\t\t\t<\/div>\n\t\t\t\t<div class=\"elementor-element elementor-element-7f6e19b elementor-widget elementor-widget-spacer\" data-id=\"7f6e19b\" data-element_type=\"widget\" data-e-type=\"widget\" data-widget_type=\"spacer.default\">\n\t\t\t\t\t\t\t<div class=\"elementor-spacer\">\n\t\t\t<div class=\"elementor-spacer-inner\"><\/div>\n\t\t<\/div>\n\t\t\t\t\t\t<\/div>\n\t\t\t\t\t<\/div>\n\t\t\t\t<\/div>\n\t\t\t\t<\/div>\n\t\t","protected":false},"excerpt":{"rendered":"<p>Urg\u00eancia e cumplicidade N\u00e3o \u00e9 sobre criticar e apontar. \u00c9 sobre apoiar e construir junto em todos os momentos, at\u00e9 os mais dif\u00edceis. O cacique Raoni em grafites ou lambe-lambes invadindo o Brasil e as discuss\u00f5es na tentativa de cuidado. Rog\u00e9rio Assis com seus duos juntando pe\u00e7as para mostrar o que a racionalidade sozinha n\u00e3o [&hellip;]<\/p>\n","protected":false},"author":0,"featured_media":0,"parent":60775,"menu_order":0,"comment_status":"closed","ping_status":"closed","template":"","meta":{"footnotes":""},"class_list":["post-60802","page","type-page","status-publish","hentry"],"_links":{"self":[{"href":"https:\/\/concertacaoamazonia.com.br\/cultura\/wp-json\/wp\/v2\/pages\/60802","targetHints":{"allow":["GET"]}}],"collection":[{"href":"https:\/\/concertacaoamazonia.com.br\/cultura\/wp-json\/wp\/v2\/pages"}],"about":[{"href":"https:\/\/concertacaoamazonia.com.br\/cultura\/wp-json\/wp\/v2\/types\/page"}],"replies":[{"embeddable":true,"href":"https:\/\/concertacaoamazonia.com.br\/cultura\/wp-json\/wp\/v2\/comments?post=60802"}],"version-history":[{"count":0,"href":"https:\/\/concertacaoamazonia.com.br\/cultura\/wp-json\/wp\/v2\/pages\/60802\/revisions"}],"up":[{"embeddable":true,"href":"https:\/\/concertacaoamazonia.com.br\/cultura\/wp-json\/wp\/v2\/pages\/60775"}],"wp:attachment":[{"href":"https:\/\/concertacaoamazonia.com.br\/cultura\/wp-json\/wp\/v2\/media?parent=60802"}],"curies":[{"name":"wp","href":"https:\/\/api.w.org\/{rel}","templated":true}]}}