{"id":43710,"date":"2023-05-24T11:26:12","date_gmt":"2023-05-24T14:26:12","guid":{"rendered":"https:\/\/concertacaoamazonia.com.br\/?post_type=linha-das-artes&amp;p=43710"},"modified":"2023-05-24T11:26:12","modified_gmt":"2023-05-24T14:26:12","slug":"ronaldo-guedes","status":"publish","type":"linha-das-artes","link":"https:\/\/concertacaoamazonia.com.br\/cultura\/linha-das-artes\/ronaldo-guedes\/","title":{"rendered":"Ronaldo Guedes"},"content":{"rendered":"\n<p>Conceituado artista visual e ceramista marajoara, Ronaldo Guedes integra o coletivo de ceramistas e escultores Ateli\u00ea Arte Mangue Maraj\u00f3, localizado no munic\u00edpio de Soure, na Ilha do Maraj\u00f3 (PA).<\/p>\n\n\n\n<p>Modelada a partir do barro retirado dos campos alagados da ilha, sua obra reafirma a cultura ancestral da regi\u00e3o. Os pigmentos que garantem cor \u00e0s pe\u00e7as v\u00eam de rochas minerais como o argilito e o caulim.<\/p>\n\n\n\n<p>Fotografadas por Pierre Azevedo, as pe\u00e7as de cer\u00e2mica marajoara de Ronaldo Guedes inspiram a identidade visual das redes da Concerta\u00e7\u00e3o no per\u00edodo.<\/p>\n","protected":false},"excerpt":{"rendered":"<p><!-- wp:paragraph --><\/p>\n<p>Conceituado artista visual e ceramista marajoara, Ronaldo Guedes integra o coletivo de ceramistas e escultores Ateli\u00ea Arte Mangue Maraj\u00f3, localizado no munic\u00edpio de Soure, na Ilha do Maraj\u00f3 (PA).<\/p>\n<p><!-- \/wp:paragraph --><\/p>\n<p><!-- wp:paragraph --><\/p>\n<p>Modelada a partir do barro retirado dos campos alagados da ilha, sua obra reafirma a cultura ancestral da regi\u00e3o. Os pigmentos que garantem cor \u00e0s pe\u00e7as v\u00eam de rochas minerais como o argilito e o caulim.<\/p>\n<p><!-- \/wp:paragraph --><\/p>\n<p><!-- wp:paragraph --><\/p>\n<p>Fotografadas por Pierre Azevedo, as pe\u00e7as de cer\u00e2mica marajoara de Ronaldo Guedes inspiram a identidade visual das redes da Concerta\u00e7\u00e3o no per\u00edodo.<\/p>\n<p><!-- \/wp:paragraph --><\/p>\n","protected":false},"featured_media":41712,"template":"","paises":[59],"estados":[],"cidades":[],"ano":[64],"eixos":[],"class_list":["post-43710","linha-das-artes","type-linha-das-artes","status-publish","has-post-thumbnail","hentry"],"_links":{"self":[{"href":"https:\/\/concertacaoamazonia.com.br\/cultura\/wp-json\/wp\/v2\/linha-das-artes\/43710","targetHints":{"allow":["GET"]}}],"collection":[{"href":"https:\/\/concertacaoamazonia.com.br\/cultura\/wp-json\/wp\/v2\/linha-das-artes"}],"about":[{"href":"https:\/\/concertacaoamazonia.com.br\/cultura\/wp-json\/wp\/v2\/types\/linha-das-artes"}],"wp:featuredmedia":[{"embeddable":true,"href":"https:\/\/concertacaoamazonia.com.br\/cultura\/wp-json\/wp\/v2\/media\/41712"}],"wp:attachment":[{"href":"https:\/\/concertacaoamazonia.com.br\/cultura\/wp-json\/wp\/v2\/media?parent=43710"}],"wp:term":[{"taxonomy":"paises","embeddable":true,"href":"https:\/\/concertacaoamazonia.com.br\/cultura\/wp-json\/wp\/v2\/paises?post=43710"},{"taxonomy":"estados","embeddable":true,"href":"https:\/\/concertacaoamazonia.com.br\/cultura\/wp-json\/wp\/v2\/estados?post=43710"},{"taxonomy":"cidades","embeddable":true,"href":"https:\/\/concertacaoamazonia.com.br\/cultura\/wp-json\/wp\/v2\/cidades?post=43710"},{"taxonomy":"ano","embeddable":true,"href":"https:\/\/concertacaoamazonia.com.br\/cultura\/wp-json\/wp\/v2\/ano?post=43710"},{"taxonomy":"eixos","embeddable":true,"href":"https:\/\/concertacaoamazonia.com.br\/cultura\/wp-json\/wp\/v2\/eixos?post=43710"}],"curies":[{"name":"wp","href":"https:\/\/api.w.org\/{rel}","templated":true}]}}

<p>Conceituado artista visual e ceramista marajoara, Ronaldo Guedes integra o coletivo de ceramistas e escultores Ateliê Arte Mangue Marajó, localizado no município de Soure, na Ilha do Marajó (PA).</p>



<p>Modelada a partir do barro retirado dos campos alagados da ilha, sua obra reafirma a cultura ancestral da região. Os pigmentos que garantem cor às peças vêm de rochas minerais como o argilito e o caulim.</p>



<p>Fotografadas por Pierre Azevedo, as peças de cerâmica marajoara de Ronaldo Guedes inspiram a identidade visual das redes da Concertação no período.</p>

<p><!-- wp:paragraph --></p>
<p>Conceituado artista visual e ceramista marajoara, Ronaldo Guedes integra o coletivo de ceramistas e escultores Ateliê Arte Mangue Marajó, localizado no município de Soure, na Ilha do Marajó (PA).</p>
<p><!-- /wp:paragraph --></p>
<p><!-- wp:paragraph --></p>
<p>Modelada a partir do barro retirado dos campos alagados da ilha, sua obra reafirma a cultura ancestral da região. Os pigmentos que garantem cor às peças vêm de rochas minerais como o argilito e o caulim.</p>
<p><!-- /wp:paragraph --></p>
<p><!-- wp:paragraph --></p>
<p>Fotografadas por Pierre Azevedo, as peças de cerâmica marajoara de Ronaldo Guedes inspiram a identidade visual das redes da Concertação no período.</p>
<p><!-- /wp:paragraph --></p>
