{"id":43709,"date":"2023-05-24T11:20:05","date_gmt":"2023-05-24T14:20:05","guid":{"rendered":"https:\/\/concertacaoamazonia.com.br\/?post_type=linha-das-artes&amp;p=43709"},"modified":"2023-05-24T11:20:05","modified_gmt":"2023-05-24T14:20:05","slug":"genilson-guajajara","status":"publish","type":"linha-das-artes","link":"https:\/\/concertacaoamazonia.com.br\/cultura\/linha-das-artes\/genilson-guajajara\/","title":{"rendered":"Genilson Guajajara"},"content":{"rendered":"\n<p>Fot\u00f3grafo natural da aldeia Pi\u00e7arra Preta, Terra Ind\u00edgena Rio Pindar\u00e9 (MA), Genilson teve seu primeiro contato com a fotografia aos 23 anos, quando participava de uma oficina de forma\u00e7\u00e3o pol\u00edtica promovida pela organiza\u00e7\u00e3o Justi\u00e7a nos Trilhos, da Universidade Federal do Maranh\u00e3o.<\/p>\n\n\n\n<p>Seu trabalho tem como tema central sua comunidade, seus costumes e seu cotidiano. Se, de in\u00edcio, o artista fotografava com um celular, hoje usa equipamento profissional para contar hist\u00f3rias do povo Guajajara \u2013 e, a partir de fevereiro de 2023, suas fotografias ilustraram os diferentes canais virtuais da Concerta\u00e7\u00e3o.<\/p>\n","protected":false},"excerpt":{"rendered":"<p><!-- wp:paragraph --><\/p>\n<p>Fot\u00f3grafo natural da aldeia Pi\u00e7arra Preta, Terra Ind\u00edgena Rio Pindar\u00e9 (MA), Genilson teve seu primeiro contato com a fotografia aos 23 anos, quando participava de uma oficina de forma\u00e7\u00e3o pol\u00edtica promovida pela organiza\u00e7\u00e3o Justi\u00e7a nos Trilhos, da Universidade Federal do Maranh\u00e3o.<\/p>\n<p><!-- \/wp:paragraph --><\/p>\n<p><!-- wp:paragraph --><\/p>\n<p>Seu trabalho tem como tema central sua comunidade, seus costumes e seu cotidiano. Se, de in\u00edcio, o artista fotografava com um celular, hoje usa equipamento profissional para contar hist\u00f3rias do povo Guajajara \u2013 e, a partir de fevereiro de 2023, suas fotografias ilustraram os diferentes canais virtuais da Concerta\u00e7\u00e3o.<\/p>\n<p><!-- \/wp:paragraph --><\/p>\n","protected":false},"featured_media":38514,"template":"","paises":[59],"estados":[],"cidades":[],"ano":[64],"eixos":[],"class_list":["post-43709","linha-das-artes","type-linha-das-artes","status-publish","has-post-thumbnail","hentry"],"_links":{"self":[{"href":"https:\/\/concertacaoamazonia.com.br\/cultura\/wp-json\/wp\/v2\/linha-das-artes\/43709","targetHints":{"allow":["GET"]}}],"collection":[{"href":"https:\/\/concertacaoamazonia.com.br\/cultura\/wp-json\/wp\/v2\/linha-das-artes"}],"about":[{"href":"https:\/\/concertacaoamazonia.com.br\/cultura\/wp-json\/wp\/v2\/types\/linha-das-artes"}],"wp:featuredmedia":[{"embeddable":true,"href":"https:\/\/concertacaoamazonia.com.br\/cultura\/wp-json\/wp\/v2\/media\/38514"}],"wp:attachment":[{"href":"https:\/\/concertacaoamazonia.com.br\/cultura\/wp-json\/wp\/v2\/media?parent=43709"}],"wp:term":[{"taxonomy":"paises","embeddable":true,"href":"https:\/\/concertacaoamazonia.com.br\/cultura\/wp-json\/wp\/v2\/paises?post=43709"},{"taxonomy":"estados","embeddable":true,"href":"https:\/\/concertacaoamazonia.com.br\/cultura\/wp-json\/wp\/v2\/estados?post=43709"},{"taxonomy":"cidades","embeddable":true,"href":"https:\/\/concertacaoamazonia.com.br\/cultura\/wp-json\/wp\/v2\/cidades?post=43709"},{"taxonomy":"ano","embeddable":true,"href":"https:\/\/concertacaoamazonia.com.br\/cultura\/wp-json\/wp\/v2\/ano?post=43709"},{"taxonomy":"eixos","embeddable":true,"href":"https:\/\/concertacaoamazonia.com.br\/cultura\/wp-json\/wp\/v2\/eixos?post=43709"}],"curies":[{"name":"wp","href":"https:\/\/api.w.org\/{rel}","templated":true}]}}

<p>Fotógrafo natural da aldeia Piçarra Preta, Terra Indígena Rio Pindaré (MA), Genilson teve seu primeiro contato com a fotografia aos 23 anos, quando participava de uma oficina de formação política promovida pela organização Justiça nos Trilhos, da Universidade Federal do Maranhão.</p>



<p>Seu trabalho tem como tema central sua comunidade, seus costumes e seu cotidiano. Se, de início, o artista fotografava com um celular, hoje usa equipamento profissional para contar histórias do povo Guajajara – e, a partir de fevereiro de 2023, suas fotografias ilustraram os diferentes canais virtuais da Concertação.</p>

<p><!-- wp:paragraph --></p>
<p>Fotógrafo natural da aldeia Piçarra Preta, Terra Indígena Rio Pindaré (MA), Genilson teve seu primeiro contato com a fotografia aos 23 anos, quando participava de uma oficina de formação política promovida pela organização Justiça nos Trilhos, da Universidade Federal do Maranhão.</p>
<p><!-- /wp:paragraph --></p>
<p><!-- wp:paragraph --></p>
<p>Seu trabalho tem como tema central sua comunidade, seus costumes e seu cotidiano. Se, de início, o artista fotografava com um celular, hoje usa equipamento profissional para contar histórias do povo Guajajara – e, a partir de fevereiro de 2023, suas fotografias ilustraram os diferentes canais virtuais da Concertação.</p>
<p><!-- /wp:paragraph --></p>
