{"id":43707,"date":"2023-05-24T11:17:47","date_gmt":"2023-05-24T14:17:47","guid":{"rendered":"https:\/\/concertacaoamazonia.com.br\/?post_type=linha-das-artes&amp;p=43707"},"modified":"2023-05-24T11:17:47","modified_gmt":"2023-05-24T14:17:47","slug":"hadna-abreu","status":"publish","type":"linha-das-artes","link":"https:\/\/concertacaoamazonia.com.br\/cultura\/linha-das-artes\/hadna-abreu\/","title":{"rendered":"Hadna Abreu"},"content":{"rendered":"\n<p>Formada pela Universidade Federal do Amazonas, desde 2009 a artista visual manauara atua no cen\u00e1rio cultural de sua cidade natal, onde recentemente assumiu a curadoria da galeria Manart. Suas principais \u00e1reas de atua\u00e7\u00e3o s\u00e3o ilustra\u00e7\u00f5es de livros, pintura em aquarela, escultura, arte urbana, exposi\u00e7\u00f5es de arte e ensino em cursos livres.<\/p>\n\n\n\n<p>Hadna desenvolveu uma s\u00e9rie de aquarelas sobre sementes da Amaz\u00f4nia exclusivamente para a Concerta\u00e7\u00e3o, obra que em outubro de 2022 passou a inspirar o layout dos canais digitais da rede.<\/p>\n","protected":false},"excerpt":{"rendered":"<p><!-- wp:paragraph --><\/p>\n<p>Formada pela Universidade Federal do Amazonas, desde 2009 a artista visual manauara atua no cen\u00e1rio cultural de sua cidade natal, onde recentemente assumiu a curadoria da galeria Manart. Suas principais \u00e1reas de atua\u00e7\u00e3o s\u00e3o ilustra\u00e7\u00f5es de livros, pintura em aquarela, escultura, arte urbana, exposi\u00e7\u00f5es de arte e ensino em cursos livres.<\/p>\n<p><!-- \/wp:paragraph --><\/p>\n<p><!-- wp:paragraph --><\/p>\n<p>Hadna desenvolveu uma s\u00e9rie de aquarelas sobre sementes da Amaz\u00f4nia exclusivamente para a Concerta\u00e7\u00e3o, obra que em outubro de 2022 passou a inspirar o layout dos canais digitais da rede.<\/p>\n<p><!-- \/wp:paragraph --><\/p>\n","protected":false},"featured_media":44707,"template":"","paises":[59],"estados":[63],"cidades":[65],"ano":[64],"eixos":[],"class_list":["post-43707","linha-das-artes","type-linha-das-artes","status-publish","has-post-thumbnail","hentry"],"_links":{"self":[{"href":"https:\/\/concertacaoamazonia.com.br\/cultura\/wp-json\/wp\/v2\/linha-das-artes\/43707","targetHints":{"allow":["GET"]}}],"collection":[{"href":"https:\/\/concertacaoamazonia.com.br\/cultura\/wp-json\/wp\/v2\/linha-das-artes"}],"about":[{"href":"https:\/\/concertacaoamazonia.com.br\/cultura\/wp-json\/wp\/v2\/types\/linha-das-artes"}],"wp:featuredmedia":[{"embeddable":true,"href":"https:\/\/concertacaoamazonia.com.br\/cultura\/wp-json\/wp\/v2\/media\/44707"}],"wp:attachment":[{"href":"https:\/\/concertacaoamazonia.com.br\/cultura\/wp-json\/wp\/v2\/media?parent=43707"}],"wp:term":[{"taxonomy":"paises","embeddable":true,"href":"https:\/\/concertacaoamazonia.com.br\/cultura\/wp-json\/wp\/v2\/paises?post=43707"},{"taxonomy":"estados","embeddable":true,"href":"https:\/\/concertacaoamazonia.com.br\/cultura\/wp-json\/wp\/v2\/estados?post=43707"},{"taxonomy":"cidades","embeddable":true,"href":"https:\/\/concertacaoamazonia.com.br\/cultura\/wp-json\/wp\/v2\/cidades?post=43707"},{"taxonomy":"ano","embeddable":true,"href":"https:\/\/concertacaoamazonia.com.br\/cultura\/wp-json\/wp\/v2\/ano?post=43707"},{"taxonomy":"eixos","embeddable":true,"href":"https:\/\/concertacaoamazonia.com.br\/cultura\/wp-json\/wp\/v2\/eixos?post=43707"}],"curies":[{"name":"wp","href":"https:\/\/api.w.org\/{rel}","templated":true}]}}

<p>Formada pela Universidade Federal do Amazonas, desde 2009 a artista visual manauara atua no cenário cultural de sua cidade natal, onde recentemente assumiu a curadoria da galeria Manart. Suas principais áreas de atuação são ilustrações de livros, pintura em aquarela, escultura, arte urbana, exposições de arte e ensino em cursos livres.</p>



<p>Hadna desenvolveu uma série de aquarelas sobre sementes da Amazônia exclusivamente para a Concertação, obra que em outubro de 2022 passou a inspirar o layout dos canais digitais da rede.</p>

<p><!-- wp:paragraph --></p>
<p>Formada pela Universidade Federal do Amazonas, desde 2009 a artista visual manauara atua no cenário cultural de sua cidade natal, onde recentemente assumiu a curadoria da galeria Manart. Suas principais áreas de atuação são ilustrações de livros, pintura em aquarela, escultura, arte urbana, exposições de arte e ensino em cursos livres.</p>
<p><!-- /wp:paragraph --></p>
<p><!-- wp:paragraph --></p>
<p>Hadna desenvolveu uma série de aquarelas sobre sementes da Amazônia exclusivamente para a Concertação, obra que em outubro de 2022 passou a inspirar o layout dos canais digitais da rede.</p>
<p><!-- /wp:paragraph --></p>
