{"id":43706,"date":"2023-05-24T11:14:38","date_gmt":"2023-05-24T14:14:38","guid":{"rendered":"https:\/\/concertacaoamazonia.com.br\/?post_type=linha-das-artes&amp;p=43706"},"modified":"2023-05-24T11:14:38","modified_gmt":"2023-05-24T14:14:38","slug":"rogerio-assis","status":"publish","type":"linha-das-artes","link":"https:\/\/concertacaoamazonia.com.br\/cultura\/linha-das-artes\/rogerio-assis\/","title":{"rendered":"Rog\u00e9rio Assis"},"content":{"rendered":"\n<p>Paraense com mais de 30 anos de profiss\u00e3o, Rog\u00e9rio iniciou sua vida profissional documentando etnias ind\u00edgenas para o Museu Em\u00edlio Goeldi, em Bel\u00e9m do Par\u00e1. Integrou, em 1989, a expedi\u00e7\u00e3o oficial da Funai de primeiro contato com a etnia Zo\u2019\u00e9, tendo publicado essa documenta\u00e7\u00e3o em m\u00eddias nacionais e internacionais.<\/p>\n\n\n\n<p>Participou de exposi\u00e7\u00f5es em diversas cidades brasileiras, al\u00e9m de Cuba, Alemanha, Estados Unidos e \u00c1frica do Sul. Atualmente desenvolve projetos documentais na \u00e1rea socioambiental, ministra workshops sobre fotografia documental, al\u00e9m de colaborar com as ONGs Greenpeace e Instituto Socioambiental (ISA).<\/p>\n\n\n\n<p>Em agosto de 2022, seu trabalho serviu de base para a identidade visual dos diferentes canais virtuais da Concerta\u00e7\u00e3o.<\/p>\n","protected":false},"excerpt":{"rendered":"<p><!-- wp:paragraph --><\/p>\n<p>Paraense com mais de 30 anos de profiss\u00e3o, Rog\u00e9rio iniciou sua vida profissional documentando etnias ind\u00edgenas para o Museu Em\u00edlio Goeldi, em Bel\u00e9m do Par\u00e1. Integrou, em 1989, a expedi\u00e7\u00e3o oficial da Funai de primeiro contato com a etnia Zo\u2019\u00e9, tendo publicado essa documenta\u00e7\u00e3o em m\u00eddias nacionais e internacionais.<\/p>\n<p><!-- \/wp:paragraph --><\/p>\n<p><!-- wp:paragraph --><\/p>\n<p>Participou de exposi\u00e7\u00f5es em diversas cidades brasileiras, al\u00e9m de Cuba, Alemanha, Estados Unidos e \u00c1frica do Sul. Atualmente desenvolve projetos documentais na \u00e1rea socioambiental, ministra workshops sobre fotografia documental, al\u00e9m de colaborar com as ONGs Greenpeace e Instituto Socioambiental (ISA).<\/p>\n<p><!-- \/wp:paragraph --><\/p>\n<p><!-- wp:paragraph --><\/p>\n<p>Em agosto de 2022, seu trabalho serviu de base para a identidade visual dos diferentes canais virtuais da Concerta\u00e7\u00e3o.<\/p>\n<p><!-- \/wp:paragraph --><\/p>\n","protected":false},"featured_media":19389,"template":"","paises":[59],"estados":[],"cidades":[],"ano":[58],"eixos":[],"class_list":["post-43706","linha-das-artes","type-linha-das-artes","status-publish","has-post-thumbnail","hentry"],"_links":{"self":[{"href":"https:\/\/concertacaoamazonia.com.br\/cultura\/wp-json\/wp\/v2\/linha-das-artes\/43706","targetHints":{"allow":["GET"]}}],"collection":[{"href":"https:\/\/concertacaoamazonia.com.br\/cultura\/wp-json\/wp\/v2\/linha-das-artes"}],"about":[{"href":"https:\/\/concertacaoamazonia.com.br\/cultura\/wp-json\/wp\/v2\/types\/linha-das-artes"}],"wp:featuredmedia":[{"embeddable":true,"href":"https:\/\/concertacaoamazonia.com.br\/cultura\/wp-json\/wp\/v2\/media\/19389"}],"wp:attachment":[{"href":"https:\/\/concertacaoamazonia.com.br\/cultura\/wp-json\/wp\/v2\/media?parent=43706"}],"wp:term":[{"taxonomy":"paises","embeddable":true,"href":"https:\/\/concertacaoamazonia.com.br\/cultura\/wp-json\/wp\/v2\/paises?post=43706"},{"taxonomy":"estados","embeddable":true,"href":"https:\/\/concertacaoamazonia.com.br\/cultura\/wp-json\/wp\/v2\/estados?post=43706"},{"taxonomy":"cidades","embeddable":true,"href":"https:\/\/concertacaoamazonia.com.br\/cultura\/wp-json\/wp\/v2\/cidades?post=43706"},{"taxonomy":"ano","embeddable":true,"href":"https:\/\/concertacaoamazonia.com.br\/cultura\/wp-json\/wp\/v2\/ano?post=43706"},{"taxonomy":"eixos","embeddable":true,"href":"https:\/\/concertacaoamazonia.com.br\/cultura\/wp-json\/wp\/v2\/eixos?post=43706"}],"curies":[{"name":"wp","href":"https:\/\/api.w.org\/{rel}","templated":true}]}}

Rogério Assis

<p>Paraense com mais de 30 anos de profissão, Rogério iniciou sua vida profissional documentando etnias indígenas para o Museu Emílio Goeldi, em Belém do Pará. Integrou, em 1989, a expedição oficial da Funai de primeiro contato com a etnia Zo’é, tendo publicado essa documentação em mídias nacionais e internacionais.</p>



<p>Participou de exposições em diversas cidades brasileiras, além de Cuba, Alemanha, Estados Unidos e África do Sul. Atualmente desenvolve projetos documentais na área socioambiental, ministra workshops sobre fotografia documental, além de colaborar com as ONGs Greenpeace e Instituto Socioambiental (ISA).</p>



<p>Em agosto de 2022, seu trabalho serviu de base para a identidade visual dos diferentes canais virtuais da Concertação.</p>

<p><!-- wp:paragraph --></p>
<p>Paraense com mais de 30 anos de profissão, Rogério iniciou sua vida profissional documentando etnias indígenas para o Museu Emílio Goeldi, em Belém do Pará. Integrou, em 1989, a expedição oficial da Funai de primeiro contato com a etnia Zo’é, tendo publicado essa documentação em mídias nacionais e internacionais.</p>
<p><!-- /wp:paragraph --></p>
<p><!-- wp:paragraph --></p>
<p>Participou de exposições em diversas cidades brasileiras, além de Cuba, Alemanha, Estados Unidos e África do Sul. Atualmente desenvolve projetos documentais na área socioambiental, ministra workshops sobre fotografia documental, além de colaborar com as ONGs Greenpeace e Instituto Socioambiental (ISA).</p>
<p><!-- /wp:paragraph --></p>
<p><!-- wp:paragraph --></p>
<p>Em agosto de 2022, seu trabalho serviu de base para a identidade visual dos diferentes canais virtuais da Concertação.</p>
<p><!-- /wp:paragraph --></p>
