{"id":43702,"date":"2023-05-24T11:06:10","date_gmt":"2023-05-24T14:06:10","guid":{"rendered":"https:\/\/concertacaoamazonia.com.br\/?post_type=linha-das-artes&amp;p=43702"},"modified":"2023-05-24T11:06:10","modified_gmt":"2023-05-24T14:06:10","slug":"ciclos-para-o-amanha","status":"publish","type":"linha-das-artes","link":"https:\/\/concertacaoamazonia.com.br\/cultura\/linha-das-artes\/ciclos-para-o-amanha\/","title":{"rendered":"Ciclos Para o Amanh\u00e3"},"content":{"rendered":"\n<p>A exposi\u00e7\u00e3o h\u00edbrida que esteve em cartaz em maio de 2022 na Manart Galeria (Manaus) e, virtualmente, no site da Concerta\u00e7\u00e3o, tamb\u00e9m inspirou a identidade dos canais digitais da rede no per\u00edodo.<\/p>\n\n\n\n<p><br>Com curadoria de Hadna Abreu e Anna L\u00f4yde Abreu, a mostra buscou responder \u00e0 pergunta \u201cE como ser\u00e1 nosso amanh\u00e3 na Amaz\u00f4nia?\u201d, trazendo a vis\u00e3o de 16 artistas da regi\u00e3o que se dedicam e lutam pelo ch\u00e3o que habitam: Skarlati Kemblin, Rakel Caminha, Tha\u00eds Kokama, Otoni Mesquita, Gisele Alfaia, MIA, Buy Chaves, Rui Machado, Chermie Ferreira, Francimar Barbosa, Raiz, Alonso Jr., a dupla Curumiz, Turenko Be\u00e7a e Ant\u00f4nio II.<\/p>\n","protected":false},"excerpt":{"rendered":"<p><!-- wp:paragraph --><\/p>\n<p>A exposi\u00e7\u00e3o h\u00edbrida que esteve em cartaz em maio de 2022 na Manart Galeria (Manaus) e, virtualmente, no site da Concerta\u00e7\u00e3o, tamb\u00e9m inspirou a identidade dos canais digitais da rede no per\u00edodo.<\/p>\n<p><!-- \/wp:paragraph --><\/p>\n<p><!-- wp:paragraph --><\/p>\n<p>Com curadoria de Hadna Abreu e Anna L\u00f4yde Abreu, a mostra buscou responder \u00e0 pergunta \u201cE como ser\u00e1 nosso amanh\u00e3 na Amaz\u00f4nia?\u201d, trazendo a vis\u00e3o de 16 artistas da regi\u00e3o que se dedicam e lutam pelo ch\u00e3o que habitam: Skarlati Kemblin, Rakel Caminha, Tha\u00eds Kokama, Otoni Mesquita, Gisele Alfaia, MIA, Buy Chaves, Rui Machado, Chermie Ferreira, Francimar Barbosa, Raiz, Alonso Jr., a dupla Curumiz, Turenko Be\u00e7a e Ant\u00f4nio II.<\/p>\n<p><!-- \/wp:paragraph --><\/p>\n","protected":false},"featured_media":14383,"template":"","paises":[59],"estados":[],"cidades":[],"ano":[58],"eixos":[],"class_list":["post-43702","linha-das-artes","type-linha-das-artes","status-publish","has-post-thumbnail","hentry"],"_links":{"self":[{"href":"https:\/\/concertacaoamazonia.com.br\/cultura\/wp-json\/wp\/v2\/linha-das-artes\/43702","targetHints":{"allow":["GET"]}}],"collection":[{"href":"https:\/\/concertacaoamazonia.com.br\/cultura\/wp-json\/wp\/v2\/linha-das-artes"}],"about":[{"href":"https:\/\/concertacaoamazonia.com.br\/cultura\/wp-json\/wp\/v2\/types\/linha-das-artes"}],"wp:featuredmedia":[{"embeddable":true,"href":"https:\/\/concertacaoamazonia.com.br\/cultura\/wp-json\/wp\/v2\/media\/14383"}],"wp:attachment":[{"href":"https:\/\/concertacaoamazonia.com.br\/cultura\/wp-json\/wp\/v2\/media?parent=43702"}],"wp:term":[{"taxonomy":"paises","embeddable":true,"href":"https:\/\/concertacaoamazonia.com.br\/cultura\/wp-json\/wp\/v2\/paises?post=43702"},{"taxonomy":"estados","embeddable":true,"href":"https:\/\/concertacaoamazonia.com.br\/cultura\/wp-json\/wp\/v2\/estados?post=43702"},{"taxonomy":"cidades","embeddable":true,"href":"https:\/\/concertacaoamazonia.com.br\/cultura\/wp-json\/wp\/v2\/cidades?post=43702"},{"taxonomy":"ano","embeddable":true,"href":"https:\/\/concertacaoamazonia.com.br\/cultura\/wp-json\/wp\/v2\/ano?post=43702"},{"taxonomy":"eixos","embeddable":true,"href":"https:\/\/concertacaoamazonia.com.br\/cultura\/wp-json\/wp\/v2\/eixos?post=43702"}],"curies":[{"name":"wp","href":"https:\/\/api.w.org\/{rel}","templated":true}]}}

Ciclos Para o Amanhã

<p>A exposição híbrida que esteve em cartaz em maio de 2022 na Manart Galeria (Manaus) e, virtualmente, no site da Concertação, também inspirou a identidade dos canais digitais da rede no período.</p>



<p><br>Com curadoria de Hadna Abreu e Anna Lôyde Abreu, a mostra buscou responder à pergunta “E como será nosso amanhã na Amazônia?”, trazendo a visão de 16 artistas da região que se dedicam e lutam pelo chão que habitam: Skarlati Kemblin, Rakel Caminha, Thaís Kokama, Otoni Mesquita, Gisele Alfaia, MIA, Buy Chaves, Rui Machado, Chermie Ferreira, Francimar Barbosa, Raiz, Alonso Jr., a dupla Curumiz, Turenko Beça e Antônio II.</p>

<p><!-- wp:paragraph --></p>
<p>A exposição híbrida que esteve em cartaz em maio de 2022 na Manart Galeria (Manaus) e, virtualmente, no site da Concertação, também inspirou a identidade dos canais digitais da rede no período.</p>
<p><!-- /wp:paragraph --></p>
<p><!-- wp:paragraph --></p>
<p>Com curadoria de Hadna Abreu e Anna Lôyde Abreu, a mostra buscou responder à pergunta “E como será nosso amanhã na Amazônia?”, trazendo a visão de 16 artistas da região que se dedicam e lutam pelo chão que habitam: Skarlati Kemblin, Rakel Caminha, Thaís Kokama, Otoni Mesquita, Gisele Alfaia, MIA, Buy Chaves, Rui Machado, Chermie Ferreira, Francimar Barbosa, Raiz, Alonso Jr., a dupla Curumiz, Turenko Beça e Antônio II.</p>
<p><!-- /wp:paragraph --></p>
