{"id":18544,"date":"2022-07-25T18:44:19","date_gmt":"2022-07-25T21:44:19","guid":{"rendered":"https:\/\/concertacaoamazonia.com.br\/?post_type=linha-das-artes&amp;p=18544"},"modified":"2022-07-25T18:44:19","modified_gmt":"2022-07-25T21:44:19","slug":"rakel-caminha-4","status":"publish","type":"linha-das-artes","link":"https:\/\/concertacaoamazonia.com.br\/cultura\/linha-das-artes\/rakel-caminha-4\/","title":{"rendered":"Rakel Caminha"},"content":{"rendered":"\n<p>Rakel Caminha \u00e9 uma artista manauara e suas cria\u00e7\u00f5es falam sobre quest\u00f5es sociais, ecol\u00f3gicas e pertinentes ao universo feminino. Ela esteve conosco na plen\u00e1ria de abril e suas artes voltaram a compor a plen\u00e1ria de setembro.<\/p>\n","protected":false},"excerpt":{"rendered":"<p><!-- wp:paragraph --><\/p>\n<p>Rakel Caminha \u00e9 uma artista manauara e suas cria\u00e7\u00f5es falam sobre quest\u00f5es sociais, ecol\u00f3gicas e pertinentes ao universo feminino. Ela esteve conosco na plen\u00e1ria de abril e suas artes voltaram a compor a plen\u00e1ria de setembro.<\/p>\n<p><!-- \/wp:paragraph --><\/p>\n","protected":false},"featured_media":18528,"template":"","paises":[59],"estados":[],"cidades":[],"ano":[58],"eixos":[],"class_list":["post-18544","linha-das-artes","type-linha-das-artes","status-publish","has-post-thumbnail","hentry"],"_links":{"self":[{"href":"https:\/\/concertacaoamazonia.com.br\/cultura\/wp-json\/wp\/v2\/linha-das-artes\/18544","targetHints":{"allow":["GET"]}}],"collection":[{"href":"https:\/\/concertacaoamazonia.com.br\/cultura\/wp-json\/wp\/v2\/linha-das-artes"}],"about":[{"href":"https:\/\/concertacaoamazonia.com.br\/cultura\/wp-json\/wp\/v2\/types\/linha-das-artes"}],"wp:featuredmedia":[{"embeddable":true,"href":"https:\/\/concertacaoamazonia.com.br\/cultura\/wp-json\/wp\/v2\/media\/18528"}],"wp:attachment":[{"href":"https:\/\/concertacaoamazonia.com.br\/cultura\/wp-json\/wp\/v2\/media?parent=18544"}],"wp:term":[{"taxonomy":"paises","embeddable":true,"href":"https:\/\/concertacaoamazonia.com.br\/cultura\/wp-json\/wp\/v2\/paises?post=18544"},{"taxonomy":"estados","embeddable":true,"href":"https:\/\/concertacaoamazonia.com.br\/cultura\/wp-json\/wp\/v2\/estados?post=18544"},{"taxonomy":"cidades","embeddable":true,"href":"https:\/\/concertacaoamazonia.com.br\/cultura\/wp-json\/wp\/v2\/cidades?post=18544"},{"taxonomy":"ano","embeddable":true,"href":"https:\/\/concertacaoamazonia.com.br\/cultura\/wp-json\/wp\/v2\/ano?post=18544"},{"taxonomy":"eixos","embeddable":true,"href":"https:\/\/concertacaoamazonia.com.br\/cultura\/wp-json\/wp\/v2\/eixos?post=18544"}],"curies":[{"name":"wp","href":"https:\/\/api.w.org\/{rel}","templated":true}]}}

<p>Rakel Caminha é uma artista manauara e suas criações falam sobre questões sociais, ecológicas e pertinentes ao universo feminino. Ela esteve conosco na plenária de abril e suas artes voltaram a compor a plenária de setembro.</p>

<p><!-- wp:paragraph --></p>
<p>Rakel Caminha é uma artista manauara e suas criações falam sobre questões sociais, ecológicas e pertinentes ao universo feminino. Ela esteve conosco na plenária de abril e suas artes voltaram a compor a plenária de setembro.</p>
<p><!-- /wp:paragraph --></p>
