{"id":18517,"date":"2022-07-25T16:42:09","date_gmt":"2022-07-25T19:42:09","guid":{"rendered":"https:\/\/concertacaoamazonia.com.br\/?post_type=linha-das-artes&amp;p=18517"},"modified":"2022-07-25T16:42:09","modified_gmt":"2022-07-25T19:42:09","slug":"karoline","status":"publish","type":"linha-das-artes","link":"https:\/\/concertacaoamazonia.com.br\/cultura\/linha-das-artes\/karoline\/","title":{"rendered":"Karoline"},"content":{"rendered":"\n<p>Karoline Barros rabisca desde sempre e \u00e9 arquiteta e urbanista formada pela FAU-USP. Atua profissionalmente na transversal entre as artes e as ci\u00eancias, sempre pautada pelos territ\u00f3rios e suas (r)exist\u00eancias. Natural de Minas Gerais, reside atualmente em Manaus-AM, trabalha na capital e no interior do estado pela Secretaria Executiva de Ci\u00eancia, Tecnologia e Inova\u00e7\u00e3o do Amazonas. Assumidamente encantada pelo norte brasileiro que tem mergulhado, desenha para si mesma na tentativa de consolidar pensamentos, conhecimentos, imagens e projetos que comp\u00f5em sua vida profissional e pessoal.<\/p>\n","protected":false},"excerpt":{"rendered":"<p><!-- wp:paragraph --><\/p>\n<p>Karoline Barros rabisca desde sempre e \u00e9 arquiteta e urbanista formada pela FAU-USP. Atua profissionalmente na transversal entre as artes e as ci\u00eancias, sempre pautada pelos territ\u00f3rios e suas (r)exist\u00eancias. Natural de Minas Gerais, reside atualmente em Manaus-AM, trabalha na capital e no interior do estado pela Secretaria Executiva de Ci\u00eancia, Tecnologia e Inova\u00e7\u00e3o do Amazonas. Assumidamente encantada pelo norte brasileiro que tem mergulhado, desenha para si mesma na tentativa de consolidar pensamentos, conhecimentos, imagens e projetos que comp\u00f5em sua vida profissional e pessoal.<\/p>\n<p><!-- \/wp:paragraph --><\/p>\n","protected":false},"featured_media":18527,"template":"","paises":[59],"estados":[],"cidades":[],"ano":[58],"eixos":[],"class_list":["post-18517","linha-das-artes","type-linha-das-artes","status-publish","has-post-thumbnail","hentry"],"_links":{"self":[{"href":"https:\/\/concertacaoamazonia.com.br\/cultura\/wp-json\/wp\/v2\/linha-das-artes\/18517","targetHints":{"allow":["GET"]}}],"collection":[{"href":"https:\/\/concertacaoamazonia.com.br\/cultura\/wp-json\/wp\/v2\/linha-das-artes"}],"about":[{"href":"https:\/\/concertacaoamazonia.com.br\/cultura\/wp-json\/wp\/v2\/types\/linha-das-artes"}],"wp:featuredmedia":[{"embeddable":true,"href":"https:\/\/concertacaoamazonia.com.br\/cultura\/wp-json\/wp\/v2\/media\/18527"}],"wp:attachment":[{"href":"https:\/\/concertacaoamazonia.com.br\/cultura\/wp-json\/wp\/v2\/media?parent=18517"}],"wp:term":[{"taxonomy":"paises","embeddable":true,"href":"https:\/\/concertacaoamazonia.com.br\/cultura\/wp-json\/wp\/v2\/paises?post=18517"},{"taxonomy":"estados","embeddable":true,"href":"https:\/\/concertacaoamazonia.com.br\/cultura\/wp-json\/wp\/v2\/estados?post=18517"},{"taxonomy":"cidades","embeddable":true,"href":"https:\/\/concertacaoamazonia.com.br\/cultura\/wp-json\/wp\/v2\/cidades?post=18517"},{"taxonomy":"ano","embeddable":true,"href":"https:\/\/concertacaoamazonia.com.br\/cultura\/wp-json\/wp\/v2\/ano?post=18517"},{"taxonomy":"eixos","embeddable":true,"href":"https:\/\/concertacaoamazonia.com.br\/cultura\/wp-json\/wp\/v2\/eixos?post=18517"}],"curies":[{"name":"wp","href":"https:\/\/api.w.org\/{rel}","templated":true}]}}

<p>Karoline Barros rabisca desde sempre e é arquiteta e urbanista formada pela FAU-USP. Atua profissionalmente na transversal entre as artes e as ciências, sempre pautada pelos territórios e suas (r)existências. Natural de Minas Gerais, reside atualmente em Manaus-AM, trabalha na capital e no interior do estado pela Secretaria Executiva de Ciência, Tecnologia e Inovação do Amazonas. Assumidamente encantada pelo norte brasileiro que tem mergulhado, desenha para si mesma na tentativa de consolidar pensamentos, conhecimentos, imagens e projetos que compõem sua vida profissional e pessoal.</p>

<p><!-- wp:paragraph --></p>
<p>Karoline Barros rabisca desde sempre e é arquiteta e urbanista formada pela FAU-USP. Atua profissionalmente na transversal entre as artes e as ciências, sempre pautada pelos territórios e suas (r)existências. Natural de Minas Gerais, reside atualmente em Manaus-AM, trabalha na capital e no interior do estado pela Secretaria Executiva de Ciência, Tecnologia e Inovação do Amazonas. Assumidamente encantada pelo norte brasileiro que tem mergulhado, desenha para si mesma na tentativa de consolidar pensamentos, conhecimentos, imagens e projetos que compõem sua vida profissional e pessoal.</p>
<p><!-- /wp:paragraph --></p>
