{"id":15089,"date":"2022-05-14T22:54:51","date_gmt":"2022-05-15T01:54:51","guid":{"rendered":"https:\/\/concertacaoamazonia.com.br\/?post_type=linha-das-artes&amp;p=15089"},"modified":"2022-05-14T22:54:51","modified_gmt":"2022-05-15T01:54:51","slug":"eliakin-rufino","status":"publish","type":"linha-das-artes","link":"https:\/\/concertacaoamazonia.com.br\/cultura\/linha-das-artes\/eliakin-rufino\/","title":{"rendered":"ELIAKIN RUFINO"},"content":{"rendered":"\n<p>Natural de Boa Vista, Roraima, Eliakin Rufino \u00e9 poeta, cantor, escritor, professor de filosofia, produtor cultural e jornalista. \u00c9 um dos integrantes do movimento Roraimeira \u2013 express\u00e3o cultural amaz\u00f4nica considerada por cientistas sociais como um dos expoentes m\u00e1ximos na constru\u00e7\u00e3o da identidade roraimense. Eliakin \u00e9 um artista da palavra!<br><br><br>\u201cFala-se muito do lugar de fala. Eu, al\u00e9m de lugar de fala, eu tenho a fala do lugar. A Amaz\u00f4nia \u00e9 minha casa, meu lar, minha origem, meus antepassados e ancestrais. Ainda n\u00e3o h\u00e1 uma escuta da Amaz\u00f4nia e continuamos vivemos essa tentativa de continuar a coloniz\u00e1-la\u201d<\/p>\n\n\n\n<figure class=\"wp-block-embed is-type-video is-provider-youtube wp-block-embed-youtube wp-embed-aspect-4-3 wp-has-aspect-ratio\"><div class=\"wp-block-embed__wrapper\">\n<iframe title=\"Cosmol\u00f3gicos\" width=\"800\" height=\"600\" src=\"https:\/\/www.youtube.com\/embed\/l0VzAeRC9rU?feature=oembed\" frameborder=\"0\" allow=\"accelerometer; autoplay; clipboard-write; encrypted-media; gyroscope; picture-in-picture; web-share\" referrerpolicy=\"strict-origin-when-cross-origin\" allowfullscreen><\/iframe>\n<\/div><\/figure>\n","protected":false},"excerpt":{"rendered":"<p><!-- wp:paragraph --><\/p>\n<p>Natural de Boa Vista, Roraima, Eliakin Rufino \u00e9 poeta, cantor, escritor, professor de filosofia, produtor cultural e jornalista. \u00c9 um dos integrantes do movimento Roraimeira \u2013 express\u00e3o cultural amaz\u00f4nica considerada por cientistas sociais como um dos expoentes m\u00e1ximos na constru\u00e7\u00e3o da identidade roraimense. Eliakin \u00e9 um artista da palavra!<\/p>\n<p>\u201cFala-se muito do lugar de fala. Eu, al\u00e9m de lugar de fala, eu tenho a fala do lugar. A Amaz\u00f4nia \u00e9 minha casa, meu lar, minha origem, meus antepassados e ancestrais. Ainda n\u00e3o h\u00e1 uma escuta da Amaz\u00f4nia e continuamos vivemos essa tentativa de continuar a coloniz\u00e1-la\u201d<\/p>\n<p><!-- \/wp:paragraph --><\/p>\n<p><!-- wp:embed {\"url\":\"https:\/\/www.youtube.com\/watch?v=l0VzAeRC9rUu0026feature=emb_rel_end\",\"type\":\"video\",\"providerNameSlug\":\"youtube\",\"responsive\":true,\"className\":\"wp-embed-aspect-4-3 wp-has-aspect-ratio\"} --><\/p>\n<figure class=\"wp-block-embed is-type-video is-provider-youtube wp-block-embed-youtube wp-embed-aspect-4-3 wp-has-aspect-ratio\">\n<div class=\"wp-block-embed__wrapper\">\nhttps:\/\/www.youtube.com\/watch?v=l0VzAeRC9rU&#038;feature=emb_rel_end\n<\/div>\n<\/figure>\n<p><!-- \/wp:embed --><\/p>\n","protected":false},"featured_media":15300,"template":"","paises":[59],"estados":[],"cidades":[],"ano":[60],"eixos":[],"class_list":["post-15089","linha-das-artes","type-linha-das-artes","status-publish","has-post-thumbnail","hentry"],"_links":{"self":[{"href":"https:\/\/concertacaoamazonia.com.br\/cultura\/wp-json\/wp\/v2\/linha-das-artes\/15089","targetHints":{"allow":["GET"]}}],"collection":[{"href":"https:\/\/concertacaoamazonia.com.br\/cultura\/wp-json\/wp\/v2\/linha-das-artes"}],"about":[{"href":"https:\/\/concertacaoamazonia.com.br\/cultura\/wp-json\/wp\/v2\/types\/linha-das-artes"}],"wp:featuredmedia":[{"embeddable":true,"href":"https:\/\/concertacaoamazonia.com.br\/cultura\/wp-json\/wp\/v2\/media\/15300"}],"wp:attachment":[{"href":"https:\/\/concertacaoamazonia.com.br\/cultura\/wp-json\/wp\/v2\/media?parent=15089"}],"wp:term":[{"taxonomy":"paises","embeddable":true,"href":"https:\/\/concertacaoamazonia.com.br\/cultura\/wp-json\/wp\/v2\/paises?post=15089"},{"taxonomy":"estados","embeddable":true,"href":"https:\/\/concertacaoamazonia.com.br\/cultura\/wp-json\/wp\/v2\/estados?post=15089"},{"taxonomy":"cidades","embeddable":true,"href":"https:\/\/concertacaoamazonia.com.br\/cultura\/wp-json\/wp\/v2\/cidades?post=15089"},{"taxonomy":"ano","embeddable":true,"href":"https:\/\/concertacaoamazonia.com.br\/cultura\/wp-json\/wp\/v2\/ano?post=15089"},{"taxonomy":"eixos","embeddable":true,"href":"https:\/\/concertacaoamazonia.com.br\/cultura\/wp-json\/wp\/v2\/eixos?post=15089"}],"curies":[{"name":"wp","href":"https:\/\/api.w.org\/{rel}","templated":true}]}}

<p>Natural de Boa Vista, Roraima, Eliakin Rufino é poeta, cantor, escritor, professor de filosofia, produtor cultural e jornalista. É um dos integrantes do movimento Roraimeira – expressão cultural amazônica considerada por cientistas sociais como um dos expoentes máximos na construção da identidade roraimense. Eliakin é um artista da palavra!<br><br><br>“Fala-se muito do lugar de fala. Eu, além de lugar de fala, eu tenho a fala do lugar. A Amazônia é minha casa, meu lar, minha origem, meus antepassados e ancestrais. Ainda não há uma escuta da Amazônia e continuamos vivemos essa tentativa de continuar a colonizá-la”</p>



<figure class="wp-block-embed is-type-video is-provider-youtube wp-block-embed-youtube wp-embed-aspect-4-3 wp-has-aspect-ratio"><div class="wp-block-embed__wrapper">
<iframe title="Cosmológicos" width="800" height="600" src="https://www.youtube.com/embed/l0VzAeRC9rU?feature=oembed" frameborder="0" allow="accelerometer; autoplay; clipboard-write; encrypted-media; gyroscope; picture-in-picture; web-share" referrerpolicy="strict-origin-when-cross-origin" allowfullscreen></iframe>
</div></figure>

<p><!-- wp:paragraph --></p>
<p>Natural de Boa Vista, Roraima, Eliakin Rufino é poeta, cantor, escritor, professor de filosofia, produtor cultural e jornalista. É um dos integrantes do movimento Roraimeira – expressão cultural amazônica considerada por cientistas sociais como um dos expoentes máximos na construção da identidade roraimense. Eliakin é um artista da palavra!</p>
<p>“Fala-se muito do lugar de fala. Eu, além de lugar de fala, eu tenho a fala do lugar. A Amazônia é minha casa, meu lar, minha origem, meus antepassados e ancestrais. Ainda não há uma escuta da Amazônia e continuamos vivemos essa tentativa de continuar a colonizá-la”</p>
<p><!-- /wp:paragraph --></p>
<p><!-- wp:embed {"url":"https://www.youtube.com/watch?v=l0VzAeRC9rUu0026feature=emb_rel_end","type":"video","providerNameSlug":"youtube","responsive":true,"className":"wp-embed-aspect-4-3 wp-has-aspect-ratio"} --></p>
<figure class="wp-block-embed is-type-video is-provider-youtube wp-block-embed-youtube wp-embed-aspect-4-3 wp-has-aspect-ratio">
<div class="wp-block-embed__wrapper">
https://www.youtube.com/watch?v=l0VzAeRC9rU&#038;feature=emb_rel_end
</div>
</figure>
<p><!-- /wp:embed --></p>
