{"id":15087,"date":"2022-05-14T22:52:10","date_gmt":"2022-05-15T01:52:10","guid":{"rendered":"https:\/\/concertacaoamazonia.com.br\/?post_type=linha-das-artes&amp;p=15087"},"modified":"2022-05-14T22:52:10","modified_gmt":"2022-05-15T01:52:10","slug":"julie-dorrico","status":"publish","type":"linha-das-artes","link":"https:\/\/concertacaoamazonia.com.br\/cultura\/linha-das-artes\/julie-dorrico\/","title":{"rendered":"JULIE DORRICO"},"content":{"rendered":"\n<p>Doutoranda em Letras na PUCRS. Autora de \u201cEu sou macuxi e outras hist\u00f3rias\u201d (publicado pela Editora Caos e Letras, em 2019). Administra a p\u00e1gina @leiamulheresindigenas e o canal do YouTube \u201cLiteratura Ind\u00edgena Contempor\u00e2nea\u201d. Se empenha em difundir a literatura de autoria ind\u00edgena no Brasil, como pesquisadora e curadora. \u201cPor meio da literatura indigena, a partir da pr\u00f3pria enuncian\u00e7\u00e3o de alguns nomes, vamos conhecendo alguns povos e as outras l\u00ednguas ind\u00edgenas. A literatura tamb\u00e9m ajuda a conhecer os territ\u00f3rios\u201d<br><\/p>\n","protected":false},"excerpt":{"rendered":"<p><!-- wp:paragraph --><\/p>\n<p>Doutoranda em Letras na PUCRS. Autora de \u201cEu sou macuxi e outras hist\u00f3rias\u201d (publicado pela Editora Caos e Letras, em 2019). Administra a p\u00e1gina @leiamulheresindigenas e o canal do YouTube \u201cLiteratura Ind\u00edgena Contempor\u00e2nea\u201d. Se empenha em difundir a literatura de autoria ind\u00edgena no Brasil, como pesquisadora e curadora. \u201cPor meio da literatura indigena, a partir da pr\u00f3pria enuncian\u00e7\u00e3o de alguns nomes, vamos conhecendo alguns povos e as outras l\u00ednguas ind\u00edgenas. A literatura tamb\u00e9m ajuda a conhecer os territ\u00f3rios\u201d<\/p>\n<p><!-- \/wp:paragraph --><\/p>\n","protected":false},"featured_media":6824,"template":"","paises":[59],"estados":[],"cidades":[],"ano":[60],"eixos":[],"class_list":["post-15087","linha-das-artes","type-linha-das-artes","status-publish","has-post-thumbnail","hentry"],"_links":{"self":[{"href":"https:\/\/concertacaoamazonia.com.br\/cultura\/wp-json\/wp\/v2\/linha-das-artes\/15087","targetHints":{"allow":["GET"]}}],"collection":[{"href":"https:\/\/concertacaoamazonia.com.br\/cultura\/wp-json\/wp\/v2\/linha-das-artes"}],"about":[{"href":"https:\/\/concertacaoamazonia.com.br\/cultura\/wp-json\/wp\/v2\/types\/linha-das-artes"}],"wp:featuredmedia":[{"embeddable":true,"href":"https:\/\/concertacaoamazonia.com.br\/cultura\/wp-json\/wp\/v2\/media\/6824"}],"wp:attachment":[{"href":"https:\/\/concertacaoamazonia.com.br\/cultura\/wp-json\/wp\/v2\/media?parent=15087"}],"wp:term":[{"taxonomy":"paises","embeddable":true,"href":"https:\/\/concertacaoamazonia.com.br\/cultura\/wp-json\/wp\/v2\/paises?post=15087"},{"taxonomy":"estados","embeddable":true,"href":"https:\/\/concertacaoamazonia.com.br\/cultura\/wp-json\/wp\/v2\/estados?post=15087"},{"taxonomy":"cidades","embeddable":true,"href":"https:\/\/concertacaoamazonia.com.br\/cultura\/wp-json\/wp\/v2\/cidades?post=15087"},{"taxonomy":"ano","embeddable":true,"href":"https:\/\/concertacaoamazonia.com.br\/cultura\/wp-json\/wp\/v2\/ano?post=15087"},{"taxonomy":"eixos","embeddable":true,"href":"https:\/\/concertacaoamazonia.com.br\/cultura\/wp-json\/wp\/v2\/eixos?post=15087"}],"curies":[{"name":"wp","href":"https:\/\/api.w.org\/{rel}","templated":true}]}}

<p>Doutoranda em Letras na PUCRS. Autora de “Eu sou macuxi e outras histórias” (publicado pela Editora Caos e Letras, em 2019). Administra a página @leiamulheresindigenas e o canal do YouTube “Literatura Indígena Contemporânea”. Se empenha em difundir a literatura de autoria indígena no Brasil, como pesquisadora e curadora. “Por meio da literatura indigena, a partir da própria enuncianção de alguns nomes, vamos conhecendo alguns povos e as outras línguas indígenas. A literatura também ajuda a conhecer os territórios”<br></p>

<p><!-- wp:paragraph --></p>
<p>Doutoranda em Letras na PUCRS. Autora de “Eu sou macuxi e outras histórias” (publicado pela Editora Caos e Letras, em 2019). Administra a página @leiamulheresindigenas e o canal do YouTube “Literatura Indígena Contemporânea”. Se empenha em difundir a literatura de autoria indígena no Brasil, como pesquisadora e curadora. “Por meio da literatura indigena, a partir da própria enuncianção de alguns nomes, vamos conhecendo alguns povos e as outras línguas indígenas. A literatura também ajuda a conhecer os territórios”</p>
<p><!-- /wp:paragraph --></p>
