{"id":15085,"date":"2022-05-14T22:48:35","date_gmt":"2022-05-15T01:48:35","guid":{"rendered":"https:\/\/concertacaoamazonia.com.br\/?post_type=linha-das-artes&amp;p=15085"},"modified":"2022-05-14T22:48:35","modified_gmt":"2022-05-15T01:48:35","slug":"gustavo-caboco","status":"publish","type":"linha-das-artes","link":"https:\/\/concertacaoamazonia.com.br\/cultura\/linha-das-artes\/gustavo-caboco\/","title":{"rendered":"GUSTAVO CABOCO"},"content":{"rendered":"\n<p>Artista Wapichana nascido em Curitiba, cresceu ouvindo as hist\u00f3rias da m\u00e3e sobre a fam\u00edlia e a paisagem ancestral do lavrado roraimense. Em seu trabalho, reflete sobre os deslocamentos dos corpos ind\u00edgenas, hist\u00f3rias de seu povo e na (re)conex\u00e3o com territ\u00f3rios origin\u00e1rios por meio da arte. Ao participar do debate da Concerta\u00e7\u00e3o disse: \u201cQue a M\u00e3e Terra seja reconhecida e declarada como um sujeito de direitos, porque, para n\u00f3s, a mudan\u00e7a clim\u00e1tica nada mais \u00e9 que um grito de socorro da Terra\u201d.<br><br><br>\u201cEu posso ser o que voc\u00ea \u00e9 sem deixar de ser quem eu sou\u201d, frase criada no in\u00edcio da 1980 por um movimento estudantil ind\u00edgena. As proje\u00e7\u00f5es do Festival #Tuaartenarua, de Bel\u00e9m, evocam a sobreposi\u00e7\u00e3o de modos de vida que podem acontecer nos grupos sociais da Amaz\u00f4nia.<\/p>\n","protected":false},"excerpt":{"rendered":"<p><!-- wp:paragraph --><\/p>\n<p>Artista Wapichana nascido em Curitiba, cresceu ouvindo as hist\u00f3rias da m\u00e3e sobre a fam\u00edlia e a paisagem ancestral do lavrado roraimense. Em seu trabalho, reflete sobre os deslocamentos dos corpos ind\u00edgenas, hist\u00f3rias de seu povo e na (re)conex\u00e3o com territ\u00f3rios origin\u00e1rios por meio da arte. Ao participar do debate da Concerta\u00e7\u00e3o disse: \u201cQue a M\u00e3e Terra seja reconhecida e declarada como um sujeito de direitos, porque, para n\u00f3s, a mudan\u00e7a clim\u00e1tica nada mais \u00e9 que um grito de socorro da Terra\u201d.<\/p>\n<p>\u201cEu posso ser o que voc\u00ea \u00e9 sem deixar de ser quem eu sou\u201d, frase criada no in\u00edcio da 1980 por um movimento estudantil ind\u00edgena. As proje\u00e7\u00f5es do Festival #Tuaartenarua, de Bel\u00e9m, evocam a sobreposi\u00e7\u00e3o de modos de vida que podem acontecer nos grupos sociais da Amaz\u00f4nia.<\/p>\n<p><!-- \/wp:paragraph --><\/p>\n","protected":false},"featured_media":4028,"template":"","paises":[59],"estados":[],"cidades":[],"ano":[60],"eixos":[],"class_list":["post-15085","linha-das-artes","type-linha-das-artes","status-publish","has-post-thumbnail","hentry"],"_links":{"self":[{"href":"https:\/\/concertacaoamazonia.com.br\/cultura\/wp-json\/wp\/v2\/linha-das-artes\/15085","targetHints":{"allow":["GET"]}}],"collection":[{"href":"https:\/\/concertacaoamazonia.com.br\/cultura\/wp-json\/wp\/v2\/linha-das-artes"}],"about":[{"href":"https:\/\/concertacaoamazonia.com.br\/cultura\/wp-json\/wp\/v2\/types\/linha-das-artes"}],"wp:featuredmedia":[{"embeddable":true,"href":"https:\/\/concertacaoamazonia.com.br\/cultura\/wp-json\/wp\/v2\/media\/4028"}],"wp:attachment":[{"href":"https:\/\/concertacaoamazonia.com.br\/cultura\/wp-json\/wp\/v2\/media?parent=15085"}],"wp:term":[{"taxonomy":"paises","embeddable":true,"href":"https:\/\/concertacaoamazonia.com.br\/cultura\/wp-json\/wp\/v2\/paises?post=15085"},{"taxonomy":"estados","embeddable":true,"href":"https:\/\/concertacaoamazonia.com.br\/cultura\/wp-json\/wp\/v2\/estados?post=15085"},{"taxonomy":"cidades","embeddable":true,"href":"https:\/\/concertacaoamazonia.com.br\/cultura\/wp-json\/wp\/v2\/cidades?post=15085"},{"taxonomy":"ano","embeddable":true,"href":"https:\/\/concertacaoamazonia.com.br\/cultura\/wp-json\/wp\/v2\/ano?post=15085"},{"taxonomy":"eixos","embeddable":true,"href":"https:\/\/concertacaoamazonia.com.br\/cultura\/wp-json\/wp\/v2\/eixos?post=15085"}],"curies":[{"name":"wp","href":"https:\/\/api.w.org\/{rel}","templated":true}]}}

<p>Artista Wapichana nascido em Curitiba, cresceu ouvindo as histórias da mãe sobre a família e a paisagem ancestral do lavrado roraimense. Em seu trabalho, reflete sobre os deslocamentos dos corpos indígenas, histórias de seu povo e na (re)conexão com territórios originários por meio da arte. Ao participar do debate da Concertação disse: “Que a Mãe Terra seja reconhecida e declarada como um sujeito de direitos, porque, para nós, a mudança climática nada mais é que um grito de socorro da Terra”.<br><br><br>“Eu posso ser o que você é sem deixar de ser quem eu sou”, frase criada no início da 1980 por um movimento estudantil indígena. As projeções do Festival #Tuaartenarua, de Belém, evocam a sobreposição de modos de vida que podem acontecer nos grupos sociais da Amazônia.</p>

<p><!-- wp:paragraph --></p>
<p>Artista Wapichana nascido em Curitiba, cresceu ouvindo as histórias da mãe sobre a família e a paisagem ancestral do lavrado roraimense. Em seu trabalho, reflete sobre os deslocamentos dos corpos indígenas, histórias de seu povo e na (re)conexão com territórios originários por meio da arte. Ao participar do debate da Concertação disse: “Que a Mãe Terra seja reconhecida e declarada como um sujeito de direitos, porque, para nós, a mudança climática nada mais é que um grito de socorro da Terra”.</p>
<p>“Eu posso ser o que você é sem deixar de ser quem eu sou”, frase criada no início da 1980 por um movimento estudantil indígena. As projeções do Festival #Tuaartenarua, de Belém, evocam a sobreposição de modos de vida que podem acontecer nos grupos sociais da Amazônia.</p>
<p><!-- /wp:paragraph --></p>
