{"id":15082,"date":"2022-05-14T22:45:21","date_gmt":"2022-05-15T01:45:21","guid":{"rendered":"https:\/\/concertacaoamazonia.com.br\/?post_type=linha-das-artes&amp;p=15082"},"modified":"2022-05-14T22:45:21","modified_gmt":"2022-05-15T01:45:21","slug":"rakel-caminha-2","status":"publish","type":"linha-das-artes","link":"https:\/\/concertacaoamazonia.com.br\/cultura\/linha-das-artes\/rakel-caminha-2\/","title":{"rendered":"RAKEL CAMINHA"},"content":{"rendered":"\n<p>Rakel Caminha \u00e9 uma artista manauara e suas cria\u00e7\u00f5es falam sobre quest\u00f5es sociais, ecol\u00f3gicas e pertinentes ao universo feminino e \u00e9 dela a arte da capa do single Hutukara, da banda amazonense Marambaya, que abriu a plen\u00e1ria na qual participou. Hutukara significa \u201ca parte do c\u00e9u da qual nasceu a terra\u201d e exprime uma parte da cosmovis\u00e3o dos povos da floresta. \u201cHutukara \u00e9 como se fosse um corpo onde todo mundo vive, n\u00e3o existe o \u2018fora\u2019 \u2013 tudo \u00e9 troca, e precisamos trocar com a natureza. Da mesma forma, a Amaz\u00f4nia \u00e9 reflexo do que s\u00e3o as pessoas que vivem nela, as v\u00e1rias culturas interligadas, ao mesmo tempo que ela \u00e9 global\u201d, explica a artista.<\/p>\n","protected":false},"excerpt":{"rendered":"<p><!-- wp:paragraph --><\/p>\n<p>Rakel Caminha \u00e9 uma artista manauara e suas cria\u00e7\u00f5es falam sobre quest\u00f5es sociais, ecol\u00f3gicas e pertinentes ao universo feminino e \u00e9 dela a arte da capa do single Hutukara, da banda amazonense Marambaya, que abriu a plen\u00e1ria na qual participou. Hutukara significa \u201ca parte do c\u00e9u da qual nasceu a terra\u201d e exprime uma parte da cosmovis\u00e3o dos povos da floresta. \u201cHutukara \u00e9 como se fosse um corpo onde todo mundo vive, n\u00e3o existe o \u2018fora\u2019 \u2013 tudo \u00e9 troca, e precisamos trocar com a natureza. Da mesma forma, a Amaz\u00f4nia \u00e9 reflexo do que s\u00e3o as pessoas que vivem nela, as v\u00e1rias culturas interligadas, ao mesmo tempo que ela \u00e9 global\u201d, explica a artista.<\/p>\n<p><!-- \/wp:paragraph --><\/p>\n","protected":false},"featured_media":4026,"template":"","paises":[59],"estados":[],"cidades":[],"ano":[60],"eixos":[],"class_list":["post-15082","linha-das-artes","type-linha-das-artes","status-publish","has-post-thumbnail","hentry"],"_links":{"self":[{"href":"https:\/\/concertacaoamazonia.com.br\/cultura\/wp-json\/wp\/v2\/linha-das-artes\/15082","targetHints":{"allow":["GET"]}}],"collection":[{"href":"https:\/\/concertacaoamazonia.com.br\/cultura\/wp-json\/wp\/v2\/linha-das-artes"}],"about":[{"href":"https:\/\/concertacaoamazonia.com.br\/cultura\/wp-json\/wp\/v2\/types\/linha-das-artes"}],"wp:featuredmedia":[{"embeddable":true,"href":"https:\/\/concertacaoamazonia.com.br\/cultura\/wp-json\/wp\/v2\/media\/4026"}],"wp:attachment":[{"href":"https:\/\/concertacaoamazonia.com.br\/cultura\/wp-json\/wp\/v2\/media?parent=15082"}],"wp:term":[{"taxonomy":"paises","embeddable":true,"href":"https:\/\/concertacaoamazonia.com.br\/cultura\/wp-json\/wp\/v2\/paises?post=15082"},{"taxonomy":"estados","embeddable":true,"href":"https:\/\/concertacaoamazonia.com.br\/cultura\/wp-json\/wp\/v2\/estados?post=15082"},{"taxonomy":"cidades","embeddable":true,"href":"https:\/\/concertacaoamazonia.com.br\/cultura\/wp-json\/wp\/v2\/cidades?post=15082"},{"taxonomy":"ano","embeddable":true,"href":"https:\/\/concertacaoamazonia.com.br\/cultura\/wp-json\/wp\/v2\/ano?post=15082"},{"taxonomy":"eixos","embeddable":true,"href":"https:\/\/concertacaoamazonia.com.br\/cultura\/wp-json\/wp\/v2\/eixos?post=15082"}],"curies":[{"name":"wp","href":"https:\/\/api.w.org\/{rel}","templated":true}]}}

<p>Rakel Caminha é uma artista manauara e suas criações falam sobre questões sociais, ecológicas e pertinentes ao universo feminino e é dela a arte da capa do single Hutukara, da banda amazonense Marambaya, que abriu a plenária na qual participou. Hutukara significa “a parte do céu da qual nasceu a terra” e exprime uma parte da cosmovisão dos povos da floresta. “Hutukara é como se fosse um corpo onde todo mundo vive, não existe o ‘fora’ – tudo é troca, e precisamos trocar com a natureza. Da mesma forma, a Amazônia é reflexo do que são as pessoas que vivem nela, as várias culturas interligadas, ao mesmo tempo que ela é global”, explica a artista.</p>

<p><!-- wp:paragraph --></p>
<p>Rakel Caminha é uma artista manauara e suas criações falam sobre questões sociais, ecológicas e pertinentes ao universo feminino e é dela a arte da capa do single Hutukara, da banda amazonense Marambaya, que abriu a plenária na qual participou. Hutukara significa “a parte do céu da qual nasceu a terra” e exprime uma parte da cosmovisão dos povos da floresta. “Hutukara é como se fosse um corpo onde todo mundo vive, não existe o ‘fora’ – tudo é troca, e precisamos trocar com a natureza. Da mesma forma, a Amazônia é reflexo do que são as pessoas que vivem nela, as várias culturas interligadas, ao mesmo tempo que ela é global”, explica a artista.</p>
<p><!-- /wp:paragraph --></p>
