{"id":15077,"date":"2022-05-14T22:37:20","date_gmt":"2022-05-15T01:37:20","guid":{"rendered":"https:\/\/concertacaoamazonia.com.br\/linha-das-artes\/marcela-bonfim-e-a-amazonia-negra-copy\/"},"modified":"2022-05-14T22:37:20","modified_gmt":"2022-05-15T01:37:20","slug":"marcela-bonfim-e-a-amazonia-negra-copy","status":"publish","type":"linha-das-artes","link":"https:\/\/concertacaoamazonia.com.br\/cultura\/linha-das-artes\/marcela-bonfim-e-a-amazonia-negra-copy\/","title":{"rendered":"MARCELA BONFIM E A AMAZ\u00d4NIA NEGRA"},"content":{"rendered":"\n<p>Marcela atua como fot\u00f3grafa e artista visual em Porto Velho, Rond\u00f4nia. Mulher negra, dedica-se ao projeto (Re)conhecendo a Amaz\u00f4nia Negra: povos, costumes e influ\u00eancias negras na floresta, no campo da antropologia visual, que versa sobre a constitui\u00e7\u00e3o e mem\u00f3ria da popula\u00e7\u00e3o negra brasileira na regi\u00e3o amaz\u00f4nica. Explica que, antes de chegar a Rond\u00f4nia, em 2010, seu imagin\u00e1rio sobre a Amaz\u00f4nia se restringia \u00e0 \u201cnatureza selvagem, ao \u00edndio, ao nada\u201d. No entanto, segundo ela, foi na Amaz\u00f4nia que iniciou um processo de tomada de consci\u00eancia sobre a pr\u00f3pria identidade.<\/p>\n","protected":false},"excerpt":{"rendered":"<p><!-- wp:paragraph --><\/p>\n<p>Marcela atua como fot\u00f3grafa e artista visual em Porto Velho, Rond\u00f4nia. Mulher negra, dedica-se ao projeto (Re)conhecendo a Amaz\u00f4nia Negra: povos, costumes e influ\u00eancias negras na floresta, no campo da antropologia visual, que versa sobre a constitui\u00e7\u00e3o e mem\u00f3ria da popula\u00e7\u00e3o negra brasileira na regi\u00e3o amaz\u00f4nica. Explica que, antes de chegar a Rond\u00f4nia, em 2010, seu imagin\u00e1rio sobre a Amaz\u00f4nia se restringia \u00e0 \u201cnatureza selvagem, ao \u00edndio, ao nada\u201d. No entanto, segundo ela, foi na Amaz\u00f4nia que iniciou um processo de tomada de consci\u00eancia sobre a pr\u00f3pria identidade.<\/p>\n<p><!-- \/wp:paragraph --><\/p>\n","protected":false},"featured_media":4530,"template":"","paises":[59],"estados":[],"cidades":[],"ano":[60],"eixos":[],"class_list":["post-15077","linha-das-artes","type-linha-das-artes","status-publish","has-post-thumbnail","hentry"],"_links":{"self":[{"href":"https:\/\/concertacaoamazonia.com.br\/cultura\/wp-json\/wp\/v2\/linha-das-artes\/15077","targetHints":{"allow":["GET"]}}],"collection":[{"href":"https:\/\/concertacaoamazonia.com.br\/cultura\/wp-json\/wp\/v2\/linha-das-artes"}],"about":[{"href":"https:\/\/concertacaoamazonia.com.br\/cultura\/wp-json\/wp\/v2\/types\/linha-das-artes"}],"wp:featuredmedia":[{"embeddable":true,"href":"https:\/\/concertacaoamazonia.com.br\/cultura\/wp-json\/wp\/v2\/media\/4530"}],"wp:attachment":[{"href":"https:\/\/concertacaoamazonia.com.br\/cultura\/wp-json\/wp\/v2\/media?parent=15077"}],"wp:term":[{"taxonomy":"paises","embeddable":true,"href":"https:\/\/concertacaoamazonia.com.br\/cultura\/wp-json\/wp\/v2\/paises?post=15077"},{"taxonomy":"estados","embeddable":true,"href":"https:\/\/concertacaoamazonia.com.br\/cultura\/wp-json\/wp\/v2\/estados?post=15077"},{"taxonomy":"cidades","embeddable":true,"href":"https:\/\/concertacaoamazonia.com.br\/cultura\/wp-json\/wp\/v2\/cidades?post=15077"},{"taxonomy":"ano","embeddable":true,"href":"https:\/\/concertacaoamazonia.com.br\/cultura\/wp-json\/wp\/v2\/ano?post=15077"},{"taxonomy":"eixos","embeddable":true,"href":"https:\/\/concertacaoamazonia.com.br\/cultura\/wp-json\/wp\/v2\/eixos?post=15077"}],"curies":[{"name":"wp","href":"https:\/\/api.w.org\/{rel}","templated":true}]}}

MARCELA BONFIM E A AMAZÔNIA NEGRA

<p>Marcela atua como fotógrafa e artista visual em Porto Velho, Rondônia. Mulher negra, dedica-se ao projeto (Re)conhecendo a Amazônia Negra: povos, costumes e influências negras na floresta, no campo da antropologia visual, que versa sobre a constituição e memória da população negra brasileira na região amazônica. Explica que, antes de chegar a Rondônia, em 2010, seu imaginário sobre a Amazônia se restringia à “natureza selvagem, ao índio, ao nada”. No entanto, segundo ela, foi na Amazônia que iniciou um processo de tomada de consciência sobre a própria identidade.</p>

<p><!-- wp:paragraph --></p>
<p>Marcela atua como fotógrafa e artista visual em Porto Velho, Rondônia. Mulher negra, dedica-se ao projeto (Re)conhecendo a Amazônia Negra: povos, costumes e influências negras na floresta, no campo da antropologia visual, que versa sobre a constituição e memória da população negra brasileira na região amazônica. Explica que, antes de chegar a Rondônia, em 2010, seu imaginário sobre a Amazônia se restringia à “natureza selvagem, ao índio, ao nada”. No entanto, segundo ela, foi na Amazônia que iniciou um processo de tomada de consciência sobre a própria identidade.</p>
<p><!-- /wp:paragraph --></p>
